{"id":703172,"date":"2025-08-27T15:22:50","date_gmt":"2025-08-27T12:22:50","guid":{"rendered":"https:\/\/roveyayinevi.com.tr\/index.php\/urun\/beyaz-perdede-ve-sahnede-nazim-hikmet\/"},"modified":"2026-04-16T02:12:31","modified_gmt":"2026-04-15T23:12:31","slug":"beyaz-perdede-ve-sahnede-nazim-hikmet","status":"publish","type":"product","link":"https:\/\/roveyayinevi.com.tr\/index.php\/urun\/beyaz-perdede-ve-sahnede-nazim-hikmet\/","title":{"rendered":"Beyaz Perdede ve Sahnede Naz\u0131m Hikmet"},"content":{"rendered":"<p>Naz\u0131m Hikmet\u2019in 100. Do\u011fum Y\u0131l\u0131 Kutlamalar\u0131 onun ya\u015fam\u0131 \u00fczerine kapsaml\u0131 bir \u00f6\u011frenme, sanat\u0131n\u0131 daha yak\u0131n plandan inceleme s\u00fcrecini ba\u015flatt\u0131. Bu s\u00fcre\u00e7te Naz\u0131m Hikmet\u2019in \u015fiir ya da oyunlar\u0131na g\u00f6re daha az bilinen, \u00e7ok az tan\u0131nan sinema ile ili\u015fkileri de \u00e7al\u0131\u015fma konusu oldu. Bu kitap, Naz\u0131m\u2019\u0131n senaryodan film yap\u0131m\u0131na, senaryolar\u0131ndan yap\u0131lan canland\u0131rma ya da uzun metraj filmlere, onun \u00fczerine ger\u00e7ekle\u015fen filmlere dek yap\u0131lanlar\u0131 ortaya \u00e7\u0131karmak i\u00e7in o g\u00fcnlerde kaleme al\u0131nm\u0131\u015ft\u0131\u2026 <\/p>\n","protected":false},"excerpt":{"rendered":"<p>Naz\u0131m Hikmet\u2019in 100. Do\u011fum Y\u0131l\u0131 Kutlamalar\u0131 onun ya\u015fam\u0131 \u00fczerine kapsaml\u0131 bir \u00f6\u011frenme, sanat\u0131n\u0131 daha yak\u0131n plandan inceleme s\u00fcrecini ba\u015flatt\u0131. Bu s\u00fcre\u00e7te Naz\u0131m Hikmet\u2019in \u015fiir ya da<span class=\"excerpt-hellip\"> [\u2026]<\/span><\/p>\n","protected":false},"featured_media":0,"template":"","meta":{"_monsterinsights_skip_tracking":false,"_monsterinsights_sitenote_active":false,"_monsterinsights_sitenote_note":"","_monsterinsights_sitenote_category":0},"product_brand":[],"product_cat":[12408],"product_tag":[],"class_list":{"0":"post-703172","1":"product","2":"type-product","3":"status-publish","5":"product_cat-sanat","6":"pa_tur-kitap","7":"pa_yayinevi-kalkedon-yayincilik","8":"pa_yazar-oguz-makal","10":"first","11":"instock","12":"sale","13":"shipping-taxable","14":"purchasable","15":"product-type-simple"},"_links":{"self":[{"href":"https:\/\/roveyayinevi.com.tr\/index.php\/wp-json\/wp\/v2\/product\/703172","targetHints":{"allow":["GET"]}}],"collection":[{"href":"https:\/\/roveyayinevi.com.tr\/index.php\/wp-json\/wp\/v2\/product"}],"about":[{"href":"https:\/\/roveyayinevi.com.tr\/index.php\/wp-json\/wp\/v2\/types\/product"}],"wp:attachment":[{"href":"https:\/\/roveyayinevi.com.tr\/index.php\/wp-json\/wp\/v2\/media?parent=703172"}],"wp:term":[{"taxonomy":"product_brand","embeddable":true,"href":"https:\/\/roveyayinevi.com.tr\/index.php\/wp-json\/wp\/v2\/product_brand?post=703172"},{"taxonomy":"product_cat","embeddable":true,"href":"https:\/\/roveyayinevi.com.tr\/index.php\/wp-json\/wp\/v2\/product_cat?post=703172"},{"taxonomy":"product_tag","embeddable":true,"href":"https:\/\/roveyayinevi.com.tr\/index.php\/wp-json\/wp\/v2\/product_tag?post=703172"}],"curies":[{"name":"wp","href":"https:\/\/api.w.org\/{rel}","templated":true}]}}