{"id":703171,"date":"2025-08-27T15:22:50","date_gmt":"2025-08-27T12:22:50","guid":{"rendered":"https:\/\/roveyayinevi.com.tr\/index.php\/urun\/tembeller-krali-badi\/"},"modified":"2026-04-16T02:12:31","modified_gmt":"2026-04-15T23:12:31","slug":"tembeller-krali-badi","status":"publish","type":"product","link":"https:\/\/roveyayinevi.com.tr\/index.php\/urun\/tembeller-krali-badi\/","title":{"rendered":"Tembeller Kral\u0131 Badi"},"content":{"rendered":"<p>Tembeller Kral\u0131 Badi, k\u00fc\u00e7\u00fck bir ahtapottu. Tam sekiz kolu olsa da sabah kalkt\u0131\u011f\u0131nda yata\u011f\u0131n\u0131 toplamaz, annesiyle babas\u0131na hi\u00e7 yard\u0131m etmez, okula giderken \u00e7antas\u0131na kitaplar\u0131n\u0131 koymaya bile \u00fc\u015fenirdi. Tembelli\u011fi nedeniyle b\u00fcy\u00fcy\u00fcnce hayata haz\u0131r olmayaca\u011f\u0131n\u0131 d\u00fc\u015f\u00fcnen ailesi, o\u011fullar\u0131 i\u00e7in \u00e7ok endi\u015feleniyordu. B\u00f6ylece tembelli\u011fin nas\u0131l sonu\u00e7lar do\u011furabilece\u011fini anlas\u0131n diye annesi, babas\u0131 ve b\u00fcy\u00fckannesi, Badi\u2019ye bir oyun oynamaya karar verdiler! \ufffc<\/p>\n","protected":false},"excerpt":{"rendered":"<p>Tembeller Kral\u0131 Badi, k\u00fc\u00e7\u00fck bir ahtapottu. Tam sekiz kolu olsa da sabah kalkt\u0131\u011f\u0131nda yata\u011f\u0131n\u0131 toplamaz, annesiyle babas\u0131na hi\u00e7 yard\u0131m etmez, okula giderken \u00e7antas\u0131na kitaplar\u0131n\u0131 koymaya bile<span class=\"excerpt-hellip\"> [\u2026]<\/span><\/p>\n","protected":false},"featured_media":0,"template":"","meta":{"_monsterinsights_skip_tracking":false,"_monsterinsights_sitenote_active":false,"_monsterinsights_sitenote_note":"","_monsterinsights_sitenote_category":0},"product_brand":[],"product_cat":[12275,12274],"product_tag":[],"class_list":{"0":"post-703171","1":"product","2":"type-product","3":"status-publish","5":"product_cat-6-12-yas-kitaplari","6":"product_cat-cocuk-ve-genclik-kitaplari","7":"pa_cilt-ciltsiz","8":"pa_tur-kitap","9":"pa_yayinevi-kirmizi-kedi-yayinevi","10":"pa_yazar-burcu-bahar","12":"first","13":"instock","14":"sale","15":"shipping-taxable","16":"purchasable","17":"product-type-simple"},"_links":{"self":[{"href":"https:\/\/roveyayinevi.com.tr\/index.php\/wp-json\/wp\/v2\/product\/703171","targetHints":{"allow":["GET"]}}],"collection":[{"href":"https:\/\/roveyayinevi.com.tr\/index.php\/wp-json\/wp\/v2\/product"}],"about":[{"href":"https:\/\/roveyayinevi.com.tr\/index.php\/wp-json\/wp\/v2\/types\/product"}],"wp:attachment":[{"href":"https:\/\/roveyayinevi.com.tr\/index.php\/wp-json\/wp\/v2\/media?parent=703171"}],"wp:term":[{"taxonomy":"product_brand","embeddable":true,"href":"https:\/\/roveyayinevi.com.tr\/index.php\/wp-json\/wp\/v2\/product_brand?post=703171"},{"taxonomy":"product_cat","embeddable":true,"href":"https:\/\/roveyayinevi.com.tr\/index.php\/wp-json\/wp\/v2\/product_cat?post=703171"},{"taxonomy":"product_tag","embeddable":true,"href":"https:\/\/roveyayinevi.com.tr\/index.php\/wp-json\/wp\/v2\/product_tag?post=703171"}],"curies":[{"name":"wp","href":"https:\/\/api.w.org\/{rel}","templated":true}]}}