{"id":703162,"date":"2025-08-27T15:22:46","date_gmt":"2025-08-27T12:22:46","guid":{"rendered":"https:\/\/roveyayinevi.com.tr\/index.php\/urun\/bize-iki-cay-soyle\/"},"modified":"2026-04-16T02:12:31","modified_gmt":"2026-04-15T23:12:31","slug":"bize-iki-cay-soyle","status":"publish","type":"product","link":"https:\/\/roveyayinevi.com.tr\/index.php\/urun\/bize-iki-cay-soyle\/","title":{"rendered":"Bize \u0130ki \u00c7ay S\u00f6yle"},"content":{"rendered":"<p>En \u00e7ok kim seviyor seni?&#8230; En son ne zaman kendi hatr\u0131n\u0131 sordun?&#8230; Ka\u00e7 defa d\u00fc\u015ft\u00fcn, ka\u00e7 defa aya\u011fa kalkt\u0131n?&#8230; En son kime, \u201cSenin kredin sonsuz bende\u201d dedin de sonra dostlu\u011funu takside ba\u011flad\u0131n? <\/p>\n","protected":false},"excerpt":{"rendered":"<p>En \u00e7ok kim seviyor seni?&#8230; En son ne zaman kendi hatr\u0131n\u0131 sordun?&#8230; Ka\u00e7 defa d\u00fc\u015ft\u00fcn, ka\u00e7 defa aya\u011fa kalkt\u0131n?&#8230; En son kime, \u201cSenin kredin sonsuz bende\u201d<span class=\"excerpt-hellip\"> [\u2026]<\/span><\/p>\n","protected":false},"featured_media":0,"template":"","meta":{"_monsterinsights_skip_tracking":false,"_monsterinsights_sitenote_active":false,"_monsterinsights_sitenote_note":"","_monsterinsights_sitenote_category":0},"product_brand":[],"product_cat":[12291,12292],"product_tag":[],"class_list":{"0":"post-703162","1":"product","2":"type-product","3":"status-publish","5":"product_cat-edebiyat","6":"product_cat-turk-edebiyati","7":"pa_cilt-ciltsiz","8":"pa_tur-kitap","9":"pa_yayinevi-iletisim-yayinlari","10":"pa_yazar-elif-key","12":"first","13":"instock","14":"sale","15":"shipping-taxable","16":"purchasable","17":"product-type-simple"},"_links":{"self":[{"href":"https:\/\/roveyayinevi.com.tr\/index.php\/wp-json\/wp\/v2\/product\/703162","targetHints":{"allow":["GET"]}}],"collection":[{"href":"https:\/\/roveyayinevi.com.tr\/index.php\/wp-json\/wp\/v2\/product"}],"about":[{"href":"https:\/\/roveyayinevi.com.tr\/index.php\/wp-json\/wp\/v2\/types\/product"}],"wp:attachment":[{"href":"https:\/\/roveyayinevi.com.tr\/index.php\/wp-json\/wp\/v2\/media?parent=703162"}],"wp:term":[{"taxonomy":"product_brand","embeddable":true,"href":"https:\/\/roveyayinevi.com.tr\/index.php\/wp-json\/wp\/v2\/product_brand?post=703162"},{"taxonomy":"product_cat","embeddable":true,"href":"https:\/\/roveyayinevi.com.tr\/index.php\/wp-json\/wp\/v2\/product_cat?post=703162"},{"taxonomy":"product_tag","embeddable":true,"href":"https:\/\/roveyayinevi.com.tr\/index.php\/wp-json\/wp\/v2\/product_tag?post=703162"}],"curies":[{"name":"wp","href":"https:\/\/api.w.org\/{rel}","templated":true}]}}