{"id":703159,"date":"2025-08-27T15:22:45","date_gmt":"2025-08-27T12:22:45","guid":{"rendered":"https:\/\/roveyayinevi.com.tr\/index.php\/urun\/ilkgenclik-cagina-oykuler-3-cilt\/"},"modified":"2026-04-16T02:12:31","modified_gmt":"2026-04-15T23:12:31","slug":"ilkgenclik-cagina-oykuler-3-cilt","status":"publish","type":"product","link":"https:\/\/roveyayinevi.com.tr\/index.php\/urun\/ilkgenclik-cagina-oykuler-3-cilt\/","title":{"rendered":"\u0130lkgen\u00e7lik \u00c7a\u011f\u0131na \u00d6yk\u00fcler 3. Cilt"},"content":{"rendered":"<p>\u0130lkgen\u00e7lik \u00c7a\u011f\u0131na \u00d6yk\u00fcler&#8217;in \u00fc\u00e7\u00fcnc\u00fc cildi, 1941-1960 aras\u0131 do\u011fumlu yazarlar\u0131m\u0131z\u0131n eserlerinden derlendi. Se\u00e7im yaparken, hayli zorland\u0131k; ayn\u0131 yazar\u0131n birbirinden g\u00fczel ve etkileyici ba\u015fka \u00f6yk\u00fcleri \u00e7\u0131kt\u0131 kar\u015f\u0131m\u0131za. Okudu\u011fumuz, bildi\u011fimiz, tan\u0131d\u0131\u011f\u0131m\u0131z kimi yazarlar\u0131n toplu birikimleriyle kar\u015f\u0131la\u015fmak, bizim a\u00e7\u0131m\u0131zdan b\u00fcy\u00fck bir zenginlik oldu. \u00d6yk\u00fcc\u00fc kimli\u011fi \u00f6ne \u00e7\u0131kmasa da, edebiyat\u0131m\u0131za emekleri \u00e7ok ge\u00e7mi\u015f yazarlar\u0131, derlememiz d\u0131\u015f\u0131nda b\u0131rakmamaya \u00f6zen g\u00f6sterdik. Birtak\u0131m \u00f6l\u00e7\u00fctlerimize ra\u011fmen, her se\u00e7ki eninde sonunda \u00f6znel kal\u0131yor. Biz de kendi be\u011fenilerimizle yola \u00e7\u0131kt\u0131k, se\u00e7kiyi \u00f6yle b\u00fct\u00fcnledik. \ufffcTan\u0131t\u0131m Metni<\/p>\n","protected":false},"excerpt":{"rendered":"<p>\u0130lkgen\u00e7lik \u00c7a\u011f\u0131na \u00d6yk\u00fcler&#8217;in \u00fc\u00e7\u00fcnc\u00fc cildi, 1941-1960 aras\u0131 do\u011fumlu yazarlar\u0131m\u0131z\u0131n eserlerinden derlendi. Se\u00e7im yaparken, hayli zorland\u0131k; ayn\u0131 yazar\u0131n birbirinden g\u00fczel ve etkileyici ba\u015fka \u00f6yk\u00fcleri \u00e7\u0131kt\u0131 kar\u015f\u0131m\u0131za. Okudu\u011fumuz,<span class=\"excerpt-hellip\"> [\u2026]<\/span><\/p>\n","protected":false},"featured_media":0,"template":"","meta":{"_monsterinsights_skip_tracking":false,"_monsterinsights_sitenote_active":false,"_monsterinsights_sitenote_note":"","_monsterinsights_sitenote_category":0},"product_brand":[],"product_cat":[12275,12274],"product_tag":[],"class_list":{"0":"post-703159","1":"product","2":"type-product","3":"status-publish","5":"product_cat-6-12-yas-kitaplari","6":"product_cat-cocuk-ve-genclik-kitaplari","7":"pa_cilt-ciltsiz","8":"pa_tur-kitap","9":"pa_yayinevi-everest-yayinlari","10":"pa_yazar-ayse-sarisayin","12":"first","13":"instock","14":"sale","15":"shipping-taxable","16":"purchasable","17":"product-type-simple"},"_links":{"self":[{"href":"https:\/\/roveyayinevi.com.tr\/index.php\/wp-json\/wp\/v2\/product\/703159","targetHints":{"allow":["GET"]}}],"collection":[{"href":"https:\/\/roveyayinevi.com.tr\/index.php\/wp-json\/wp\/v2\/product"}],"about":[{"href":"https:\/\/roveyayinevi.com.tr\/index.php\/wp-json\/wp\/v2\/types\/product"}],"wp:attachment":[{"href":"https:\/\/roveyayinevi.com.tr\/index.php\/wp-json\/wp\/v2\/media?parent=703159"}],"wp:term":[{"taxonomy":"product_brand","embeddable":true,"href":"https:\/\/roveyayinevi.com.tr\/index.php\/wp-json\/wp\/v2\/product_brand?post=703159"},{"taxonomy":"product_cat","embeddable":true,"href":"https:\/\/roveyayinevi.com.tr\/index.php\/wp-json\/wp\/v2\/product_cat?post=703159"},{"taxonomy":"product_tag","embeddable":true,"href":"https:\/\/roveyayinevi.com.tr\/index.php\/wp-json\/wp\/v2\/product_tag?post=703159"}],"curies":[{"name":"wp","href":"https:\/\/api.w.org\/{rel}","templated":true}]}}