{"id":703148,"date":"2025-08-27T15:22:41","date_gmt":"2025-08-27T12:22:41","guid":{"rendered":"https:\/\/roveyayinevi.com.tr\/index.php\/urun\/nehrin-iki-yakasi\/"},"modified":"2026-04-16T02:12:30","modified_gmt":"2026-04-15T23:12:30","slug":"nehrin-iki-yakasi","status":"publish","type":"product","link":"https:\/\/roveyayinevi.com.tr\/index.php\/urun\/nehrin-iki-yakasi\/","title":{"rendered":"Nehrin \u0130ki Yakas\u0131"},"content":{"rendered":"<p>Fantastik edebiyat literat\u00fcr\u00fcnde e\u015fine az rastlanacak bir roman \u201cNehrin \u0130ki Yakas\u0131\u201d. G\u00fcnd\u00fcz \u00d6\u011f\u00fct\u2019\u00fcn yaratt\u0131\u011f\u0131 karakter ve mekanlar Remzi San\u2019\u0131n \u00e7izimleriyle g\u00f6rsel bir \u015f\u00f6lene d\u00f6n\u00fc\u015f\u00fcyor. Okuru ilk sat\u0131rlar\u0131ndan itibaren i\u00e7ine alan ve fantazya diyarlar\u0131nda inan\u0131lmaz bir yolculu\u011fa \u00e7\u0131karan bir ba\u015fyap\u0131t. Ba\u015fkalar\u0131 ad\u0131na daima ilk ve son s\u00f6z\u00fc s\u00f6yleme iddias\u0131nda olanlara y\u00f6nelik bir ba\u015fkald\u0131r\u0131 destan\u0131. <\/p>\n","protected":false},"excerpt":{"rendered":"<p>Fantastik edebiyat literat\u00fcr\u00fcnde e\u015fine az rastlanacak bir roman \u201cNehrin \u0130ki Yakas\u0131\u201d. G\u00fcnd\u00fcz \u00d6\u011f\u00fct\u2019\u00fcn yaratt\u0131\u011f\u0131 karakter ve mekanlar Remzi San\u2019\u0131n \u00e7izimleriyle g\u00f6rsel bir \u015f\u00f6lene d\u00f6n\u00fc\u015f\u00fcyor. Okuru ilk<span class=\"excerpt-hellip\"> [\u2026]<\/span><\/p>\n","protected":false},"featured_media":0,"template":"","meta":{"_monsterinsights_skip_tracking":false,"_monsterinsights_sitenote_active":false,"_monsterinsights_sitenote_note":"","_monsterinsights_sitenote_category":0},"product_brand":[],"product_cat":[12291,12711],"product_tag":[],"class_list":{"0":"post-703148","1":"product","2":"type-product","3":"status-publish","5":"product_cat-edebiyat","6":"product_cat-roman-oyku","7":"pa_cilt-ciltsiz","8":"pa_tur-kitap","9":"pa_yayinevi-yitik-ulke-yayinlari","10":"pa_yazar-gunduz-ogut","12":"first","13":"instock","14":"sale","15":"shipping-taxable","16":"purchasable","17":"product-type-simple"},"_links":{"self":[{"href":"https:\/\/roveyayinevi.com.tr\/index.php\/wp-json\/wp\/v2\/product\/703148","targetHints":{"allow":["GET"]}}],"collection":[{"href":"https:\/\/roveyayinevi.com.tr\/index.php\/wp-json\/wp\/v2\/product"}],"about":[{"href":"https:\/\/roveyayinevi.com.tr\/index.php\/wp-json\/wp\/v2\/types\/product"}],"wp:attachment":[{"href":"https:\/\/roveyayinevi.com.tr\/index.php\/wp-json\/wp\/v2\/media?parent=703148"}],"wp:term":[{"taxonomy":"product_brand","embeddable":true,"href":"https:\/\/roveyayinevi.com.tr\/index.php\/wp-json\/wp\/v2\/product_brand?post=703148"},{"taxonomy":"product_cat","embeddable":true,"href":"https:\/\/roveyayinevi.com.tr\/index.php\/wp-json\/wp\/v2\/product_cat?post=703148"},{"taxonomy":"product_tag","embeddable":true,"href":"https:\/\/roveyayinevi.com.tr\/index.php\/wp-json\/wp\/v2\/product_tag?post=703148"}],"curies":[{"name":"wp","href":"https:\/\/api.w.org\/{rel}","templated":true}]}}