{"id":703144,"date":"2025-08-27T15:22:39","date_gmt":"2025-08-27T12:22:39","guid":{"rendered":"https:\/\/roveyayinevi.com.tr\/index.php\/urun\/helenanin-ruyalari\/"},"modified":"2026-04-16T02:12:30","modified_gmt":"2026-04-15T23:12:30","slug":"helenanin-ruyalari","status":"publish","type":"product","link":"https:\/\/roveyayinevi.com.tr\/index.php\/urun\/helenanin-ruyalari\/","title":{"rendered":"Helena&#8217;n\u0131n R\u00fcyalar\u0131"},"content":{"rendered":"<p>Helena r\u00fcyas\u0131nda bizi g\u00f6rm\u00fc\u015f. Bir havaalan\u0131ndaym\u0131\u015f\u0131z ve t\u00fcm havaalanlar\u0131nda oldu\u011fu gibi bir makineden ge\u00e7mek i\u00e7in s\u0131rada bekliyormu\u015fuz. Makineden yast\u0131klar\u0131m\u0131z\u0131 ge\u00e7irmemiz gerekiyormu\u015f. \u00d6nceki gece kullan\u0131lan yast\u0131klar cihazdan ge\u00e7erken r\u00fcyalar okunuyormu\u015f. Makine, kamu d\u00fczeni i\u00e7in tehlikeli r\u00fcyalar\u0131 tespit ediyormu\u015f. <\/p>\n","protected":false},"excerpt":{"rendered":"<p>Helena r\u00fcyas\u0131nda bizi g\u00f6rm\u00fc\u015f. Bir havaalan\u0131ndaym\u0131\u015f\u0131z ve t\u00fcm havaalanlar\u0131nda oldu\u011fu gibi bir makineden ge\u00e7mek i\u00e7in s\u0131rada bekliyormu\u015fuz. Makineden yast\u0131klar\u0131m\u0131z\u0131 ge\u00e7irmemiz gerekiyormu\u015f. \u00d6nceki gece kullan\u0131lan yast\u0131klar cihazdan<span class=\"excerpt-hellip\"> [\u2026]<\/span><\/p>\n","protected":false},"featured_media":0,"template":"","meta":{"_monsterinsights_skip_tracking":false,"_monsterinsights_sitenote_active":false,"_monsterinsights_sitenote_note":"","_monsterinsights_sitenote_category":0},"product_brand":[],"product_cat":[12291,13113],"product_tag":[],"class_list":{"0":"post-703144","1":"product","2":"type-product","3":"status-publish","5":"product_cat-edebiyat","6":"product_cat-ispanyol-edebiyati","7":"pa_tur-kitap","8":"pa_yayinevi-delidolu","9":"pa_yazar-eduardo-galeano","11":"first","12":"instock","13":"sale","14":"shipping-taxable","15":"purchasable","16":"product-type-simple"},"_links":{"self":[{"href":"https:\/\/roveyayinevi.com.tr\/index.php\/wp-json\/wp\/v2\/product\/703144","targetHints":{"allow":["GET"]}}],"collection":[{"href":"https:\/\/roveyayinevi.com.tr\/index.php\/wp-json\/wp\/v2\/product"}],"about":[{"href":"https:\/\/roveyayinevi.com.tr\/index.php\/wp-json\/wp\/v2\/types\/product"}],"wp:attachment":[{"href":"https:\/\/roveyayinevi.com.tr\/index.php\/wp-json\/wp\/v2\/media?parent=703144"}],"wp:term":[{"taxonomy":"product_brand","embeddable":true,"href":"https:\/\/roveyayinevi.com.tr\/index.php\/wp-json\/wp\/v2\/product_brand?post=703144"},{"taxonomy":"product_cat","embeddable":true,"href":"https:\/\/roveyayinevi.com.tr\/index.php\/wp-json\/wp\/v2\/product_cat?post=703144"},{"taxonomy":"product_tag","embeddable":true,"href":"https:\/\/roveyayinevi.com.tr\/index.php\/wp-json\/wp\/v2\/product_tag?post=703144"}],"curies":[{"name":"wp","href":"https:\/\/api.w.org\/{rel}","templated":true}]}}