{"id":703124,"date":"2025-08-27T15:22:32","date_gmt":"2025-08-27T12:22:32","guid":{"rendered":"https:\/\/roveyayinevi.com.tr\/index.php\/urun\/bir-anlam-koprusu-insa-etme-araci-olarak-okullarda-etkili-iletisim\/"},"modified":"2026-04-16T02:12:30","modified_gmt":"2026-04-15T23:12:30","slug":"bir-anlam-koprusu-insa-etme-araci-olarak-okullarda-etkili-iletisim","status":"publish","type":"product","link":"https:\/\/roveyayinevi.com.tr\/index.php\/urun\/bir-anlam-koprusu-insa-etme-araci-olarak-okullarda-etkili-iletisim\/","title":{"rendered":"Bir Anlam K\u00f6pr\u00fcs\u00fc \u0130n\u015fa Etme Arac\u0131 Olarak Okullarda Etkili \u0130leti\u015fim"},"content":{"rendered":"<p>\u0130nsan; iki kap\u0131l\u0131 handa bir yolcu, y\u00fcr\u00fcyen bir varl\u0131kt\u0131r. B\u00fct\u00fcn hayat\u0131n\u0131 bu yolda ve handa, anlam \u00fcretme ve anlam k\u00f6pr\u00fcs\u00fc in\u015fa etme \u00fczerine kurar. Anlam\u0131 anlamak ve ortak bir anlam d\u00fcnyas\u0131 olu\u015fturmak her insandan, kurumdan veya okuldan beklenen bir durumdur. Ortak bir anlam d\u00fcnyas\u0131 olu\u015fturmadan ortak ama\u00e7lar etraf\u0131nda toplanmak ve belli hedefi ger\u00e7ekle\u015ftirmek veya bu y\u00f6nde \u00e7aba sarf etmek m\u00fcmk\u00fcn de\u011fildir. B\u00fct\u00fcn hayat\u0131m\u0131z, \u00e7abalar\u0131m\u0131z ve deneyimlerimiz bize \u015funu g\u00f6stermektedir: Ya\u015fam\u0131n temelini ileti\u015fim olu\u015fturur. Bir ba\u015fka ifade ile b\u00fct\u00fcn ya\u015fam s\u00fcrecinin niteli\u011fini ileti\u015fim belirlemektedir. <\/p>\n","protected":false},"excerpt":{"rendered":"<p>\u0130nsan; iki kap\u0131l\u0131 handa bir yolcu, y\u00fcr\u00fcyen bir varl\u0131kt\u0131r. B\u00fct\u00fcn hayat\u0131n\u0131 bu yolda ve handa, anlam \u00fcretme ve anlam k\u00f6pr\u00fcs\u00fc in\u015fa etme \u00fczerine kurar. Anlam\u0131 anlamak<span class=\"excerpt-hellip\"> [\u2026]<\/span><\/p>\n","protected":false},"featured_media":0,"template":"","meta":{"_monsterinsights_skip_tracking":false,"_monsterinsights_sitenote_active":false,"_monsterinsights_sitenote_note":"","_monsterinsights_sitenote_category":0},"product_brand":[],"product_cat":[12573,12566],"product_tag":[],"class_list":{"0":"post-703124","1":"product","2":"type-product","3":"status-publish","5":"product_cat-akademik-kitaplar","6":"product_cat-egitim","7":"pa_cilt-ciltsiz","8":"pa_tur-kitap","9":"pa_yayinevi-pegem-akademik-kitaplar","10":"pa_yazar-selahattin-turan","12":"first","13":"instock","14":"sale","15":"shipping-taxable","16":"purchasable","17":"product-type-simple"},"_links":{"self":[{"href":"https:\/\/roveyayinevi.com.tr\/index.php\/wp-json\/wp\/v2\/product\/703124","targetHints":{"allow":["GET"]}}],"collection":[{"href":"https:\/\/roveyayinevi.com.tr\/index.php\/wp-json\/wp\/v2\/product"}],"about":[{"href":"https:\/\/roveyayinevi.com.tr\/index.php\/wp-json\/wp\/v2\/types\/product"}],"wp:attachment":[{"href":"https:\/\/roveyayinevi.com.tr\/index.php\/wp-json\/wp\/v2\/media?parent=703124"}],"wp:term":[{"taxonomy":"product_brand","embeddable":true,"href":"https:\/\/roveyayinevi.com.tr\/index.php\/wp-json\/wp\/v2\/product_brand?post=703124"},{"taxonomy":"product_cat","embeddable":true,"href":"https:\/\/roveyayinevi.com.tr\/index.php\/wp-json\/wp\/v2\/product_cat?post=703124"},{"taxonomy":"product_tag","embeddable":true,"href":"https:\/\/roveyayinevi.com.tr\/index.php\/wp-json\/wp\/v2\/product_tag?post=703124"}],"curies":[{"name":"wp","href":"https:\/\/api.w.org\/{rel}","templated":true}]}}