{"id":703114,"date":"2025-08-27T15:22:28","date_gmt":"2025-08-27T12:22:28","guid":{"rendered":"https:\/\/roveyayinevi.com.tr\/index.php\/urun\/ozel-egitime-gereksinimi-olan-cocuklara-ozel-egitim-programlari-aileler-ve-egiticiler-icin-el-kitabi\/"},"modified":"2026-04-16T02:12:30","modified_gmt":"2026-04-15T23:12:30","slug":"ozel-egitime-gereksinimi-olan-cocuklara-ozel-egitim-programlari-aileler-ve-egiticiler-icin-el-kitabi","status":"publish","type":"product","link":"https:\/\/roveyayinevi.com.tr\/index.php\/urun\/ozel-egitime-gereksinimi-olan-cocuklara-ozel-egitim-programlari-aileler-ve-egiticiler-icin-el-kitabi\/","title":{"rendered":"\u00d6zel E\u011fitime Gereksinimi Olan \u00c7ocuklara \u00d6zel E\u011fitim Programlar\u0131 Aileler ve E\u011fiticiler \u0130\u00e7in El Kitab\u0131"},"content":{"rendered":"<p>\u00dclkemizde zihinsel engellilerin rehabilitasyonu ile ilgili e\u011fitim programlar\u0131n\u0131 i\u00e7eren \u00e7al\u0131\u015fmalara y\u00f6nelik kaynak olduk\u00e7a azd\u0131r. Bu konuda e\u011fitimcilere y\u00f6nelik k\u0131s\u0131tl\u0131 say\u0131da kaynak bulunabilse de (bir \u00e7o\u011fu d\u0131\u015f kaynakl\u0131 yay\u0131nlardan meydana gelmektedir) aileler i\u00e7in zihinsel engelli \u00e7ocuklar\u0131n\u0131 e\u011fitmek amac\u0131yla kullanabilecekleri kaynak baz\u0131 istisnalar\u0131 saymazsak hemen hemen hi\u00e7 yoktur. Halbuki aileler kendi \u00e7ocuklar\u0131 i\u00e7in ilk ve en \u00f6nemli e\u011fiticilerdendir. Normal \u00e7ocuklar bile okula gitmeden \u00f6nce en temel bilgileri ailelerinden al\u0131rlar. Bu anlamda bir zihinsel engelli i\u00e7inde; alaca\u011f\u0131 temel e\u011fitim olduk\u00e7a \u00f6nemlidir. Bu kitap aileler ve aileler oldu\u011fu kadar bu konuda \u00e7al\u0131\u015fan e\u011fiticilerin de rahatl\u0131kla kullanabileceklri bir kaynak olmas\u0131 amac\u0131yla haz\u0131rlanm\u0131\u015ft\u0131r. B\u00fcy\u00fck bir sab\u0131r ve sevgi gerektiren \u00e7al\u0131\u015fmalar\u0131n\u0131zda ba\u015far\u0131lar dile\u011fiyle&#8230; <\/p>\n","protected":false},"excerpt":{"rendered":"<p>\u00dclkemizde zihinsel engellilerin rehabilitasyonu ile ilgili e\u011fitim programlar\u0131n\u0131 i\u00e7eren \u00e7al\u0131\u015fmalara y\u00f6nelik kaynak olduk\u00e7a azd\u0131r. Bu konuda e\u011fitimcilere y\u00f6nelik k\u0131s\u0131tl\u0131 say\u0131da kaynak bulunabilse de (bir \u00e7o\u011fu d\u0131\u015f<span class=\"excerpt-hellip\"> [\u2026]<\/span><\/p>\n","protected":false},"featured_media":0,"template":"","meta":{"_monsterinsights_skip_tracking":false,"_monsterinsights_sitenote_active":false,"_monsterinsights_sitenote_note":"","_monsterinsights_sitenote_category":0},"product_brand":[],"product_cat":[12831,12324],"product_tag":[],"class_list":{"0":"post-703114","1":"product","2":"type-product","3":"status-publish","5":"product_cat-aile-ve-cocuk","6":"product_cat-sosyoloji","7":"pa_cilt-ciltsiz","8":"pa_tur-kitap","9":"pa_yayinevi-ani-yayincilik","10":"pa_yazar-mustafa-ozekes","12":"first","13":"instock","14":"sale","15":"shipping-taxable","16":"purchasable","17":"product-type-simple"},"_links":{"self":[{"href":"https:\/\/roveyayinevi.com.tr\/index.php\/wp-json\/wp\/v2\/product\/703114","targetHints":{"allow":["GET"]}}],"collection":[{"href":"https:\/\/roveyayinevi.com.tr\/index.php\/wp-json\/wp\/v2\/product"}],"about":[{"href":"https:\/\/roveyayinevi.com.tr\/index.php\/wp-json\/wp\/v2\/types\/product"}],"wp:attachment":[{"href":"https:\/\/roveyayinevi.com.tr\/index.php\/wp-json\/wp\/v2\/media?parent=703114"}],"wp:term":[{"taxonomy":"product_brand","embeddable":true,"href":"https:\/\/roveyayinevi.com.tr\/index.php\/wp-json\/wp\/v2\/product_brand?post=703114"},{"taxonomy":"product_cat","embeddable":true,"href":"https:\/\/roveyayinevi.com.tr\/index.php\/wp-json\/wp\/v2\/product_cat?post=703114"},{"taxonomy":"product_tag","embeddable":true,"href":"https:\/\/roveyayinevi.com.tr\/index.php\/wp-json\/wp\/v2\/product_tag?post=703114"}],"curies":[{"name":"wp","href":"https:\/\/api.w.org\/{rel}","templated":true}]}}