{"id":703105,"date":"2025-08-27T15:22:25","date_gmt":"2025-08-27T12:22:25","guid":{"rendered":"https:\/\/roveyayinevi.com.tr\/index.php\/urun\/grimm-masallari\/"},"modified":"2026-04-16T02:12:29","modified_gmt":"2026-04-15T23:12:29","slug":"grimm-masallari","status":"publish","type":"product","link":"https:\/\/roveyayinevi.com.tr\/index.php\/urun\/grimm-masallari\/","title":{"rendered":"Grimm Masallar\u0131"},"content":{"rendered":"<p>Bir zamanlar bir \u00fclkede yoksul bir de\u011firmenci ya\u015farm\u0131\u015f. Bu de\u011firmencinin \u00e7ok g\u00fczel, \u00e7ok zeki ve \u00e7ok ak\u0131ll\u0131 bir k\u0131z\u0131 varm\u0131\u015f, De\u011firmenci k\u0131z\u0131yla \u00f6ylesine gurur duyarm\u0131\u015f ki her zaman onun ne ak\u0131ll\u0131 oldu\u011funu anlat\u0131p \u00f6v\u00fcn\u00fcrm\u00fc\u015f. Bir g\u00fcn de\u011firmenine gelen krala, k\u0131z\u0131n\u0131n saman\u0131 bile \u00e7\u0131kr\u0131kla e\u011firip alt\u0131n yapabilece\u011fini s\u00f6ylemi\u015f&#8230; \ufffcTan\u0131t\u0131m Metni<\/p>\n","protected":false},"excerpt":{"rendered":"<p>Bir zamanlar bir \u00fclkede yoksul bir de\u011firmenci ya\u015farm\u0131\u015f. Bu de\u011firmencinin \u00e7ok g\u00fczel, \u00e7ok zeki ve \u00e7ok ak\u0131ll\u0131 bir k\u0131z\u0131 varm\u0131\u015f, De\u011firmenci k\u0131z\u0131yla \u00f6ylesine gurur duyarm\u0131\u015f ki<span class=\"excerpt-hellip\"> [\u2026]<\/span><\/p>\n","protected":false},"featured_media":0,"template":"","meta":{"_monsterinsights_skip_tracking":false,"_monsterinsights_sitenote_active":false,"_monsterinsights_sitenote_note":"","_monsterinsights_sitenote_category":0},"product_brand":[],"product_cat":[12274,12523],"product_tag":[],"class_list":{"0":"post-703105","1":"product","2":"type-product","3":"status-publish","5":"product_cat-cocuk-ve-genclik-kitaplari","6":"product_cat-masallar","7":"pa_cilt-ciltli","8":"pa_tur-kitap","9":"pa_yayinevi-epsilon-yayinlari","10":"pa_yazar-grimm-kardesler","12":"first","13":"instock","14":"sale","15":"shipping-taxable","16":"purchasable","17":"product-type-simple"},"_links":{"self":[{"href":"https:\/\/roveyayinevi.com.tr\/index.php\/wp-json\/wp\/v2\/product\/703105","targetHints":{"allow":["GET"]}}],"collection":[{"href":"https:\/\/roveyayinevi.com.tr\/index.php\/wp-json\/wp\/v2\/product"}],"about":[{"href":"https:\/\/roveyayinevi.com.tr\/index.php\/wp-json\/wp\/v2\/types\/product"}],"wp:attachment":[{"href":"https:\/\/roveyayinevi.com.tr\/index.php\/wp-json\/wp\/v2\/media?parent=703105"}],"wp:term":[{"taxonomy":"product_brand","embeddable":true,"href":"https:\/\/roveyayinevi.com.tr\/index.php\/wp-json\/wp\/v2\/product_brand?post=703105"},{"taxonomy":"product_cat","embeddable":true,"href":"https:\/\/roveyayinevi.com.tr\/index.php\/wp-json\/wp\/v2\/product_cat?post=703105"},{"taxonomy":"product_tag","embeddable":true,"href":"https:\/\/roveyayinevi.com.tr\/index.php\/wp-json\/wp\/v2\/product_tag?post=703105"}],"curies":[{"name":"wp","href":"https:\/\/api.w.org\/{rel}","templated":true}]}}