{"id":703095,"date":"2025-08-27T15:22:20","date_gmt":"2025-08-27T12:22:20","guid":{"rendered":"https:\/\/roveyayinevi.com.tr\/index.php\/urun\/gulumse\/"},"modified":"2026-04-16T02:12:29","modified_gmt":"2026-04-15T23:12:29","slug":"gulumse","status":"publish","type":"product","link":"https:\/\/roveyayinevi.com.tr\/index.php\/urun\/gulumse\/","title":{"rendered":"G\u00fcl\u00fcmse"},"content":{"rendered":"<p>Alt\u0131nc\u0131 s\u0131n\u0131fa giden Anna&#8217;n\u0131n hayat\u0131 di\u015f teli takmas\u0131 gerekti\u011fini \u00f6\u011frendi\u011fi g\u00fcn kararmaya ba\u015flad\u0131. Ergenli\u011fin bedeninde ve ruhunda kopard\u0131\u011f\u0131 f\u0131rt\u0131nalar yetmezmi\u015f gibi, a\u011fz\u0131nda sevimsiz bir metal y\u0131\u011f\u0131n\u0131yla ya\u015famak katlan\u0131lacak i\u015f de\u011fil. \u00dcstelik daha yeni yeni belirmeye ba\u015flayan sivilceleriyle bar\u0131\u015fmas\u0131 da pek m\u00fcmk\u00fcn g\u00f6r\u00fcnm\u00fcyor. Evet, bu aralar hayat Anna&#8217;ya hi\u00e7 adil davranm\u0131yor! <\/p>\n","protected":false},"excerpt":{"rendered":"<p>Alt\u0131nc\u0131 s\u0131n\u0131fa giden Anna&#8217;n\u0131n hayat\u0131 di\u015f teli takmas\u0131 gerekti\u011fini \u00f6\u011frendi\u011fi g\u00fcn kararmaya ba\u015flad\u0131. Ergenli\u011fin bedeninde ve ruhunda kopard\u0131\u011f\u0131 f\u0131rt\u0131nalar yetmezmi\u015f gibi, a\u011fz\u0131nda sevimsiz bir metal y\u0131\u011f\u0131n\u0131yla<span class=\"excerpt-hellip\"> [\u2026]<\/span><\/p>\n","protected":false},"featured_media":0,"template":"","meta":{"_monsterinsights_skip_tracking":false,"_monsterinsights_sitenote_active":false,"_monsterinsights_sitenote_note":"","_monsterinsights_sitenote_category":0},"product_brand":[],"product_cat":[12275,12274],"product_tag":[],"class_list":{"0":"post-703095","1":"product","2":"type-product","3":"status-publish","5":"product_cat-6-12-yas-kitaplari","6":"product_cat-cocuk-ve-genclik-kitaplari","7":"pa_cilt-ciltsiz","8":"pa_tur-kitap","9":"pa_yayinevi-desen-yayinlari","10":"pa_yazar-raina-telgemeler","12":"first","13":"instock","14":"sale","15":"shipping-taxable","16":"purchasable","17":"product-type-simple"},"_links":{"self":[{"href":"https:\/\/roveyayinevi.com.tr\/index.php\/wp-json\/wp\/v2\/product\/703095","targetHints":{"allow":["GET"]}}],"collection":[{"href":"https:\/\/roveyayinevi.com.tr\/index.php\/wp-json\/wp\/v2\/product"}],"about":[{"href":"https:\/\/roveyayinevi.com.tr\/index.php\/wp-json\/wp\/v2\/types\/product"}],"wp:attachment":[{"href":"https:\/\/roveyayinevi.com.tr\/index.php\/wp-json\/wp\/v2\/media?parent=703095"}],"wp:term":[{"taxonomy":"product_brand","embeddable":true,"href":"https:\/\/roveyayinevi.com.tr\/index.php\/wp-json\/wp\/v2\/product_brand?post=703095"},{"taxonomy":"product_cat","embeddable":true,"href":"https:\/\/roveyayinevi.com.tr\/index.php\/wp-json\/wp\/v2\/product_cat?post=703095"},{"taxonomy":"product_tag","embeddable":true,"href":"https:\/\/roveyayinevi.com.tr\/index.php\/wp-json\/wp\/v2\/product_tag?post=703095"}],"curies":[{"name":"wp","href":"https:\/\/api.w.org\/{rel}","templated":true}]}}