{"id":703087,"date":"2025-08-27T15:22:17","date_gmt":"2025-08-27T12:22:17","guid":{"rendered":"https:\/\/roveyayinevi.com.tr\/index.php\/urun\/pollyanna-7\/"},"modified":"2026-04-16T02:12:29","modified_gmt":"2026-04-15T23:12:29","slug":"pollyanna-7","status":"publish","type":"product","link":"https:\/\/roveyayinevi.com.tr\/index.php\/urun\/pollyanna-7\/","title":{"rendered":"Pollyanna"},"content":{"rendered":"<p>Pollyanna ne ertesi g\u00fcn ne de daha sonraki g\u00fcn okula gidebildi. Genelde hep derin bir uykuda oldu\u011fundan bunu pek fark edemedi. Ama kendine geldi\u011fi zamanlarda, pe\u015fpe\u015fe sorular soruyordu. Bir hafta kadar, hi\u00e7bir \u015fey anlayamad\u0131 Pollyanna. Sonra ate\u015fi d\u00fc\u015ft\u00fc, a\u011fr\u0131lar\u0131 hafifledi ve bilinci tamamen yerine geldi. \u0130\u015fte o zaman, ona olan bitenleri yeni ba\u015ftan anlatmak zorunda kald\u0131lar. <\/p>\n","protected":false},"excerpt":{"rendered":"<p>Pollyanna ne ertesi g\u00fcn ne de daha sonraki g\u00fcn okula gidebildi. Genelde hep derin bir uykuda oldu\u011fundan bunu pek fark edemedi. Ama kendine geldi\u011fi zamanlarda, pe\u015fpe\u015fe<span class=\"excerpt-hellip\"> [\u2026]<\/span><\/p>\n","protected":false},"featured_media":0,"template":"","meta":{"_monsterinsights_skip_tracking":false,"_monsterinsights_sitenote_active":false,"_monsterinsights_sitenote_note":"","_monsterinsights_sitenote_category":0},"product_brand":[],"product_cat":[12274,12467],"product_tag":[],"class_list":{"0":"post-703087","1":"product","2":"type-product","3":"status-publish","5":"product_cat-cocuk-ve-genclik-kitaplari","6":"product_cat-dunya-klasikleri","7":"pa_cilt-ciltli","8":"pa_tur-kitap","9":"pa_yayinevi-epsilon-yayinlari","10":"pa_yazar-eleanor-h-porter","12":"first","13":"instock","14":"sale","15":"shipping-taxable","16":"purchasable","17":"product-type-simple"},"_links":{"self":[{"href":"https:\/\/roveyayinevi.com.tr\/index.php\/wp-json\/wp\/v2\/product\/703087","targetHints":{"allow":["GET"]}}],"collection":[{"href":"https:\/\/roveyayinevi.com.tr\/index.php\/wp-json\/wp\/v2\/product"}],"about":[{"href":"https:\/\/roveyayinevi.com.tr\/index.php\/wp-json\/wp\/v2\/types\/product"}],"wp:attachment":[{"href":"https:\/\/roveyayinevi.com.tr\/index.php\/wp-json\/wp\/v2\/media?parent=703087"}],"wp:term":[{"taxonomy":"product_brand","embeddable":true,"href":"https:\/\/roveyayinevi.com.tr\/index.php\/wp-json\/wp\/v2\/product_brand?post=703087"},{"taxonomy":"product_cat","embeddable":true,"href":"https:\/\/roveyayinevi.com.tr\/index.php\/wp-json\/wp\/v2\/product_cat?post=703087"},{"taxonomy":"product_tag","embeddable":true,"href":"https:\/\/roveyayinevi.com.tr\/index.php\/wp-json\/wp\/v2\/product_tag?post=703087"}],"curies":[{"name":"wp","href":"https:\/\/api.w.org\/{rel}","templated":true}]}}