{"id":703078,"date":"2025-08-27T15:22:12","date_gmt":"2025-08-27T12:22:12","guid":{"rendered":"https:\/\/roveyayinevi.com.tr\/index.php\/urun\/kutsal-bag\/"},"modified":"2025-10-28T11:47:10","modified_gmt":"2025-10-28T08:47:10","slug":"kutsal-bag","status":"publish","type":"product","link":"https:\/\/roveyayinevi.com.tr\/index.php\/urun\/kutsal-bag\/","title":{"rendered":"Kutsal Ba\u011f"},"content":{"rendered":"<p>\u0130hanetten do\u011fan sonsuz g\u00fc\u00e7le, Partholon\u2019da t\u00fcm dengeler alt\u00fcst oluyor&#8230;Morrigan\u2019\u0131n annesi kand\u0131r\u0131lm\u0131\u015f ve gebeli\u011fi boyunca bir a\u011fac\u0131n i\u00e7inde kapana k\u0131s\u0131lm\u0131\u015ft\u0131r. Bu nedenle gen\u00e7 k\u0131z\u0131n do\u011fumu ger\u00e7ekten de b\u00fcy\u00fcl\u00fc bir olayd\u0131r ancak d\u00fcnyaya ola\u011fan\u00fcst\u00fc bir \u015fekilde geldikten sonraki on sekiz y\u0131l\u0131n\u0131 Oklahoma\u2019da s\u0131radan bir hayat s\u00fcrerek ge\u00e7irir.Sahip oldu\u011fu mirasla ilgili ger\u00e7e\u011fi \u00f6\u011frendi\u011findeyse \u00f6fkesi ve ac\u0131s\u0131 kontrolden \u00e7\u0131k\u0131p onu Partholon d\u00fcnyas\u0131na geri g\u00f6t\u00fcr\u00fcr. Morrigan orada kutsal tanr\u0131\u00e7an\u0131n k\u0131z\u0131n\u0131n yery\u00fcz\u00fcnde v\u00fccut bulmu\u015f hali olarak sayg\u0131 g\u00f6rse de kendini bir yabanc\u0131 gibi hissetmekte, \u00e7aresizce yeni hayat\u0131na ayak uydurmaya \u00e7al\u0131\u015fmaktad\u0131r. \u00dcstelik annesini ele ge\u00e7iren karanl\u0131k g\u00fc\u00e7ler \u015fimdi de onun pe\u015findedir.\u201cAnneler ve k\u0131zlar\u0131 hakk\u0131ndaki dikkate de\u011fer bu masal\u0131n merkezinde yer alan karanl\u0131\u011f\u0131n ba\u015ftan \u00e7\u0131kar\u0131c\u0131 g\u00fcc\u00fc, seriye ho\u015f bir ekleme olmu\u015f.\u201d\ufffcTan\u0131t\u0131m Metni<\/p>\n","protected":false},"excerpt":{"rendered":"<p>\u0130hanetten do\u011fan sonsuz g\u00fc\u00e7le, Partholon\u2019da t\u00fcm dengeler alt\u00fcst oluyor&#8230;Morrigan\u2019\u0131n annesi kand\u0131r\u0131lm\u0131\u015f ve gebeli\u011fi boyunca bir a\u011fac\u0131n i\u00e7inde kapana k\u0131s\u0131lm\u0131\u015ft\u0131r. Bu nedenle gen\u00e7 k\u0131z\u0131n do\u011fumu ger\u00e7ekten de<span class=\"excerpt-hellip\"> [\u2026]<\/span><\/p>\n","protected":false},"featured_media":0,"template":"","meta":{"_monsterinsights_skip_tracking":false,"_monsterinsights_sitenote_active":false,"_monsterinsights_sitenote_note":"","_monsterinsights_sitenote_category":0},"product_brand":[],"product_cat":[12291,12711],"product_tag":[],"class_list":{"0":"post-703078","1":"product","2":"type-product","3":"status-publish","5":"product_cat-edebiyat","6":"product_cat-roman-oyku","7":"pa_cilt-ciltsiz","8":"pa_tur-kitap","9":"pa_yayinevi-pegasus-yayinlari","10":"pa_yazar-p-c-cast","12":"first","13":"instock","14":"sale","15":"shipping-taxable","16":"purchasable","17":"product-type-simple"},"_links":{"self":[{"href":"https:\/\/roveyayinevi.com.tr\/index.php\/wp-json\/wp\/v2\/product\/703078","targetHints":{"allow":["GET"]}}],"collection":[{"href":"https:\/\/roveyayinevi.com.tr\/index.php\/wp-json\/wp\/v2\/product"}],"about":[{"href":"https:\/\/roveyayinevi.com.tr\/index.php\/wp-json\/wp\/v2\/types\/product"}],"wp:attachment":[{"href":"https:\/\/roveyayinevi.com.tr\/index.php\/wp-json\/wp\/v2\/media?parent=703078"}],"wp:term":[{"taxonomy":"product_brand","embeddable":true,"href":"https:\/\/roveyayinevi.com.tr\/index.php\/wp-json\/wp\/v2\/product_brand?post=703078"},{"taxonomy":"product_cat","embeddable":true,"href":"https:\/\/roveyayinevi.com.tr\/index.php\/wp-json\/wp\/v2\/product_cat?post=703078"},{"taxonomy":"product_tag","embeddable":true,"href":"https:\/\/roveyayinevi.com.tr\/index.php\/wp-json\/wp\/v2\/product_tag?post=703078"}],"curies":[{"name":"wp","href":"https:\/\/api.w.org\/{rel}","templated":true}]}}