{"id":703076,"date":"2025-08-27T15:22:12","date_gmt":"2025-08-27T12:22:12","guid":{"rendered":"https:\/\/roveyayinevi.com.tr\/index.php\/urun\/rus-jeopolitigi\/"},"modified":"2026-04-16T02:12:29","modified_gmt":"2026-04-15T23:12:29","slug":"rus-jeopolitigi","status":"publish","type":"product","link":"https:\/\/roveyayinevi.com.tr\/index.php\/urun\/rus-jeopolitigi\/","title":{"rendered":"Rus Jeopoliti\u011fi"},"content":{"rendered":"<p>Rus stratejist Aleksandr Dugin bu kitab\u0131nda, insanl\u0131\u011f\u0131n mekan fakt\u00f6r\u00fcyle kar\u015f\u0131l\u0131kl\u0131 ili\u015fkisi olarak tan\u0131mlad\u0131\u011f\u0131 jeopolitik \u00e7er\u00e7evesinde Rusya\u2019n\u0131n k\u00fcresel ve medeniyetleraras\u0131 konumunu anlamland\u0131rmaya \u00e7al\u0131\u015f\u0131yor. Rusya jeostratejik konumunun, tarihi ve k\u00fclt\u00fcrel birikiminin sonucunda bir imparatorluk olarak d\u00fcnya sahnesinde yerini alm\u0131\u015ft\u0131r. Dugin\u2019e g\u00f6re, Asya ve Avrupa g\u00fcc\u00fc olarak medeniyetler aras\u0131 bir kav\u015fakta yer alan Rusya\u2019n\u0131n bu imparatorluk iddias\u0131n\u0131 s\u00fcrd\u00fcrebilmesinin tek yolu, Avrasyac\u0131 jeopoliti\u011fin diriltilmesidir. Avrasyac\u0131l\u0131k sadece Rusya\u2019n\u0131n de\u011fil Atlantik eksenli Bat\u0131 ittifak\u0131na kar\u015f\u0131 Avrasya g\u00fc\u00e7lerinin y\u00fckseli\u015finin vazge\u00e7ilmez stratejisidir. Rus Avrasyac\u0131l\u0131\u011f\u0131n\u0131n s\u00f6zc\u00fcs\u00fc Dugin co\u015fkulu kalemiyle ba\u015fta T\u00fcrkiye olmak \u00fczere b\u00f6lgesel g\u00fc\u00e7lere bak\u0131\u015f\u0131n\u0131, Bat\u0131-Do\u011fu ili\u015fkilerini ve gelece\u011fin d\u00fcnyas\u0131nda Rusya\u2019n\u0131n yerini konumland\u0131rmaya \u00e7al\u0131\u015f\u0131yor. \ufffcTan\u0131t\u0131m Metni<\/p>\n","protected":false},"excerpt":{"rendered":"<p>Rus stratejist Aleksandr Dugin bu kitab\u0131nda, insanl\u0131\u011f\u0131n mekan fakt\u00f6r\u00fcyle kar\u015f\u0131l\u0131kl\u0131 ili\u015fkisi olarak tan\u0131mlad\u0131\u011f\u0131 jeopolitik \u00e7er\u00e7evesinde Rusya\u2019n\u0131n k\u00fcresel ve medeniyetleraras\u0131 konumunu anlamland\u0131rmaya \u00e7al\u0131\u015f\u0131yor. Rusya jeostratejik konumunun, tarihi<span class=\"excerpt-hellip\"> [\u2026]<\/span><\/p>\n","protected":false},"featured_media":0,"template":"","meta":{"_monsterinsights_skip_tracking":false,"_monsterinsights_sitenote_active":false,"_monsterinsights_sitenote_note":"","_monsterinsights_sitenote_category":0},"product_brand":[],"product_cat":[12337,17225],"product_tag":[],"class_list":{"0":"post-703076","1":"product","2":"type-product","3":"status-publish","5":"product_cat-politika-siyaset","6":"product_cat-uluslararasi-iliskiler","7":"pa_cilt-ciltsiz","8":"pa_tur-kitap","9":"pa_yayinevi-kure-yayinlari","10":"pa_yazar-aleksandr-dugin","12":"first","13":"instock","14":"sale","15":"shipping-taxable","16":"purchasable","17":"product-type-simple"},"_links":{"self":[{"href":"https:\/\/roveyayinevi.com.tr\/index.php\/wp-json\/wp\/v2\/product\/703076","targetHints":{"allow":["GET"]}}],"collection":[{"href":"https:\/\/roveyayinevi.com.tr\/index.php\/wp-json\/wp\/v2\/product"}],"about":[{"href":"https:\/\/roveyayinevi.com.tr\/index.php\/wp-json\/wp\/v2\/types\/product"}],"wp:attachment":[{"href":"https:\/\/roveyayinevi.com.tr\/index.php\/wp-json\/wp\/v2\/media?parent=703076"}],"wp:term":[{"taxonomy":"product_brand","embeddable":true,"href":"https:\/\/roveyayinevi.com.tr\/index.php\/wp-json\/wp\/v2\/product_brand?post=703076"},{"taxonomy":"product_cat","embeddable":true,"href":"https:\/\/roveyayinevi.com.tr\/index.php\/wp-json\/wp\/v2\/product_cat?post=703076"},{"taxonomy":"product_tag","embeddable":true,"href":"https:\/\/roveyayinevi.com.tr\/index.php\/wp-json\/wp\/v2\/product_tag?post=703076"}],"curies":[{"name":"wp","href":"https:\/\/api.w.org\/{rel}","templated":true}]}}