{"id":703074,"date":"2025-08-27T15:22:11","date_gmt":"2025-08-27T12:22:11","guid":{"rendered":"https:\/\/roveyayinevi.com.tr\/index.php\/urun\/neden-bir-degini\/"},"modified":"2026-04-16T02:12:29","modified_gmt":"2026-04-15T23:12:29","slug":"neden-bir-degini","status":"publish","type":"product","link":"https:\/\/roveyayinevi.com.tr\/index.php\/urun\/neden-bir-degini\/","title":{"rendered":"Neden &#8211; Bir De\u011fini"},"content":{"rendered":"<p>Thomas Bernhard otobiyografik be\u015flemesinin ilk kitab\u0131 Neden \u2013 Bir De\u011fini\u2019de orta ve lise \u00f6\u011frenim d\u00f6neminde ya\u015fad\u0131klar\u0131n\u0131 son derece \u00e7arp\u0131c\u0131 bir bi\u00e7imde yans\u0131t\u0131yor. Do\u011fal g\u00fczellikleri fa\u015fist ve Katolik yap\u0131s\u0131yla g\u00f6lgelenen Salzburg\u2019da yeti\u015fen bir gencin ruhen k\u00f6t\u00fcr\u00fcmle\u015fmesi yaln\u0131zca bombard\u0131manlara ve sava\u015f\u0131n y\u0131k\u0131c\u0131 etkilerine ba\u011fl\u0131 de\u011fildir. \u00d6nce Nasyonal Sosyalizmin, sonra Katolikli\u011fin \u00e7arklar\u0131 aras\u0131nda \u00f6\u011f\u00fct\u00fclen \u015fey, k\u00f6rpe zihinlerin yarat\u0131c\u0131l\u0131\u011f\u0131d\u0131r ve bu karanl\u0131k i\u00e7inde intihar daima cazip bir kurtulu\u015f kayna\u011f\u0131d\u0131r. Bernhard, kendi ya\u015fanm\u0131\u015fl\u0131klar\u0131ndan dam\u0131tt\u0131\u011f\u0131 eserinde, her zamanki sert, ele\u015ftirel \u00fcslubu ve derinlikli sorgulamalar\u0131yla bask\u0131 ve disiplinin, aile ve e\u011fitimin k\u00f6relticili\u011fine \u0131\u015f\u0131k tutarken ayn\u0131 zamanda da bir kar\u015f\u0131 \u00e7\u0131k\u0131\u015f, bir direni\u015f destan\u0131 yaratmay\u0131 ba\u015far\u0131yor\u2026 <\/p>\n","protected":false},"excerpt":{"rendered":"<p>Thomas Bernhard otobiyografik be\u015flemesinin ilk kitab\u0131 Neden \u2013 Bir De\u011fini\u2019de orta ve lise \u00f6\u011frenim d\u00f6neminde ya\u015fad\u0131klar\u0131n\u0131 son derece \u00e7arp\u0131c\u0131 bir bi\u00e7imde yans\u0131t\u0131yor. Do\u011fal g\u00fczellikleri fa\u015fist ve<span class=\"excerpt-hellip\"> [\u2026]<\/span><\/p>\n","protected":false},"featured_media":0,"template":"","meta":{"_monsterinsights_skip_tracking":false,"_monsterinsights_sitenote_active":false,"_monsterinsights_sitenote_note":"","_monsterinsights_sitenote_category":0},"product_brand":[],"product_cat":[12777,12291],"product_tag":[],"class_list":{"0":"post-703074","1":"product","2":"type-product","3":"status-publish","5":"product_cat-deneme","6":"product_cat-edebiyat","7":"pa_cilt-ciltsiz","8":"pa_tur-kitap","9":"pa_yayinevi-sel-yayincilik","10":"pa_yazar-thomas-bernhard","12":"first","13":"instock","14":"sale","15":"shipping-taxable","16":"purchasable","17":"product-type-simple"},"_links":{"self":[{"href":"https:\/\/roveyayinevi.com.tr\/index.php\/wp-json\/wp\/v2\/product\/703074","targetHints":{"allow":["GET"]}}],"collection":[{"href":"https:\/\/roveyayinevi.com.tr\/index.php\/wp-json\/wp\/v2\/product"}],"about":[{"href":"https:\/\/roveyayinevi.com.tr\/index.php\/wp-json\/wp\/v2\/types\/product"}],"wp:attachment":[{"href":"https:\/\/roveyayinevi.com.tr\/index.php\/wp-json\/wp\/v2\/media?parent=703074"}],"wp:term":[{"taxonomy":"product_brand","embeddable":true,"href":"https:\/\/roveyayinevi.com.tr\/index.php\/wp-json\/wp\/v2\/product_brand?post=703074"},{"taxonomy":"product_cat","embeddable":true,"href":"https:\/\/roveyayinevi.com.tr\/index.php\/wp-json\/wp\/v2\/product_cat?post=703074"},{"taxonomy":"product_tag","embeddable":true,"href":"https:\/\/roveyayinevi.com.tr\/index.php\/wp-json\/wp\/v2\/product_tag?post=703074"}],"curies":[{"name":"wp","href":"https:\/\/api.w.org\/{rel}","templated":true}]}}