{"id":703067,"date":"2025-08-27T15:22:08","date_gmt":"2025-08-27T12:22:08","guid":{"rendered":"https:\/\/roveyayinevi.com.tr\/index.php\/urun\/soylesen\/"},"modified":"2026-04-16T02:12:29","modified_gmt":"2026-04-15T23:12:29","slug":"soylesen","status":"publish","type":"product","link":"https:\/\/roveyayinevi.com.tr\/index.php\/urun\/soylesen\/","title":{"rendered":"S\u00f6yleSen"},"content":{"rendered":"<p>Hayat\u0131n bize f\u0131s\u0131ldad\u0131\u011f\u0131, insan\u0131n di\u011fer insanlarla ili\u015fkisini insanile\u015ftirmek; dostluk, arkada\u015fl\u0131k, yolda\u015fl\u0131k gibi yitirilmeye y\u00fcz tutmu\u015f de\u011ferleri hayat\u0131m\u0131za \u00e7a\u011f\u0131rmakt\u0131r. Hayat\u0131n bizden \u00f6ncekilere dediklerini de unutamay\u0131z. B\u00f6yle olunca da, yaz\u0131l\u0131 ve s\u00f6zl\u00fc k\u00fclt\u00fcr\u00fcn tamam\u0131 temel kaynaklard\u0131r. S\u00f6z\u00fcn\u00fc etti\u011fimiz bu k\u00fclt\u00fcr tarihseldir ve s\u00fcreklidir. Hem tarihi hem k\u00fclt\u00fcr\u00fc, belli tan\u0131m \u00e7er\u00e7evesinde donmu\u015f olarak g\u00f6rmeyece\u011fimize g\u00f6re, tarih yaz\u0131c\u0131s\u0131n\u0131n k\u00fclt\u00fcrel bellekten, k\u00fclt\u00fcr\u00fcn de tarih yaz\u0131c\u0131s\u0131ndan ba\u011f\u0131ms\u0131z olamayaca\u011f\u0131n\u0131 san\u0131yorum. Belle\u011fin ta\u015f\u0131y\u0131c\u0131l\u0131\u011f\u0131, soyutlamalar yaparak k\u00fclt\u00fcr\u00fcn de\u011fi\u015fen ve de\u011fi\u015ftirilen \u00f6zelli\u011fini aktarmas\u0131na ba\u011fl\u0131d\u0131r. Belle\u011fin, ili\u015fkileri koruyup saklama g\u00fcc\u00fc, dahas\u0131, ya\u015fant\u0131lar\u0131n deneyim s\u00fczgecinden ge\u00e7irilerek biriktirilmesi de sanat i\u00e7in yeterli de\u011fildir. Unutman\u0131n da belle\u011fi bi\u00e7imlendirdi\u011fini d\u00fc\u015f\u00fcn\u00fcrsek, kaygan bir zeminle kar\u015f\u0131kar\u015f\u0131yay\u0131z demektir. Varolu\u015f s\u00fcreci olarak edinilen deneyimleri payla\u015fma edimi bir yazar\u0131n arzusudur. S\u00f6yleSen, bu ba\u011flamda k\u00fclt\u00fcr, edebiyat ba\u011flam\u0131nda benimle s\u00f6yle\u015filerden olu\u015fuyor; bir yazar\u0131n elli y\u0131l\u0131 a\u015fan yazma s\u00fcrecindeki yolculu\u011funu dillendirmesi bak\u0131m\u0131ndan kitap olmay\u0131 hakediyor diye de d\u00fc\u015f\u00fcn\u00fclebilir.  <\/p>\n","protected":false},"excerpt":{"rendered":"<p>Hayat\u0131n bize f\u0131s\u0131ldad\u0131\u011f\u0131, insan\u0131n di\u011fer insanlarla ili\u015fkisini insanile\u015ftirmek; dostluk, arkada\u015fl\u0131k, yolda\u015fl\u0131k gibi yitirilmeye y\u00fcz tutmu\u015f de\u011ferleri hayat\u0131m\u0131za \u00e7a\u011f\u0131rmakt\u0131r. Hayat\u0131n bizden \u00f6ncekilere dediklerini de unutamay\u0131z. B\u00f6yle olunca<span class=\"excerpt-hellip\"> [\u2026]<\/span><\/p>\n","protected":false},"featured_media":0,"template":"","meta":{"_monsterinsights_skip_tracking":false,"_monsterinsights_sitenote_active":false,"_monsterinsights_sitenote_note":"","_monsterinsights_sitenote_category":0},"product_brand":[],"product_cat":[12291,30969],"product_tag":[],"class_list":{"0":"post-703067","1":"product","2":"type-product","3":"status-publish","5":"product_cat-edebiyat","6":"product_cat-soylesi-edebiyat","7":"pa_cilt-ciltsiz","8":"pa_tur-kitap","9":"pa_yayinevi-everest-yayinlari","10":"pa_yazar-ahmet-telli","12":"first","13":"instock","14":"sale","15":"shipping-taxable","16":"purchasable","17":"product-type-simple"},"_links":{"self":[{"href":"https:\/\/roveyayinevi.com.tr\/index.php\/wp-json\/wp\/v2\/product\/703067","targetHints":{"allow":["GET"]}}],"collection":[{"href":"https:\/\/roveyayinevi.com.tr\/index.php\/wp-json\/wp\/v2\/product"}],"about":[{"href":"https:\/\/roveyayinevi.com.tr\/index.php\/wp-json\/wp\/v2\/types\/product"}],"wp:attachment":[{"href":"https:\/\/roveyayinevi.com.tr\/index.php\/wp-json\/wp\/v2\/media?parent=703067"}],"wp:term":[{"taxonomy":"product_brand","embeddable":true,"href":"https:\/\/roveyayinevi.com.tr\/index.php\/wp-json\/wp\/v2\/product_brand?post=703067"},{"taxonomy":"product_cat","embeddable":true,"href":"https:\/\/roveyayinevi.com.tr\/index.php\/wp-json\/wp\/v2\/product_cat?post=703067"},{"taxonomy":"product_tag","embeddable":true,"href":"https:\/\/roveyayinevi.com.tr\/index.php\/wp-json\/wp\/v2\/product_tag?post=703067"}],"curies":[{"name":"wp","href":"https:\/\/api.w.org\/{rel}","templated":true}]}}