{"id":703065,"date":"2025-08-27T15:22:07","date_gmt":"2025-08-27T12:22:07","guid":{"rendered":"https:\/\/roveyayinevi.com.tr\/index.php\/urun\/eldivenlerimi-kim-caliyor\/"},"modified":"2026-04-16T02:12:29","modified_gmt":"2026-04-15T23:12:29","slug":"eldivenlerimi-kim-caliyor","status":"publish","type":"product","link":"https:\/\/roveyayinevi.com.tr\/index.php\/urun\/eldivenlerimi-kim-caliyor\/","title":{"rendered":"Eldivenlerimi Kim \u00c7al\u0131yor?"},"content":{"rendered":"<p>Eldivenler nereye gider? Moli, b\u00fcy\u00fckannesinin \u00f6rd\u00fc\u011f\u00fc eldivenleri kullanmay\u0131 \u00e7ok seviyor. Ancak eldivenlerin teki s\u00fcrekli kayboldu\u011fu i\u00e7in hep yeni eldiven istemek zorunda kal\u0131yor. Kay\u0131p eldivenlerinin pe\u015fine d\u00fc\u015ft\u00fc\u011f\u00fcndeyse bir s\u00fcrprizle kar\u015f\u0131la\u015f\u0131yor.<\/p>\n","protected":false},"excerpt":{"rendered":"<p>Eldivenler nereye gider? Moli, b\u00fcy\u00fckannesinin \u00f6rd\u00fc\u011f\u00fc eldivenleri kullanmay\u0131 \u00e7ok seviyor. Ancak eldivenlerin teki s\u00fcrekli kayboldu\u011fu i\u00e7in hep yeni eldiven istemek zorunda kal\u0131yor. Kay\u0131p eldivenlerinin pe\u015fine d\u00fc\u015ft\u00fc\u011f\u00fcndeyse<span class=\"excerpt-hellip\"> [\u2026]<\/span><\/p>\n","protected":false},"featured_media":0,"template":"","meta":{"_monsterinsights_skip_tracking":false,"_monsterinsights_sitenote_active":false,"_monsterinsights_sitenote_note":"","_monsterinsights_sitenote_category":0},"product_brand":[],"product_cat":[12274,12284],"product_tag":[],"class_list":{"0":"post-703065","1":"product","2":"type-product","3":"status-publish","5":"product_cat-cocuk-ve-genclik-kitaplari","6":"product_cat-hikayeler","7":"pa_cilt-ciltsiz","8":"pa_tur-kitap","9":"pa_yayinevi-can-cocuk-yayinlari","10":"pa_yazar-melek-ozlem-sezer","12":"first","13":"instock","14":"sale","15":"shipping-taxable","16":"purchasable","17":"product-type-simple"},"_links":{"self":[{"href":"https:\/\/roveyayinevi.com.tr\/index.php\/wp-json\/wp\/v2\/product\/703065","targetHints":{"allow":["GET"]}}],"collection":[{"href":"https:\/\/roveyayinevi.com.tr\/index.php\/wp-json\/wp\/v2\/product"}],"about":[{"href":"https:\/\/roveyayinevi.com.tr\/index.php\/wp-json\/wp\/v2\/types\/product"}],"wp:attachment":[{"href":"https:\/\/roveyayinevi.com.tr\/index.php\/wp-json\/wp\/v2\/media?parent=703065"}],"wp:term":[{"taxonomy":"product_brand","embeddable":true,"href":"https:\/\/roveyayinevi.com.tr\/index.php\/wp-json\/wp\/v2\/product_brand?post=703065"},{"taxonomy":"product_cat","embeddable":true,"href":"https:\/\/roveyayinevi.com.tr\/index.php\/wp-json\/wp\/v2\/product_cat?post=703065"},{"taxonomy":"product_tag","embeddable":true,"href":"https:\/\/roveyayinevi.com.tr\/index.php\/wp-json\/wp\/v2\/product_tag?post=703065"}],"curies":[{"name":"wp","href":"https:\/\/api.w.org\/{rel}","templated":true}]}}