{"id":703060,"date":"2025-08-27T15:22:04","date_gmt":"2025-08-27T12:22:04","guid":{"rendered":"https:\/\/roveyayinevi.com.tr\/index.php\/urun\/girdap\/"},"modified":"2026-04-16T02:12:28","modified_gmt":"2026-04-15T23:12:28","slug":"girdap","status":"publish","type":"product","link":"https:\/\/roveyayinevi.com.tr\/index.php\/urun\/girdap\/","title":{"rendered":"Girdap"},"content":{"rendered":"<p>G\u00fcn\u00fcm\u00fczde: Jackson ve Holly birbirini tan\u0131m\u0131yor. Gelecekte: Ajan Holly, Jackson\u2019\u0131n pe\u015fine d\u00fc\u015fecek.Ge\u00e7mi\u015fte: Jackson zaman ak\u0131\u015f\u0131n\u0131 de\u011fi\u015ftirmeyi \u00f6\u011frenmeli.D\u00fcnya tehlikededir. Sevdi\u011fi kad\u0131n\u0131 kaybeden Jackson ise kimi kurtaraca\u011f\u0131na karar vermek zorundad\u0131r.Jackson Meyer, zaman yolculu\u011fu tehditleriyle u\u011fra\u015fan CIA birimi F\u0131rt\u0131na\u2019ya ajan olarak kat\u0131lm\u0131\u015f ve hayat\u0131n\u0131n a\u015fk\u0131n\u0131 kaybetmenin ac\u0131s\u0131na ra\u011fmen yetkin bir ajan oldu\u011funu kan\u0131tlam\u0131\u015ft\u0131r. Ancak tarihin ak\u0131\u015f\u0131nda de\u011fi\u015fiklik yaparak kurtard\u0131\u011f\u0131 Holly\u2019yle tesad\u00fcfen kar\u015f\u0131la\u015ft\u0131\u011f\u0131nda, Jackson kaybettiklerini yeniden an\u0131msar. G\u00f6z Duvar\u0131 adl\u0131 rakip bir \u00f6rg\u00fct ortaya \u00e7\u0131kt\u0131\u011f\u0131nda, gen\u00e7 ajan ve dostlar\u0131 kendilerini sald\u0131r\u0131 alt\u0131nda bulacaklard\u0131r. Jackson ise d\u00fcnyan\u0131n de\u011fi\u015fti\u011fini, birilerinin Holly\u2019yle silinmi\u015f ili\u015fkisinden haberdar oldu\u011funu ve ikisinin de hayat\u0131n\u0131 tekrar tehlikeye att\u0131\u011f\u0131n\u0131 anlayacakt\u0131r&#8230; \u201cHer dakikas\u0131nda ayr\u0131 bir heyecan ya\u015famaya haz\u0131r olun.\u201d- RT Book Reviews\u201cSerinin hayranlar\u0131 gen\u00e7 CIA ajan\u0131 Jackson Meyer\u2019\u0131n s\u00fcrprizlerle dolu yeni maceralar\u0131n\u0131 d\u00f6rt g\u00f6zle bekleyecekler.\u201d- Examiner.com<\/p>\n","protected":false},"excerpt":{"rendered":"<p>G\u00fcn\u00fcm\u00fczde: Jackson ve Holly birbirini tan\u0131m\u0131yor. Gelecekte: Ajan Holly, Jackson\u2019\u0131n pe\u015fine d\u00fc\u015fecek.Ge\u00e7mi\u015fte: Jackson zaman ak\u0131\u015f\u0131n\u0131 de\u011fi\u015ftirmeyi \u00f6\u011frenmeli.D\u00fcnya tehlikededir. Sevdi\u011fi kad\u0131n\u0131 kaybeden Jackson ise kimi kurtaraca\u011f\u0131na karar<span class=\"excerpt-hellip\"> [\u2026]<\/span><\/p>\n","protected":false},"featured_media":0,"template":"","meta":{"_monsterinsights_skip_tracking":false,"_monsterinsights_sitenote_active":false,"_monsterinsights_sitenote_note":"","_monsterinsights_sitenote_category":0},"product_brand":[],"product_cat":[12291,12711],"product_tag":[],"class_list":{"0":"post-703060","1":"product","2":"type-product","3":"status-publish","5":"product_cat-edebiyat","6":"product_cat-roman-oyku","7":"pa_cilt-ciltsiz","8":"pa_tur-kitap","9":"pa_yayinevi-pegasus-yayinlari","10":"pa_yazar-julie-cross","12":"first","13":"instock","14":"sale","15":"shipping-taxable","16":"purchasable","17":"product-type-simple"},"_links":{"self":[{"href":"https:\/\/roveyayinevi.com.tr\/index.php\/wp-json\/wp\/v2\/product\/703060","targetHints":{"allow":["GET"]}}],"collection":[{"href":"https:\/\/roveyayinevi.com.tr\/index.php\/wp-json\/wp\/v2\/product"}],"about":[{"href":"https:\/\/roveyayinevi.com.tr\/index.php\/wp-json\/wp\/v2\/types\/product"}],"wp:attachment":[{"href":"https:\/\/roveyayinevi.com.tr\/index.php\/wp-json\/wp\/v2\/media?parent=703060"}],"wp:term":[{"taxonomy":"product_brand","embeddable":true,"href":"https:\/\/roveyayinevi.com.tr\/index.php\/wp-json\/wp\/v2\/product_brand?post=703060"},{"taxonomy":"product_cat","embeddable":true,"href":"https:\/\/roveyayinevi.com.tr\/index.php\/wp-json\/wp\/v2\/product_cat?post=703060"},{"taxonomy":"product_tag","embeddable":true,"href":"https:\/\/roveyayinevi.com.tr\/index.php\/wp-json\/wp\/v2\/product_tag?post=703060"}],"curies":[{"name":"wp","href":"https:\/\/api.w.org\/{rel}","templated":true}]}}