{"id":703057,"date":"2025-08-27T15:22:03","date_gmt":"2025-08-27T12:22:03","guid":{"rendered":"https:\/\/roveyayinevi.com.tr\/index.php\/urun\/citir-citir-felsefe-serisi-27-olmak-ve-sahip-olmak\/"},"modified":"2026-04-16T02:12:28","modified_gmt":"2026-04-15T23:12:28","slug":"citir-citir-felsefe-serisi-27-olmak-ve-sahip-olmak","status":"publish","type":"product","link":"https:\/\/roveyayinevi.com.tr\/index.php\/urun\/citir-citir-felsefe-serisi-27-olmak-ve-sahip-olmak\/","title":{"rendered":"\u00c7\u0131t\u0131r \u00c7\u0131t\u0131r Felsefe Serisi 27 &#8211; Olmak ve Sahip Olmak"},"content":{"rendered":"<p>T\u00fcm d\u00fcnyada her ya\u015ftan okurla bulu\u015fan \u201c\u00c7\u0131t\u0131r \u00c7\u0131t\u0131r Felsefe\u201d dizisinin yarat\u0131c\u0131s\u0131 Brigitte Labb\u00e9, bu kitab\u0131nda bir \u015fey olmak ve bir \u015feye sahip olmak konular\u0131 \u00fczerine d\u00fc\u015f\u00fcnd\u00fcr\u00fcyor. Bu kavramlar\u0131n birbirini i\u00e7erdi\u011fini anlatan yazar, bir \u015feye sahip olma tercihini yaparken bir \u015fey olmay\u0131 da se\u00e7ti\u011fimizi ifade ediyor. Kitap, insan\u0131n her zaman cesur, korkak, c\u00f6mert, kibar ya da sinirli olamayaca\u011f\u0131n\u0131, bilinci ve tercihleri y\u00f6n\u00fcnde d\u00f6n\u00fc\u015febilece\u011fini vurgularken, bir \u00e7ocu\u011fa \u201ctembelsin\u201d demekle \u201ctembellik etme\u201d demenin farkl\u0131 \u015feyler oldu\u011funu hat\u0131rlat\u0131yor. Belli bir etiketle yaftalanan bireyin, bu durumu i\u00e7selle\u015ftirdi\u011fini, oysa ki insan\u0131n her zaman de\u011fi\u015fme potansiyeline sahip oldu\u011funu, g\u00fcndelik ya\u015famdan mizah dolu \u00e7arp\u0131c\u0131 \u00f6rneklerle betimliyor. Her \u015feye sahip bireylerle, ya\u015fam\u0131ndan ve bedeninden ba\u015fka bir \u015feye sahip olmayan bireyler \u00fczerine de d\u00fc\u015f\u00fcnd\u00fcren kitap, her ya\u015ftan okurun akl\u0131n\u0131 kurcalayan \u00f6nemli bir konuyu tart\u0131\u015fmaya a\u00e7\u0131yor.Brigitte Labb\u00e9\u2019nin d\u00fc\u015f\u00fcnmeye davet eden \u00f6zg\u00fcrl\u00fck\u00e7\u00fc yakla\u015f\u0131m\u0131 ve g\u00fc\u00e7l\u00fc anlat\u0131m\u0131 kadar, Jacques Azam\u2019\u0131n karikat\u00fcr tad\u0131ndaki renkli resimleriyle de benzersiz \u201c\u00c7\u0131t\u0131r \u00c7\u0131t\u0131r Felsefe\u201d dizisi, \u00e7e\u015fitli \u00fclkelerde oldu\u011fu gibi, \u00fclkemizde de bir\u00e7ok okulun en \u00e7ok \u00f6nerdi\u011fi kitaplar aras\u0131nda yer al\u0131yor. Ya\u015fam\u0131 ve d\u00fcnyan\u0131n i\u015fleyi\u015fini anlamaya \u00e7al\u0131\u015fan \u00e7ocuklara yard\u0131mc\u0131 olacak temel sorularla kurgulanan kitaplar, farkl\u0131 bir kavram\u0131, g\u00fcnl\u00fck ya\u015famda s\u0131k\u00e7a kar\u015f\u0131la\u015ft\u0131\u011f\u0131m\u0131z \u00f6rnek olaylarla \u00f6yk\u00fcle\u015ftirerek tart\u0131\u015f\u0131yor. Dizi, \u00f6\u011fretmenler ve anne babalar taraf\u0131ndan da severek okunuyor. \ufffc<\/p>\n","protected":false},"excerpt":{"rendered":"<p>T\u00fcm d\u00fcnyada her ya\u015ftan okurla bulu\u015fan \u201c\u00c7\u0131t\u0131r \u00c7\u0131t\u0131r Felsefe\u201d dizisinin yarat\u0131c\u0131s\u0131 Brigitte Labb\u00e9, bu kitab\u0131nda bir \u015fey olmak ve bir \u015feye sahip olmak konular\u0131 \u00fczerine d\u00fc\u015f\u00fcnd\u00fcr\u00fcyor.<span class=\"excerpt-hellip\"> [\u2026]<\/span><\/p>\n","protected":false},"featured_media":0,"template":"","meta":{"_monsterinsights_skip_tracking":false,"_monsterinsights_sitenote_active":false,"_monsterinsights_sitenote_note":"","_monsterinsights_sitenote_category":0},"product_brand":[],"product_cat":[12389,12388],"product_tag":[],"class_list":{"0":"post-703057","1":"product","2":"type-product","3":"status-publish","5":"product_cat-diger-felsefe","6":"product_cat-felsefe","7":"pa_cilt-ciltsiz","8":"pa_tur-kitap","9":"pa_yayinevi-gunisigi-kitapligi","10":"pa_yazar-brigitte-labbe","12":"first","13":"instock","14":"sale","15":"shipping-taxable","16":"purchasable","17":"product-type-simple"},"_links":{"self":[{"href":"https:\/\/roveyayinevi.com.tr\/index.php\/wp-json\/wp\/v2\/product\/703057","targetHints":{"allow":["GET"]}}],"collection":[{"href":"https:\/\/roveyayinevi.com.tr\/index.php\/wp-json\/wp\/v2\/product"}],"about":[{"href":"https:\/\/roveyayinevi.com.tr\/index.php\/wp-json\/wp\/v2\/types\/product"}],"wp:attachment":[{"href":"https:\/\/roveyayinevi.com.tr\/index.php\/wp-json\/wp\/v2\/media?parent=703057"}],"wp:term":[{"taxonomy":"product_brand","embeddable":true,"href":"https:\/\/roveyayinevi.com.tr\/index.php\/wp-json\/wp\/v2\/product_brand?post=703057"},{"taxonomy":"product_cat","embeddable":true,"href":"https:\/\/roveyayinevi.com.tr\/index.php\/wp-json\/wp\/v2\/product_cat?post=703057"},{"taxonomy":"product_tag","embeddable":true,"href":"https:\/\/roveyayinevi.com.tr\/index.php\/wp-json\/wp\/v2\/product_tag?post=703057"}],"curies":[{"name":"wp","href":"https:\/\/api.w.org\/{rel}","templated":true}]}}