{"id":703053,"date":"2025-08-27T15:22:02","date_gmt":"2025-08-27T12:22:02","guid":{"rendered":"https:\/\/roveyayinevi.com.tr\/index.php\/urun\/klasik-metotlar-hanon\/"},"modified":"2026-04-16T02:12:28","modified_gmt":"2026-04-15T23:12:28","slug":"klasik-metotlar-hanon","status":"publish","type":"product","link":"https:\/\/roveyayinevi.com.tr\/index.php\/urun\/klasik-metotlar-hanon\/","title":{"rendered":"Klasik Metotlar &#8211; Hanon"},"content":{"rendered":"<p>Hanon ileri seviyede kendini yeti\u015ftirmek isteyen, \u00f6zellikle teknik geli\u015fimi \u00f6n planda tutan \u00e7ok ba\u015far\u0131l\u0131 bir kitapt\u0131r. Uzun y\u0131llard\u0131r Avrupa ve T\u00fcrkiye&#8217;de yo\u011fun ilgi g\u00f6rmektedir. Ayr\u0131ca yeni yaz\u0131lan bir \u00e7ok e\u011fitim metoduna ilham kayna\u011f\u0131 olmu\u015f ve et\u00fctler bir\u00e7ok farkl\u0131 enstr\u00fcman ve m\u00fczik t\u00fcr\u00fcne de adapte edilmi\u015ftir.<\/p>\n","protected":false},"excerpt":{"rendered":"<p>Hanon ileri seviyede kendini yeti\u015ftirmek isteyen, \u00f6zellikle teknik geli\u015fimi \u00f6n planda tutan \u00e7ok ba\u015far\u0131l\u0131 bir kitapt\u0131r. Uzun y\u0131llard\u0131r Avrupa ve T\u00fcrkiye&#8217;de yo\u011fun ilgi g\u00f6rmektedir. Ayr\u0131ca yeni<span class=\"excerpt-hellip\"> [\u2026]<\/span><\/p>\n","protected":false},"featured_media":0,"template":"","meta":{"_monsterinsights_skip_tracking":false,"_monsterinsights_sitenote_active":false,"_monsterinsights_sitenote_note":"","_monsterinsights_sitenote_category":0},"product_brand":[],"product_cat":[14556,14557],"product_tag":[],"class_list":{"0":"post-703053","1":"product","2":"type-product","3":"status-publish","5":"product_cat-muzik","6":"product_cat-nota-kitaplari","7":"pa_cilt-ciltsiz","8":"pa_tur-kitap","9":"pa_yayinevi-porte-muzik-egitim-merkezi","10":"pa_yazar-c-l-hanon","12":"first","13":"instock","14":"sale","15":"shipping-taxable","16":"purchasable","17":"product-type-simple"},"_links":{"self":[{"href":"https:\/\/roveyayinevi.com.tr\/index.php\/wp-json\/wp\/v2\/product\/703053","targetHints":{"allow":["GET"]}}],"collection":[{"href":"https:\/\/roveyayinevi.com.tr\/index.php\/wp-json\/wp\/v2\/product"}],"about":[{"href":"https:\/\/roveyayinevi.com.tr\/index.php\/wp-json\/wp\/v2\/types\/product"}],"wp:attachment":[{"href":"https:\/\/roveyayinevi.com.tr\/index.php\/wp-json\/wp\/v2\/media?parent=703053"}],"wp:term":[{"taxonomy":"product_brand","embeddable":true,"href":"https:\/\/roveyayinevi.com.tr\/index.php\/wp-json\/wp\/v2\/product_brand?post=703053"},{"taxonomy":"product_cat","embeddable":true,"href":"https:\/\/roveyayinevi.com.tr\/index.php\/wp-json\/wp\/v2\/product_cat?post=703053"},{"taxonomy":"product_tag","embeddable":true,"href":"https:\/\/roveyayinevi.com.tr\/index.php\/wp-json\/wp\/v2\/product_tag?post=703053"}],"curies":[{"name":"wp","href":"https:\/\/api.w.org\/{rel}","templated":true}]}}