{"id":703041,"date":"2025-08-27T15:21:57","date_gmt":"2025-08-27T12:21:57","guid":{"rendered":"https:\/\/roveyayinevi.com.tr\/index.php\/urun\/lejyoner\/"},"modified":"2026-04-16T02:12:28","modified_gmt":"2026-04-15T23:12:28","slug":"lejyoner","status":"publish","type":"product","link":"https:\/\/roveyayinevi.com.tr\/index.php\/urun\/lejyoner\/","title":{"rendered":"Lejyoner"},"content":{"rendered":"<p>Bir saat sonra Fontenay Sous Bois&#8217;dayd\u0131. \u0130lk g\u00f6rd\u00fc\u011f\u00fc ki\u015fi bir polis memuruydu. Ona Fort de Nogent&#8217;in nerede oldu\u011funu sordu. Polis bir s\u00fcre tipini tetkik etti ve \u0130ngilizce; M\u00f6sy\u00f6 h\u00fcviyetinizi g\u00f6rebilir miyim? dedi. Alman pasaportunu \u00e7\u0131kard\u0131 Murat. Polise verdi. Polis birka\u00e7 kere hem y\u00fcz\u00fcne hem de pasaporttaki resme bakt\u0131: Yabanc\u0131lar Lejyonu\u2019na m\u0131 ba\u015fvuracaks\u0131n gen\u00e7 adam? \u015eu istikamette gidece\u011fin yer dedi, pasaportunu geri verdi ve; Evlat iyi d\u00fc\u015f\u00fcnd\u00fcn m\u00fc? Herhalde d\u00fc\u015f\u00fcnm\u00fc\u015fs\u00fcnd\u00fcr. Ba\u015far\u0131lar dilerim. \u00c7ocuk ya\u015ftaki gen\u00e7 adam yaln\u0131zd\u0131, \u00e7ok yaln\u0131zd\u0131. Ama korkusuzdu. \u00c7\u00fcnk\u00fc \u00e7aresizlik ona korkuyu unutturmu\u015ftu. Bir hayal aleminde gibiydi. Yeni yolunun ilk ad\u0131mlar\u0131 burada, filmlerden izledi\u011fi bu hayal aleminde ba\u015flayacakt\u0131. <\/p>\n","protected":false},"excerpt":{"rendered":"<p>Bir saat sonra Fontenay Sous Bois&#8217;dayd\u0131. \u0130lk g\u00f6rd\u00fc\u011f\u00fc ki\u015fi bir polis memuruydu. Ona Fort de Nogent&#8217;in nerede oldu\u011funu sordu. Polis bir s\u00fcre tipini tetkik etti ve<span class=\"excerpt-hellip\"> [\u2026]<\/span><\/p>\n","protected":false},"featured_media":0,"template":"","meta":{"_monsterinsights_skip_tracking":false,"_monsterinsights_sitenote_active":false,"_monsterinsights_sitenote_note":"","_monsterinsights_sitenote_category":0},"product_brand":[],"product_cat":[12291,12711],"product_tag":[],"class_list":{"0":"post-703041","1":"product","2":"type-product","3":"status-publish","5":"product_cat-edebiyat","6":"product_cat-roman-oyku","7":"pa_cilt-ciltsiz","8":"pa_tur-kitap","9":"pa_yayinevi-bencekitap","10":"pa_yazar-mehmet-ali-kulebi","12":"first","13":"instock","14":"sale","15":"shipping-taxable","16":"purchasable","17":"product-type-simple"},"_links":{"self":[{"href":"https:\/\/roveyayinevi.com.tr\/index.php\/wp-json\/wp\/v2\/product\/703041","targetHints":{"allow":["GET"]}}],"collection":[{"href":"https:\/\/roveyayinevi.com.tr\/index.php\/wp-json\/wp\/v2\/product"}],"about":[{"href":"https:\/\/roveyayinevi.com.tr\/index.php\/wp-json\/wp\/v2\/types\/product"}],"wp:attachment":[{"href":"https:\/\/roveyayinevi.com.tr\/index.php\/wp-json\/wp\/v2\/media?parent=703041"}],"wp:term":[{"taxonomy":"product_brand","embeddable":true,"href":"https:\/\/roveyayinevi.com.tr\/index.php\/wp-json\/wp\/v2\/product_brand?post=703041"},{"taxonomy":"product_cat","embeddable":true,"href":"https:\/\/roveyayinevi.com.tr\/index.php\/wp-json\/wp\/v2\/product_cat?post=703041"},{"taxonomy":"product_tag","embeddable":true,"href":"https:\/\/roveyayinevi.com.tr\/index.php\/wp-json\/wp\/v2\/product_tag?post=703041"}],"curies":[{"name":"wp","href":"https:\/\/api.w.org\/{rel}","templated":true}]}}