{"id":703036,"date":"2025-08-27T15:21:07","date_gmt":"2025-08-27T12:21:07","guid":{"rendered":"https:\/\/roveyayinevi.com.tr\/index.php\/urun\/hikayeler-2-2\/"},"modified":"2026-04-16T02:12:28","modified_gmt":"2026-04-15T23:12:28","slug":"hikayeler-2-2","status":"publish","type":"product","link":"https:\/\/roveyayinevi.com.tr\/index.php\/urun\/hikayeler-2-2\/","title":{"rendered":"Hikayeler &#8211; 2"},"content":{"rendered":"<p>\u201cAnlat\u0131m\u0131nda yer yer alayc\u0131 bir bak\u0131\u015f a\u00e7\u0131s\u0131 sezilen \u00f6yk\u00fclerinde en \u00e7ok Zonguldak ve \u00e7evresiyle k\u00f6m\u00fcr havzas\u0131ndaki olaylar\u0131, kent ve kent insan\u0131n\u0131n kendisiyle ve \u00e7evresiyle olan ili\u015fkilerini i\u015fliyordu. \u00d6yk\u00fcc\u00fcl\u00fc\u011f\u00fcm\u00fczde d\u0131\u015f g\u00f6zlemle anlat\u0131lm\u0131\u015f en g\u00fczel tip \u00f6yk\u00fclerine Mehmet Seyda\u2019da rastlayabiliriz. As\u0131l ba\u015far\u0131l\u0131 \u00f6yk\u00fcleri de san\u0131r\u0131m tiplerin anlat\u0131ld\u0131\u011f\u0131 bu \u00f6yk\u00fclerdir.\u201d <\/p>\n","protected":false},"excerpt":{"rendered":"<p>\u201cAnlat\u0131m\u0131nda yer yer alayc\u0131 bir bak\u0131\u015f a\u00e7\u0131s\u0131 sezilen \u00f6yk\u00fclerinde en \u00e7ok Zonguldak ve \u00e7evresiyle k\u00f6m\u00fcr havzas\u0131ndaki olaylar\u0131, kent ve kent insan\u0131n\u0131n kendisiyle ve \u00e7evresiyle olan ili\u015fkilerini<span class=\"excerpt-hellip\"> [\u2026]<\/span><\/p>\n","protected":false},"featured_media":0,"template":"","meta":{"_monsterinsights_skip_tracking":false,"_monsterinsights_sitenote_active":false,"_monsterinsights_sitenote_note":"","_monsterinsights_sitenote_category":0},"product_brand":[],"product_cat":[12291,12711],"product_tag":[],"class_list":{"0":"post-703036","1":"product","2":"type-product","3":"status-publish","5":"product_cat-edebiyat","6":"product_cat-roman-oyku","7":"pa_tur-kitap","8":"pa_yayinevi-bilge-kultur-sanat","9":"pa_yazar-mehmet-seyda","11":"first","12":"instock","13":"sale","14":"shipping-taxable","15":"purchasable","16":"product-type-simple"},"_links":{"self":[{"href":"https:\/\/roveyayinevi.com.tr\/index.php\/wp-json\/wp\/v2\/product\/703036","targetHints":{"allow":["GET"]}}],"collection":[{"href":"https:\/\/roveyayinevi.com.tr\/index.php\/wp-json\/wp\/v2\/product"}],"about":[{"href":"https:\/\/roveyayinevi.com.tr\/index.php\/wp-json\/wp\/v2\/types\/product"}],"wp:attachment":[{"href":"https:\/\/roveyayinevi.com.tr\/index.php\/wp-json\/wp\/v2\/media?parent=703036"}],"wp:term":[{"taxonomy":"product_brand","embeddable":true,"href":"https:\/\/roveyayinevi.com.tr\/index.php\/wp-json\/wp\/v2\/product_brand?post=703036"},{"taxonomy":"product_cat","embeddable":true,"href":"https:\/\/roveyayinevi.com.tr\/index.php\/wp-json\/wp\/v2\/product_cat?post=703036"},{"taxonomy":"product_tag","embeddable":true,"href":"https:\/\/roveyayinevi.com.tr\/index.php\/wp-json\/wp\/v2\/product_tag?post=703036"}],"curies":[{"name":"wp","href":"https:\/\/api.w.org\/{rel}","templated":true}]}}