{"id":703034,"date":"2025-08-27T15:21:07","date_gmt":"2025-08-27T12:21:07","guid":{"rendered":"https:\/\/roveyayinevi.com.tr\/index.php\/urun\/neoliberalizm-ve-3-dunya-savasi\/"},"modified":"2026-04-16T02:12:28","modified_gmt":"2026-04-15T23:12:28","slug":"neoliberalizm-ve-3-dunya-savasi","status":"publish","type":"product","link":"https:\/\/roveyayinevi.com.tr\/index.php\/urun\/neoliberalizm-ve-3-dunya-savasi\/","title":{"rendered":"Neoliberalizm ve 3. D\u00fcnya Sava\u015f\u0131"},"content":{"rendered":"<p>\u0130nsanl\u0131k b\u00fcy\u00fck bir yol ayr\u0131m\u0131na gelmi\u015f bulunuyor. Bir yandan giderek \u00e7\u00fcr\u00fcyen bir kapitalist sistem   k\u00fcreselle\u015fme   ad\u0131 alt\u0131nda b\u00fct\u00fcn d\u00fcnyaya dayat\u0131l\u0131yor; di\u011fer yandan 2. D\u00fcnya Sava\u015f\u0131&#8217;ndan \u00f6nce ya\u015fanan B\u00fcy\u00fck Bunal\u0131m&#8217;a benzer bir tehdidin hayaleti ortal\u0131kta dola\u015f\u0131yor. \u00dcstelik bu kez tehdit sadece Avrupa&#8217;y\u0131 de\u011fil b\u00fct\u00fcn gezegenimizi ilgilendiriyor. Y\u0131k\u0131lmaz gibi g\u00f6r\u00fcnen ABD&#8217;nin ve Avrupa&#8217;n\u0131n sorunlar\u0131 giderek art\u0131yor. Ama ABD sessiz sedas\u0131z k\u00f6\u015fesine \u00e7ekilmeye niyetli de\u011fil. K\u0131sacas\u0131 ge\u00e7mi\u015fte her zaman sava\u015fa yol a\u00e7m\u0131\u015f olan b\u00fcy\u00fck oyun yeniden sahneleniyor. 3. D\u00fcnya Sava\u015f\u0131 insanl\u0131\u011f\u0131n ve d\u00fcnyan\u0131n sorunlar\u0131na kafa yoran ayd\u0131nlar\u0131n g\u00fcndemine girdi bile. <\/p>\n","protected":false},"excerpt":{"rendered":"<p>\u0130nsanl\u0131k b\u00fcy\u00fck bir yol ayr\u0131m\u0131na gelmi\u015f bulunuyor. Bir yandan giderek \u00e7\u00fcr\u00fcyen bir kapitalist sistem k\u00fcreselle\u015fme ad\u0131 alt\u0131nda b\u00fct\u00fcn d\u00fcnyaya dayat\u0131l\u0131yor; di\u011fer yandan 2. D\u00fcnya Sava\u015f\u0131&#8217;ndan \u00f6nce<span class=\"excerpt-hellip\"> [\u2026]<\/span><\/p>\n","protected":false},"featured_media":0,"template":"","meta":{"_monsterinsights_skip_tracking":false,"_monsterinsights_sitenote_active":false,"_monsterinsights_sitenote_note":"","_monsterinsights_sitenote_category":0},"product_brand":[],"product_cat":[12338,12337],"product_tag":[],"class_list":{"0":"post-703034","1":"product","2":"type-product","3":"status-publish","5":"product_cat-dunya-siyaseti-ve-politikasi","6":"product_cat-politika-siyaset","7":"pa_tur-kitap","8":"pa_yayinevi-kirmizi-kedi-yayinevi","9":"pa_yazar-alpaslan-isikli","11":"first","12":"instock","13":"sale","14":"shipping-taxable","15":"purchasable","16":"product-type-simple"},"_links":{"self":[{"href":"https:\/\/roveyayinevi.com.tr\/index.php\/wp-json\/wp\/v2\/product\/703034","targetHints":{"allow":["GET"]}}],"collection":[{"href":"https:\/\/roveyayinevi.com.tr\/index.php\/wp-json\/wp\/v2\/product"}],"about":[{"href":"https:\/\/roveyayinevi.com.tr\/index.php\/wp-json\/wp\/v2\/types\/product"}],"wp:attachment":[{"href":"https:\/\/roveyayinevi.com.tr\/index.php\/wp-json\/wp\/v2\/media?parent=703034"}],"wp:term":[{"taxonomy":"product_brand","embeddable":true,"href":"https:\/\/roveyayinevi.com.tr\/index.php\/wp-json\/wp\/v2\/product_brand?post=703034"},{"taxonomy":"product_cat","embeddable":true,"href":"https:\/\/roveyayinevi.com.tr\/index.php\/wp-json\/wp\/v2\/product_cat?post=703034"},{"taxonomy":"product_tag","embeddable":true,"href":"https:\/\/roveyayinevi.com.tr\/index.php\/wp-json\/wp\/v2\/product_tag?post=703034"}],"curies":[{"name":"wp","href":"https:\/\/api.w.org\/{rel}","templated":true}]}}

Neoliberalizm ve 3. Dünya Savaşı

<p>İnsanlık büyük bir yol ayrımına gelmiş bulunuyor. Bir yandan giderek çürüyen bir kapitalist sistem   küreselleşme   adı altında bütün dünyaya dayatılıyor; diğer yandan 2. Dünya Savaşı&#8217;ndan önce yaşanan Büyük Bunalım&#8217;a benzer bir tehdidin hayaleti ortalıkta dolaşıyor. Üstelik bu kez tehdit sadece Avrupa&#8217;yı değil bütün gezegenimizi ilgilendiriyor. Yıkılmaz gibi görünen ABD&#8217;nin ve Avrupa&#8217;nın sorunları giderek artıyor. Ama ABD sessiz sedasız köşesine çekilmeye niyetli değil. Kısacası geçmişte her zaman savaşa yol açmış olan büyük oyun yeniden sahneleniyor. 3. Dünya Savaşı insanlığın ve dünyanın sorunlarına kafa yoran aydınların gündemine girdi bile. </p>

<p>İnsanlık büyük bir yol ayrımına gelmiş bulunuyor. Bir yandan giderek çürüyen bir kapitalist sistem küreselleşme adı altında bütün dünyaya dayatılıyor; diğer yandan 2. Dünya Savaşı&#8217;ndan önce<span class="excerpt-hellip"> […]</span></p>
