{"id":703031,"date":"2025-08-27T15:21:05","date_gmt":"2025-08-27T12:21:05","guid":{"rendered":"https:\/\/roveyayinevi.com.tr\/index.php\/urun\/babam-sut-pesinde\/"},"modified":"2026-04-16T02:12:28","modified_gmt":"2026-04-15T23:12:28","slug":"babam-sut-pesinde","status":"publish","type":"product","link":"https:\/\/roveyayinevi.com.tr\/index.php\/urun\/babam-sut-pesinde\/","title":{"rendered":"Babam S\u00fct Pe\u015finde"},"content":{"rendered":"<p>Koralin , Y\u0131ld\u0131z Tozu , Mezarl\u0131k Kitab\u0131 gibi d\u00fcnya \u00e7ap\u0131nda b\u00fcy\u00fck ilgi g\u00f6ren kitaplar\u0131n Carnegie ve Newbery Madalyal\u0131 yazar\u0131 Neil Gaiman\u2019dan kahkahalarla okunacak s\u0131ra d\u0131\u015f\u0131 bir s\u00fct hikayesi!G\u00fcne iyi ba\u015flayabilmek i\u00e7in g\u00fczel bir kahvalt\u0131 yapmak \u015fart ku\u015fkusuz. Mis gibi k\u0131zarm\u0131\u015f ekmek, biraz tereya\u011f\u0131, lezzetli peynirler, ev yap\u0131m\u0131 re\u00e7eller ve daha neler neler&#8230; \u0130\u015fte tam da b\u00f6yle bir sofran\u0131n hayaliyle g\u00fcne uyanan iki karde\u015f kahvalt\u0131 haz\u0131rlamak i\u00e7in buzdolab\u0131n\u0131 a\u00e7t\u0131klar\u0131nda b\u00fcy\u00fck bir sorunla kar\u015f\u0131la\u015ft\u0131lar. Afiyetle sofraya oturabilmeleri i\u00e7in \u00f6nemli bir eksikleri vard\u0131: Islak-beyaz-i\u00e7ecek-\u015fey. Yani S\u00fct!A\u00e7l\u0131ktan kar\u0131nlar\u0131 guruldayan \u00e7ocuklar\u0131n\u0131n hayal k\u0131r\u0131kl\u0131\u011f\u0131na kay\u0131ts\u0131z kalamayan babalar\u0131 bir \u015fi\u015fe s\u00fct almak i\u00e7in solu\u011fu evlerinin k\u00f6\u015fesindeki bakkalda ald\u0131. Fakat dakikalar dakikalar\u0131 kovalad\u0131. Be\u015f dakikal\u0131\u011f\u0131na evden ayr\u0131lan babalar\u0131 bir t\u00fcrl\u00fc eve d\u00f6nmek bilmedi. Ta ki, uzun s\u00fcre sonra elinde bir \u015fi\u015fe s\u00fct ve ceplerinde heyecan dolu ser\u00fcvenlerle evin kap\u0131s\u0131nda belirene kadar&#8230;Peki, s\u00fct almak \u00fczere bakkala giden bir baban\u0131n eve bu kadar ge\u00e7 d\u00f6nmesine ne gibi tuhaf olaylar sebep olmu\u015f olabilir?a. \u00c7ok \u00e7ok uzak bir evrenden d\u00fcnyam\u0131za gelen, biraz ye\u015fil, olduk\u00e7a toparlak ve huysuz ki\u015filer taraf\u0131ndan ka\u00e7\u0131r\u0131lmak.b. 18. y\u00fczy\u0131la geri d\u00f6n\u00fcp Korsanlar Krali\u00e7esi ile \u00f6l\u00fcm pazarl\u0131\u011f\u0131na tutu\u015fmak.c. Ki\u015fi-Ta\u015f\u0131y\u0131c\u0131-U\u00e7an-K\u00fcre (nam-\u0131 di\u011fer u\u00e7an hava balonu) ile y\u00fcz elli milyon y\u0131l gelece\u011fe gitmek.d. Mucit bir Stegosaurus &#8216;la zaman makinesinin s\u0131rlar\u0131n\u0131 ke\u015ffetmek.e. Hepsi ve \u00e7ok \u00e7ok daha fazlas\u0131&#8230;S\u0131rt\u0131 dikenli koca bir dinozor, rengarenk midilliler, korsanlar, uzayl\u0131lar, k\u00f6t\u00fc kalpli vamfirler, \u00e7ok mutsuz g\u00f6r\u00fcnen bir yanarda\u011f tanr\u0131s\u0131, pirana dolu b\u00fcy\u00fck bir \u00e7anak ve daha nicelerinin hikayeye ortak oldu\u011fu ba\u015f d\u00f6nd\u00fcr\u00fcc\u00fc bir macera sizleri bekliyor!S\u0131n\u0131r tan\u0131maz yarat\u0131c\u0131l\u0131\u011f\u0131 ve g\u00fc\u00e7l\u00fc kalemiyle \u00e7a\u011fda\u015f d\u00fcnya edebiyat\u0131n\u0131n \u00f6nde gelen yazarlar\u0131ndan Neil Gaiman ve g\u00f6z al\u0131c\u0131 \u00e7izimleriyle renkli bir d\u00fcnyan\u0131n kap\u0131lar\u0131n\u0131 aralayan \u00f6d\u00fcll\u00fc karikat\u00fcrist Skottie Young\u2019tan okurlar\u0131na zaman\u0131 unutturacak kadar e\u011flenceli, ball\u0131 s\u00fct tad\u0131nda bir macera&#8230;Unutmay\u0131n, s\u00fct varsa, umut da vard\u0131r.<\/p>\n","protected":false},"excerpt":{"rendered":"<p>Koralin , Y\u0131ld\u0131z Tozu , Mezarl\u0131k Kitab\u0131 gibi d\u00fcnya \u00e7ap\u0131nda b\u00fcy\u00fck ilgi g\u00f6ren kitaplar\u0131n Carnegie ve Newbery Madalyal\u0131 yazar\u0131 Neil Gaiman\u2019dan kahkahalarla okunacak s\u0131ra d\u0131\u015f\u0131 bir<span class=\"excerpt-hellip\"> [\u2026]<\/span><\/p>\n","protected":false},"featured_media":0,"template":"","meta":{"_monsterinsights_skip_tracking":false,"_monsterinsights_sitenote_active":false,"_monsterinsights_sitenote_note":"","_monsterinsights_sitenote_category":0},"product_brand":[],"product_cat":[12274,12284],"product_tag":[],"class_list":{"0":"post-703031","1":"product","2":"type-product","3":"status-publish","5":"product_cat-cocuk-ve-genclik-kitaplari","6":"product_cat-hikayeler","7":"pa_cilt-ciltsiz","8":"pa_tur-kitap","9":"pa_yayinevi-tudem-yayinlari","10":"pa_yazar-neil-gaiman","12":"first","13":"instock","14":"sale","15":"shipping-taxable","16":"purchasable","17":"product-type-simple"},"_links":{"self":[{"href":"https:\/\/roveyayinevi.com.tr\/index.php\/wp-json\/wp\/v2\/product\/703031","targetHints":{"allow":["GET"]}}],"collection":[{"href":"https:\/\/roveyayinevi.com.tr\/index.php\/wp-json\/wp\/v2\/product"}],"about":[{"href":"https:\/\/roveyayinevi.com.tr\/index.php\/wp-json\/wp\/v2\/types\/product"}],"wp:attachment":[{"href":"https:\/\/roveyayinevi.com.tr\/index.php\/wp-json\/wp\/v2\/media?parent=703031"}],"wp:term":[{"taxonomy":"product_brand","embeddable":true,"href":"https:\/\/roveyayinevi.com.tr\/index.php\/wp-json\/wp\/v2\/product_brand?post=703031"},{"taxonomy":"product_cat","embeddable":true,"href":"https:\/\/roveyayinevi.com.tr\/index.php\/wp-json\/wp\/v2\/product_cat?post=703031"},{"taxonomy":"product_tag","embeddable":true,"href":"https:\/\/roveyayinevi.com.tr\/index.php\/wp-json\/wp\/v2\/product_tag?post=703031"}],"curies":[{"name":"wp","href":"https:\/\/api.w.org\/{rel}","templated":true}]}}