{"id":703028,"date":"2025-08-27T15:21:04","date_gmt":"2025-08-27T12:21:04","guid":{"rendered":"https:\/\/roveyayinevi.com.tr\/index.php\/urun\/trenler-de-ahsaptir\/"},"modified":"2026-04-16T02:12:28","modified_gmt":"2026-04-15T23:12:28","slug":"trenler-de-ahsaptir","status":"publish","type":"product","link":"https:\/\/roveyayinevi.com.tr\/index.php\/urun\/trenler-de-ahsaptir\/","title":{"rendered":"Trenler de Ah\u015fapt\u0131r"},"content":{"rendered":"<p>Trenler de Ah\u015fapt\u0131r\u2019da d\u00f6rt b\u00f6l\u00fcmde toplanan yaz\u0131lar trenleri, tren yolculu\u011funu, istasyonlar\u0131, garlar\u0131 \u00f6zellikle yazar\u0131n\u0131n hayat\u0131nda \u00f6nemli yer tutan Eski\u015fehir, Haydarpa\u015fa, Ankara garlar\u0131n\u0131 ve bu mek\u00e2nlar\u0131n kendisinde b\u0131rakt\u0131\u011f\u0131 izlenimleri, an\u0131lar\u0131yla birlikte anlat\u0131yor. Bir \u015fair olan Haydar Erg\u00fclen sevdi\u011fi b\u00fct\u00fcn \u015fairlerin \u015fiirlerinden al\u0131nt\u0131larla zenginle\u015ftirmi\u015f yaz\u0131lar\u0131n\u0131. Cemal S\u00fcreya\u2019dan Beh\u00e7et Necatigil\u2019e, Mehmet \u00c2kif Ersoy\u2019dan N\u00e2z\u0131m Hikmet\u2019e kadar pek \u00e7ok \u015fair ve dizeleri yer al\u0131yor kitapta. Yazar bizi 30-40 y\u0131l \u00f6ncesinden ba\u015flayarak nostaljik yolculuklara \u00e7\u0131kar\u0131yor, trenle yap\u0131lan yolculuklar\u0131 neden \u00e7ok sevdi\u011fini anekdotlar, an\u0131lar, g\u00f6zlemler kanal\u0131yla, \u00f6zlemle ve \u015fiirsel bir dille anlat\u0131yor. Haydar Erg\u00fclen iyi bir \u015fair oldu\u011fu kadar iyi bir deneme yazar\u0131 da. Bu kitap bunu fazlas\u0131yla kan\u0131tl\u0131yor.\u201cTren gelir, y\u00fcz\u00fcn gelir, h\u00fcz\u00fcn gelir, tutup \u2018trenler de ah\u015fapt\u0131r\u2019 deyi\u015fim ba\u015fka neden olacak, elbette bundand\u0131r, ah\u015fap an\u0131lar\u0131 da ancak ah\u015fap yolcular ta\u015f\u0131r \u00e7\u00fcnk\u00fc. Zira ah\u015fap kendinden \u00e7ok ba\u015fkas\u0131n\u0131 ta\u015f\u0131yand\u0131r benim i\u00e7in. O y\u00fczden k\u0131ymetlim olan her \u015feyin bir ad\u0131 da ah\u015fapt\u0131r.\u201d<\/p>\n","protected":false},"excerpt":{"rendered":"<p>Trenler de Ah\u015fapt\u0131r\u2019da d\u00f6rt b\u00f6l\u00fcmde toplanan yaz\u0131lar trenleri, tren yolculu\u011funu, istasyonlar\u0131, garlar\u0131 \u00f6zellikle yazar\u0131n\u0131n hayat\u0131nda \u00f6nemli yer tutan Eski\u015fehir, Haydarpa\u015fa, Ankara garlar\u0131n\u0131 ve bu mek\u00e2nlar\u0131n kendisinde<span class=\"excerpt-hellip\"> [\u2026]<\/span><\/p>\n","protected":false},"featured_media":0,"template":"","meta":{"_monsterinsights_skip_tracking":false,"_monsterinsights_sitenote_active":false,"_monsterinsights_sitenote_note":"","_monsterinsights_sitenote_category":0},"product_brand":[],"product_cat":[12777,12291],"product_tag":[],"class_list":{"0":"post-703028","1":"product","2":"type-product","3":"status-publish","5":"product_cat-deneme","6":"product_cat-edebiyat","7":"pa_cilt-ciltsiz","8":"pa_tur-kitap","9":"pa_yayinevi-kirmizi-kedi-yayinevi","10":"pa_yazar-haydar-ergulen","12":"first","13":"instock","14":"sale","15":"shipping-taxable","16":"purchasable","17":"product-type-simple"},"_links":{"self":[{"href":"https:\/\/roveyayinevi.com.tr\/index.php\/wp-json\/wp\/v2\/product\/703028","targetHints":{"allow":["GET"]}}],"collection":[{"href":"https:\/\/roveyayinevi.com.tr\/index.php\/wp-json\/wp\/v2\/product"}],"about":[{"href":"https:\/\/roveyayinevi.com.tr\/index.php\/wp-json\/wp\/v2\/types\/product"}],"wp:attachment":[{"href":"https:\/\/roveyayinevi.com.tr\/index.php\/wp-json\/wp\/v2\/media?parent=703028"}],"wp:term":[{"taxonomy":"product_brand","embeddable":true,"href":"https:\/\/roveyayinevi.com.tr\/index.php\/wp-json\/wp\/v2\/product_brand?post=703028"},{"taxonomy":"product_cat","embeddable":true,"href":"https:\/\/roveyayinevi.com.tr\/index.php\/wp-json\/wp\/v2\/product_cat?post=703028"},{"taxonomy":"product_tag","embeddable":true,"href":"https:\/\/roveyayinevi.com.tr\/index.php\/wp-json\/wp\/v2\/product_tag?post=703028"}],"curies":[{"name":"wp","href":"https:\/\/api.w.org\/{rel}","templated":true}]}}