{"id":703019,"date":"2025-08-27T15:21:01","date_gmt":"2025-08-27T12:21:01","guid":{"rendered":"https:\/\/roveyayinevi.com.tr\/index.php\/urun\/ku-de-ta-adada-son-darbe\/"},"modified":"2026-04-16T02:12:28","modified_gmt":"2026-04-15T23:12:28","slug":"ku-de-ta-adada-son-darbe","status":"publish","type":"product","link":"https:\/\/roveyayinevi.com.tr\/index.php\/urun\/ku-de-ta-adada-son-darbe\/","title":{"rendered":"Ku-De-Ta : Ada&#8217;da Son Darbe"},"content":{"rendered":"<p>Duayen gazeteci C\u00fcneyt Arcay\u00fcrek, Kenan Evren cuntas\u0131 d\u00f6nemindeki yo\u011fun sans\u00fcr-bask\u0131 ortam\u0131na ra\u011fmen cesur bir hamleyle yay\u0131nlanan ve T\u00fcrkiye\u2019deki sosyopolitik durumu hicvederek b\u00fcy\u00fck ses getiren ilk Ku-De-Ta kitab\u0131n\u0131n ard\u0131ndan 30 y\u0131l sonra serinin \u00fc\u00e7\u00fcnc\u00fc kitab\u0131n\u0131 kaleme ald\u0131. D\u00fc\u015fsel bir adada ge\u00e7en olaylar\u0131, demokrasi tutkunu bir gazetecinin a\u011fz\u0131ndan anlatan C\u00fcneyt Arcay\u00fcrek, Ada\u2019daki medya-i\u015fadam\u0131-h\u00fck\u00fcmet ili\u015fkileri ve toplumsal bask\u0131 ortam\u0131n\u0131 hicvederek, asl\u0131nda T\u00fcrkiye\u2019de Kenan Evren cuntas\u0131ndan bu yana isimler ve cisimler d\u0131\u015f\u0131nda hi\u00e7bir \u015feyin de\u011fi\u015fmedi\u011fini teatral bir \u00fcslupla \u00e7arp\u0131c\u0131 bir \u015fekilde ortaya koyuyor. <\/p>\n","protected":false},"excerpt":{"rendered":"<p>Duayen gazeteci C\u00fcneyt Arcay\u00fcrek, Kenan Evren cuntas\u0131 d\u00f6nemindeki yo\u011fun sans\u00fcr-bask\u0131 ortam\u0131na ra\u011fmen cesur bir hamleyle yay\u0131nlanan ve T\u00fcrkiye\u2019deki sosyopolitik durumu hicvederek b\u00fcy\u00fck ses getiren ilk Ku-De-Ta<span class=\"excerpt-hellip\"> [\u2026]<\/span><\/p>\n","protected":false},"featured_media":0,"template":"","meta":{"_monsterinsights_skip_tracking":false,"_monsterinsights_sitenote_active":false,"_monsterinsights_sitenote_note":"","_monsterinsights_sitenote_category":0},"product_brand":[],"product_cat":[12291,12711],"product_tag":[],"class_list":{"0":"post-703019","1":"product","2":"type-product","3":"status-publish","5":"product_cat-edebiyat","6":"product_cat-roman-oyku","7":"pa_tur-kitap","8":"pa_yayinevi-kirmizi-kedi-yayinevi","9":"pa_yazar-cuneyt-arcayurek","11":"first","12":"instock","13":"sale","14":"shipping-taxable","15":"purchasable","16":"product-type-simple"},"_links":{"self":[{"href":"https:\/\/roveyayinevi.com.tr\/index.php\/wp-json\/wp\/v2\/product\/703019","targetHints":{"allow":["GET"]}}],"collection":[{"href":"https:\/\/roveyayinevi.com.tr\/index.php\/wp-json\/wp\/v2\/product"}],"about":[{"href":"https:\/\/roveyayinevi.com.tr\/index.php\/wp-json\/wp\/v2\/types\/product"}],"wp:attachment":[{"href":"https:\/\/roveyayinevi.com.tr\/index.php\/wp-json\/wp\/v2\/media?parent=703019"}],"wp:term":[{"taxonomy":"product_brand","embeddable":true,"href":"https:\/\/roveyayinevi.com.tr\/index.php\/wp-json\/wp\/v2\/product_brand?post=703019"},{"taxonomy":"product_cat","embeddable":true,"href":"https:\/\/roveyayinevi.com.tr\/index.php\/wp-json\/wp\/v2\/product_cat?post=703019"},{"taxonomy":"product_tag","embeddable":true,"href":"https:\/\/roveyayinevi.com.tr\/index.php\/wp-json\/wp\/v2\/product_tag?post=703019"}],"curies":[{"name":"wp","href":"https:\/\/api.w.org\/{rel}","templated":true}]}}