{"id":703018,"date":"2025-08-27T15:21:01","date_gmt":"2025-08-27T12:21:01","guid":{"rendered":"https:\/\/roveyayinevi.com.tr\/index.php\/urun\/burada-gomuludur-2-cilt\/"},"modified":"2026-04-16T02:12:28","modified_gmt":"2026-04-15T23:12:28","slug":"burada-gomuludur-2-cilt","status":"publish","type":"product","link":"https:\/\/roveyayinevi.com.tr\/index.php\/urun\/burada-gomuludur-2-cilt\/","title":{"rendered":"Burada G\u00f6m\u00fcl\u00fcd\u00fcr 2.Cilt"},"content":{"rendered":"<p>Kendimi Ba\u011f\u0131\u015fl\u0131yorum Sonra&#8230;Hangi nehirler s\u0131\u011fmaz yataklar\u0131na bilirimG\u00f6r\u00fcr\u00fcm, her duru\u015fun bir inceli\u011fi vard\u0131rGen\u00e7li\u011fim tutu\u015fturur ellerimiOysa bir kavgan\u0131n ye\u015feren tomurcu\u011funaSu ta\u015f\u0131yan da bendimEllerinin kanad\u0131\u011f\u0131n\u0131 g\u00f6r\u00fcp a\u011flayan da&#8230;G\u00f6zlerim bir yandan g\u00fcnd\u00fcz\u00fc sarmalarBir yanda geceyi \u00e7a\u011f\u0131r\u0131r<\/p>\n","protected":false},"excerpt":{"rendered":"<p>Kendimi Ba\u011f\u0131\u015fl\u0131yorum Sonra&#8230;Hangi nehirler s\u0131\u011fmaz yataklar\u0131na bilirimG\u00f6r\u00fcr\u00fcm, her duru\u015fun bir inceli\u011fi vard\u0131rGen\u00e7li\u011fim tutu\u015fturur ellerimiOysa bir kavgan\u0131n ye\u015feren tomurcu\u011funaSu ta\u015f\u0131yan da bendimEllerinin kanad\u0131\u011f\u0131n\u0131 g\u00f6r\u00fcp a\u011flayan da&#8230;G\u00f6zlerim bir<span class=\"excerpt-hellip\"> [\u2026]<\/span><\/p>\n","protected":false},"featured_media":0,"template":"","meta":{"_monsterinsights_skip_tracking":false,"_monsterinsights_sitenote_active":false,"_monsterinsights_sitenote_note":"","_monsterinsights_sitenote_category":0},"product_brand":[],"product_cat":[12291,12292],"product_tag":[],"class_list":{"0":"post-703018","1":"product","2":"type-product","3":"status-publish","5":"product_cat-edebiyat","6":"product_cat-turk-edebiyati","7":"pa_cilt-ciltsiz","8":"pa_tur-kitap","9":"pa_yayinevi-kirmizi-kedi-yayinevi","10":"pa_yazar-ahmet-erhan","12":"first","13":"instock","14":"sale","15":"shipping-taxable","16":"purchasable","17":"product-type-simple"},"_links":{"self":[{"href":"https:\/\/roveyayinevi.com.tr\/index.php\/wp-json\/wp\/v2\/product\/703018","targetHints":{"allow":["GET"]}}],"collection":[{"href":"https:\/\/roveyayinevi.com.tr\/index.php\/wp-json\/wp\/v2\/product"}],"about":[{"href":"https:\/\/roveyayinevi.com.tr\/index.php\/wp-json\/wp\/v2\/types\/product"}],"wp:attachment":[{"href":"https:\/\/roveyayinevi.com.tr\/index.php\/wp-json\/wp\/v2\/media?parent=703018"}],"wp:term":[{"taxonomy":"product_brand","embeddable":true,"href":"https:\/\/roveyayinevi.com.tr\/index.php\/wp-json\/wp\/v2\/product_brand?post=703018"},{"taxonomy":"product_cat","embeddable":true,"href":"https:\/\/roveyayinevi.com.tr\/index.php\/wp-json\/wp\/v2\/product_cat?post=703018"},{"taxonomy":"product_tag","embeddable":true,"href":"https:\/\/roveyayinevi.com.tr\/index.php\/wp-json\/wp\/v2\/product_tag?post=703018"}],"curies":[{"name":"wp","href":"https:\/\/api.w.org\/{rel}","templated":true}]}}