{"id":703013,"date":"2025-08-27T15:20:59","date_gmt":"2025-08-27T12:20:59","guid":{"rendered":"https:\/\/roveyayinevi.com.tr\/index.php\/urun\/gilgamis-destani-3\/"},"modified":"2026-02-03T02:21:07","modified_gmt":"2026-02-02T23:21:07","slug":"gilgamis-destani-3","status":"publish","type":"product","link":"https:\/\/roveyayinevi.com.tr\/index.php\/urun\/gilgamis-destani-3\/","title":{"rendered":"G\u0131lgam\u0131\u015f Destan\u0131"},"content":{"rendered":"<p>Ya\u015fam sevgisi, yi\u011fitlik, a\u015fk gibi konular\u0131n i\u015flendi\u011fi bu destan, di\u011fer destanlar gibi insano\u011flunun \u00f6l\u00fcms\u00fczl\u00fck aray\u0131\u015f\u0131n\u0131n kan\u0131tlar\u0131ndan biridir. Sait Maden\u2019in Bat\u0131 kaynaklar\u0131ndan \u00e7evirdi\u011fi G\u0131lgam\u0131\u015f Destan\u0131\u2019n\u0131n, Yunan destan\u0131 \u0130lyada\u2019dan, Hint destan\u0131 Mahabharata\u2019dan be\u015f bin y\u0131l \u00f6ncesinde yaz\u0131ya ge\u00e7irildi\u011fi tahmin edilmektedir. G\u0131lgam\u0131\u015f Destan\u0131, insano\u011flunun ilk yaz\u0131nsal \u00fcr\u00fcn\u00fc, ilk ba\u015fyap\u0131t\u0131d\u0131r. \ufffc<\/p>\n","protected":false},"excerpt":{"rendered":"<p>Ya\u015fam sevgisi, yi\u011fitlik, a\u015fk gibi konular\u0131n i\u015flendi\u011fi bu destan, di\u011fer destanlar gibi insano\u011flunun \u00f6l\u00fcms\u00fczl\u00fck aray\u0131\u015f\u0131n\u0131n kan\u0131tlar\u0131ndan biridir. Sait Maden\u2019in Bat\u0131 kaynaklar\u0131ndan \u00e7evirdi\u011fi G\u0131lgam\u0131\u015f Destan\u0131\u2019n\u0131n, Yunan destan\u0131<span class=\"excerpt-hellip\"> [\u2026]<\/span><\/p>\n","protected":false},"featured_media":0,"template":"","meta":{"_monsterinsights_skip_tracking":false,"_monsterinsights_sitenote_active":false,"_monsterinsights_sitenote_note":"","_monsterinsights_sitenote_category":0},"product_brand":[],"product_cat":[12291,13706],"product_tag":[],"class_list":{"0":"post-703013","1":"product","2":"type-product","3":"status-publish","5":"product_cat-edebiyat","6":"product_cat-efsane-destan-masal","7":"pa_cilt-ciltsiz","8":"pa_tur-kitap","9":"pa_yayinevi-is-bankasi-kultur-yayinlari","10":"pa_yazar-anonim","12":"first","13":"instock","14":"sale","15":"shipping-taxable","16":"purchasable","17":"product-type-simple"},"_links":{"self":[{"href":"https:\/\/roveyayinevi.com.tr\/index.php\/wp-json\/wp\/v2\/product\/703013","targetHints":{"allow":["GET"]}}],"collection":[{"href":"https:\/\/roveyayinevi.com.tr\/index.php\/wp-json\/wp\/v2\/product"}],"about":[{"href":"https:\/\/roveyayinevi.com.tr\/index.php\/wp-json\/wp\/v2\/types\/product"}],"wp:attachment":[{"href":"https:\/\/roveyayinevi.com.tr\/index.php\/wp-json\/wp\/v2\/media?parent=703013"}],"wp:term":[{"taxonomy":"product_brand","embeddable":true,"href":"https:\/\/roveyayinevi.com.tr\/index.php\/wp-json\/wp\/v2\/product_brand?post=703013"},{"taxonomy":"product_cat","embeddable":true,"href":"https:\/\/roveyayinevi.com.tr\/index.php\/wp-json\/wp\/v2\/product_cat?post=703013"},{"taxonomy":"product_tag","embeddable":true,"href":"https:\/\/roveyayinevi.com.tr\/index.php\/wp-json\/wp\/v2\/product_tag?post=703013"}],"curies":[{"name":"wp","href":"https:\/\/api.w.org\/{rel}","templated":true}]}}