{"id":703001,"date":"2025-08-27T15:20:54","date_gmt":"2025-08-27T12:20:54","guid":{"rendered":"https:\/\/roveyayinevi.com.tr\/index.php\/urun\/asma-katli-ev\/"},"modified":"2025-11-06T03:31:37","modified_gmt":"2025-11-06T00:31:37","slug":"asma-katli-ev","status":"publish","type":"product","link":"https:\/\/roveyayinevi.com.tr\/index.php\/urun\/asma-katli-ev\/","title":{"rendered":"Asma Katl\u0131 Ev"},"content":{"rendered":"<p>Asma Katl\u0131 Ev\u2019de \u00c7ehov, 19. y\u00fczy\u0131l \u00c7arl\u0131k Rusyas\u0131\u2019n\u0131n de\u011fi\u015fen toplumsal yap\u0131s\u0131n\u0131 ustal\u0131kla i\u015fler. \u0130nsan\u0131n evrensel sorunlar\u0131n\u0131 g\u00fcnl\u00fck ya\u015fam\u0131n kesitlerini resmederek ve bireyi toplumla ili\u015fkilendirerek yans\u0131t\u0131r. <\/p>\n","protected":false},"excerpt":{"rendered":"<p>Asma Katl\u0131 Ev\u2019de \u00c7ehov, 19. y\u00fczy\u0131l \u00c7arl\u0131k Rusyas\u0131\u2019n\u0131n de\u011fi\u015fen toplumsal yap\u0131s\u0131n\u0131 ustal\u0131kla i\u015fler. \u0130nsan\u0131n evrensel sorunlar\u0131n\u0131 g\u00fcnl\u00fck ya\u015fam\u0131n kesitlerini resmederek ve bireyi toplumla ili\u015fkilendirerek yans\u0131t\u0131r.<\/p>\n","protected":false},"featured_media":0,"template":"","meta":{"_monsterinsights_skip_tracking":false,"_monsterinsights_sitenote_active":false,"_monsterinsights_sitenote_note":"","_monsterinsights_sitenote_category":0},"product_brand":[],"product_cat":[12291,13570],"product_tag":[],"class_list":{"0":"post-703001","1":"product","2":"type-product","3":"status-publish","5":"product_cat-edebiyat","6":"product_cat-rus-edebiyati","7":"pa_tur-kitap","8":"pa_yayinevi-antik-kitap","9":"pa_yazar-anton-pavlovic-cehov","11":"first","12":"instock","13":"sale","14":"shipping-taxable","15":"purchasable","16":"product-type-simple"},"_links":{"self":[{"href":"https:\/\/roveyayinevi.com.tr\/index.php\/wp-json\/wp\/v2\/product\/703001","targetHints":{"allow":["GET"]}}],"collection":[{"href":"https:\/\/roveyayinevi.com.tr\/index.php\/wp-json\/wp\/v2\/product"}],"about":[{"href":"https:\/\/roveyayinevi.com.tr\/index.php\/wp-json\/wp\/v2\/types\/product"}],"wp:attachment":[{"href":"https:\/\/roveyayinevi.com.tr\/index.php\/wp-json\/wp\/v2\/media?parent=703001"}],"wp:term":[{"taxonomy":"product_brand","embeddable":true,"href":"https:\/\/roveyayinevi.com.tr\/index.php\/wp-json\/wp\/v2\/product_brand?post=703001"},{"taxonomy":"product_cat","embeddable":true,"href":"https:\/\/roveyayinevi.com.tr\/index.php\/wp-json\/wp\/v2\/product_cat?post=703001"},{"taxonomy":"product_tag","embeddable":true,"href":"https:\/\/roveyayinevi.com.tr\/index.php\/wp-json\/wp\/v2\/product_tag?post=703001"}],"curies":[{"name":"wp","href":"https:\/\/api.w.org\/{rel}","templated":true}]}}