{"id":703000,"date":"2025-08-27T15:20:54","date_gmt":"2025-08-27T12:20:54","guid":{"rendered":"https:\/\/roveyayinevi.com.tr\/index.php\/urun\/osmanli-tarihcileri\/"},"modified":"2026-04-16T02:12:27","modified_gmt":"2026-04-15T23:12:27","slug":"osmanli-tarihcileri","status":"publish","type":"product","link":"https:\/\/roveyayinevi.com.tr\/index.php\/urun\/osmanli-tarihcileri\/","title":{"rendered":"Osmanl\u0131 Tarih\u00e7ileri"},"content":{"rendered":"<p>Bir cihan imparatorlu\u011funun kurucusu Osmanl\u0131. Tarih sahnesinde ilk g\u00f6r\u00fcnd\u00fcklerinde y\u0131l 1285. Beylik, devlet ve imparatorluk tecr\u00fcbelerini ya\u015fayan Osmanl\u0131 \u00fc\u00e7 k\u0131taya h\u00fckmetti. Bu ulu \u00e7\u0131nar\u0131n \u00f6mr\u00fc sona erdi\u011finde y\u0131l 1922 olmu\u015ftu. Tam 637 y\u0131l d\u00fcnya siyaset sahnesinde kalmay\u0131 ba\u015fard\u0131 Osmanl\u0131. Siyas\u00ee varl\u0131\u011f\u0131 sona erdi ama geriye ilim, k\u00fclt\u00fcr ve sanat hayat\u0131na dair pek \u00e7ok eser b\u0131rakt\u0131. Osmanl\u0131 tarih yapmakla kalmad\u0131 ayn\u0131 zamanda kendi tarihini de yazd\u0131. Tarih\u00e7i, edebiyat\u00e7\u0131, \u015fair, siyaset ve devlet adam\u0131,  hattat gibi kalem ustas\u0131, gelecek nesillere Osmanl\u0131\u2019y\u0131 en iyi \u015fekilde anlatmak i\u00e7in \u00e2deta birbirleriyle yar\u0131\u015ft\u0131lar. \u0130mparatorluk tarihinin bu kalemli muhaf\u0131zlar\u0131 kimi genel Osmanl\u0131 tarihi, kimi d\u00fcnya tarihi i\u00e7erisinde Osmanl\u0131 tarihi, kimi sadece kendi ya\u015fad\u0131\u011f\u0131 d\u00f6nemi, kimi bir padi\u015fah d\u00f6nemini, kimi \u015fehn\u00e2me, kimi fetihn\u00e2me, gazavatn\u00e2me yazd\u0131; kimi d\u00fcz yaz\u0131 ile kimi \u015fiirle veya her ikisinin kar\u0131\u015f\u0131m\u0131. Kimi T\u00fcrk\u00e7e a\u011f\u0131rl\u0131kl\u0131 bir dil kullan\u0131rken kimi T\u00fcrk\u00e7enin yan\u0131nda Arap\u00e7a ve Fars\u00e7a s\u00f6zc\u00fcklere de yer vererek bu \u00fc\u00e7 dilin harmanland\u0131\u011f\u0131 bir eser ortaya koydu. Onlar\u0131n bu \u015fuur ve heyecanla yazd\u0131klar\u0131 kaynaklardan \u00f6\u011freniyoruz Osmanl\u0131 tarihini. \u00d6\u011frencisinden \u00f6\u011fretim \u00fcyesine kadar bizlere d\u00fc\u015fen g\u00f6rev ise, \u00f6nce onlar\u0131n hayatlar\u0131n\u0131 \u00f6\u011frenmek sonra da eserlerini okuyup anlamak. S\u00f6z\u00fcn \u00f6z\u00fc, Osmanl\u0131\u2019y\u0131 daha iyi anlaman\u0131n en ger\u00e7ek\u00e7i yolu, imparatorluk k\u00fclt\u00fcr\u00fc ile yeti\u015fmi\u015f se\u00e7kin kalem erbab\u0131n\u0131 ve onlar\u0131n eserlerini tan\u0131makla m\u00fcmk\u00fcn olabilir. Osmanl\u0131 Devleti tarihinin kay\u0131t alt\u0131na al\u0131nmas\u0131nda eme\u011fi ge\u00e7en Osmanl\u0131 tarih\u00e7ilerinin hayatlar\u0131 ve eserleri hakk\u0131nda bilgi edinmek isteyeceklere, y\u00fczy\u0131llara g\u00f6re d\u00fczenlenmi\u015f el kitab\u0131 niteli\u011findeki bu eserle tan\u0131\u015fmalar\u0131 tavsiye olunur. Unutulmamal\u0131d\u0131r ki, literat\u00fcr yani kaynak bilgisi ilmin yar\u0131s\u0131d\u0131r. <\/p>\n","protected":false},"excerpt":{"rendered":"<p>Bir cihan imparatorlu\u011funun kurucusu Osmanl\u0131. Tarih sahnesinde ilk g\u00f6r\u00fcnd\u00fcklerinde y\u0131l 1285. Beylik, devlet ve imparatorluk tecr\u00fcbelerini ya\u015fayan Osmanl\u0131 \u00fc\u00e7 k\u0131taya h\u00fckmetti. Bu ulu \u00e7\u0131nar\u0131n \u00f6mr\u00fc sona<span class=\"excerpt-hellip\"> [\u2026]<\/span><\/p>\n","protected":false},"featured_media":0,"template":"","meta":{"_monsterinsights_skip_tracking":false,"_monsterinsights_sitenote_active":false,"_monsterinsights_sitenote_note":"","_monsterinsights_sitenote_category":0},"product_brand":[],"product_cat":[12573,12566],"product_tag":[],"class_list":{"0":"post-703000","1":"product","2":"type-product","3":"status-publish","5":"product_cat-akademik-kitaplar","6":"product_cat-egitim","7":"pa_cilt-ciltsiz","8":"pa_tur-kitap","9":"pa_yayinevi-bilge-kultur-sanat","10":"pa_yazar-murat-yildiz","12":"first","13":"instock","14":"sale","15":"shipping-taxable","16":"purchasable","17":"product-type-simple"},"_links":{"self":[{"href":"https:\/\/roveyayinevi.com.tr\/index.php\/wp-json\/wp\/v2\/product\/703000","targetHints":{"allow":["GET"]}}],"collection":[{"href":"https:\/\/roveyayinevi.com.tr\/index.php\/wp-json\/wp\/v2\/product"}],"about":[{"href":"https:\/\/roveyayinevi.com.tr\/index.php\/wp-json\/wp\/v2\/types\/product"}],"wp:attachment":[{"href":"https:\/\/roveyayinevi.com.tr\/index.php\/wp-json\/wp\/v2\/media?parent=703000"}],"wp:term":[{"taxonomy":"product_brand","embeddable":true,"href":"https:\/\/roveyayinevi.com.tr\/index.php\/wp-json\/wp\/v2\/product_brand?post=703000"},{"taxonomy":"product_cat","embeddable":true,"href":"https:\/\/roveyayinevi.com.tr\/index.php\/wp-json\/wp\/v2\/product_cat?post=703000"},{"taxonomy":"product_tag","embeddable":true,"href":"https:\/\/roveyayinevi.com.tr\/index.php\/wp-json\/wp\/v2\/product_tag?post=703000"}],"curies":[{"name":"wp","href":"https:\/\/api.w.org\/{rel}","templated":true}]}}