{"id":702983,"date":"2025-08-27T15:20:49","date_gmt":"2025-08-27T12:20:49","guid":{"rendered":"https:\/\/roveyayinevi.com.tr\/index.php\/urun\/acaba-ne-olsam-hukukcu\/"},"modified":"2026-04-16T02:12:27","modified_gmt":"2026-04-15T23:12:27","slug":"acaba-ne-olsam-hukukcu","status":"publish","type":"product","link":"https:\/\/roveyayinevi.com.tr\/index.php\/urun\/acaba-ne-olsam-hukukcu\/","title":{"rendered":"Acaba Ne Olsam? Hukuk\u00e7u"},"content":{"rendered":"<p>B\u00fcy\u00fcy\u00fcnce ne olacaks\u0131n? Doktor, hukuk\u00e7u, m\u00fchendis, bilim insan\u0131? E\u011fer ya\u015f\u0131n hen\u00fcz k\u00fc\u00e7\u00fckse, g\u00f6nl\u00fcnden ge\u00e7en mesle\u011fi se\u00e7mekte \u00f6zg\u00fcrs\u00fcn demektir. Antropolog, itfaiyeci ya da ip cambaz\u0131 olabilmen i\u00e7in hi\u00e7bir engel yok. Ama e\u011fer lise \u00e7a\u011f\u0131ndaysan i\u015fin biraz daha zor say\u0131l\u0131r. Sonu\u00e7ta kim hayat\u0131 boyunca hi\u00e7 sevmeyece\u011fi bir i\u015fte \u00e7al\u0131\u015fmak ister ki? <\/p>\n","protected":false},"excerpt":{"rendered":"<p>B\u00fcy\u00fcy\u00fcnce ne olacaks\u0131n? Doktor, hukuk\u00e7u, m\u00fchendis, bilim insan\u0131? E\u011fer ya\u015f\u0131n hen\u00fcz k\u00fc\u00e7\u00fckse, g\u00f6nl\u00fcnden ge\u00e7en mesle\u011fi se\u00e7mekte \u00f6zg\u00fcrs\u00fcn demektir. Antropolog, itfaiyeci ya da ip cambaz\u0131 olabilmen i\u00e7in<span class=\"excerpt-hellip\"> [\u2026]<\/span><\/p>\n","protected":false},"featured_media":0,"template":"","meta":{"_monsterinsights_skip_tracking":false,"_monsterinsights_sitenote_active":false,"_monsterinsights_sitenote_note":"","_monsterinsights_sitenote_category":0},"product_brand":[],"product_cat":[13829,12274],"product_tag":[],"class_list":{"0":"post-702983","1":"product","2":"type-product","3":"status-publish","5":"product_cat-bilimsel-kitaplar","6":"product_cat-cocuk-ve-genclik-kitaplari","7":"pa_tur-kitap","8":"pa_yayinevi-tudem-yayinlari","9":"pa_yazar-toprak-isik","11":"first","12":"instock","13":"sale","14":"shipping-taxable","15":"purchasable","16":"product-type-simple"},"_links":{"self":[{"href":"https:\/\/roveyayinevi.com.tr\/index.php\/wp-json\/wp\/v2\/product\/702983","targetHints":{"allow":["GET"]}}],"collection":[{"href":"https:\/\/roveyayinevi.com.tr\/index.php\/wp-json\/wp\/v2\/product"}],"about":[{"href":"https:\/\/roveyayinevi.com.tr\/index.php\/wp-json\/wp\/v2\/types\/product"}],"wp:attachment":[{"href":"https:\/\/roveyayinevi.com.tr\/index.php\/wp-json\/wp\/v2\/media?parent=702983"}],"wp:term":[{"taxonomy":"product_brand","embeddable":true,"href":"https:\/\/roveyayinevi.com.tr\/index.php\/wp-json\/wp\/v2\/product_brand?post=702983"},{"taxonomy":"product_cat","embeddable":true,"href":"https:\/\/roveyayinevi.com.tr\/index.php\/wp-json\/wp\/v2\/product_cat?post=702983"},{"taxonomy":"product_tag","embeddable":true,"href":"https:\/\/roveyayinevi.com.tr\/index.php\/wp-json\/wp\/v2\/product_tag?post=702983"}],"curies":[{"name":"wp","href":"https:\/\/api.w.org\/{rel}","templated":true}]}}