{"id":702981,"date":"2025-08-27T15:20:48","date_gmt":"2025-08-27T12:20:48","guid":{"rendered":"https:\/\/roveyayinevi.com.tr\/index.php\/urun\/larten-crepsley-efsanesi-3-kitap-lanetliler-satosu\/"},"modified":"2026-04-16T02:12:27","modified_gmt":"2026-04-15T23:12:27","slug":"larten-crepsley-efsanesi-3-kitap-lanetliler-satosu","status":"publish","type":"product","link":"https:\/\/roveyayinevi.com.tr\/index.php\/urun\/larten-crepsley-efsanesi-3-kitap-lanetliler-satosu\/","title":{"rendered":"Larten Crepsley Efsanesi: 3. Kitap &#8211; Lanetliler \u015eatosu"},"content":{"rendered":"<p>On iki kitapl\u0131k Ucubeler Sirki\u2019ne doyamad\u0131n\u0131z m\u0131? \u00d6yleyse zamanda k\u0131sa bir yolculu\u011fa \u00e7\u0131k\u0131p ge\u00e7mi\u015fe gitmeye haz\u0131r m\u0131s\u0131n\u0131z? 33 \u00fclkede, 30 dile \u00e7evrilen Ucubeler Sirki dizisi ile d\u00fcnya \u00e7ap\u0131nda b\u00fcy\u00fck ba\u015far\u0131 yakalayan, korku edebiyat\u0131n\u0131n \u00e7a\u011fda\u015f ustas\u0131 Darren Shan\u2019\u0131n f\u0131rt\u0131nalar koparan muhte\u015fem serisi Larten Crepsley Efsanesi kald\u0131\u011f\u0131 yerden devam ediyor Ucubeler Sirki&#8217;nden \u00f6nce&#8230; Darren Shan&#8217;dan \u00e7ok \u00f6nce&#8230; <\/p>\n","protected":false},"excerpt":{"rendered":"<p>On iki kitapl\u0131k Ucubeler Sirki\u2019ne doyamad\u0131n\u0131z m\u0131? \u00d6yleyse zamanda k\u0131sa bir yolculu\u011fa \u00e7\u0131k\u0131p ge\u00e7mi\u015fe gitmeye haz\u0131r m\u0131s\u0131n\u0131z? 33 \u00fclkede, 30 dile \u00e7evrilen Ucubeler Sirki dizisi ile<span class=\"excerpt-hellip\"> [\u2026]<\/span><\/p>\n","protected":false},"featured_media":0,"template":"","meta":{"_monsterinsights_skip_tracking":false,"_monsterinsights_sitenote_active":false,"_monsterinsights_sitenote_note":"","_monsterinsights_sitenote_category":0},"product_brand":[],"product_cat":[12291,12711],"product_tag":[],"class_list":{"0":"post-702981","1":"product","2":"type-product","3":"status-publish","5":"product_cat-edebiyat","6":"product_cat-roman-oyku","7":"pa_tur-kitap","8":"pa_yayinevi-tudem-yayinlari","9":"pa_yazar-darren-shan","11":"first","12":"instock","13":"sale","14":"shipping-taxable","15":"purchasable","16":"product-type-simple"},"_links":{"self":[{"href":"https:\/\/roveyayinevi.com.tr\/index.php\/wp-json\/wp\/v2\/product\/702981","targetHints":{"allow":["GET"]}}],"collection":[{"href":"https:\/\/roveyayinevi.com.tr\/index.php\/wp-json\/wp\/v2\/product"}],"about":[{"href":"https:\/\/roveyayinevi.com.tr\/index.php\/wp-json\/wp\/v2\/types\/product"}],"wp:attachment":[{"href":"https:\/\/roveyayinevi.com.tr\/index.php\/wp-json\/wp\/v2\/media?parent=702981"}],"wp:term":[{"taxonomy":"product_brand","embeddable":true,"href":"https:\/\/roveyayinevi.com.tr\/index.php\/wp-json\/wp\/v2\/product_brand?post=702981"},{"taxonomy":"product_cat","embeddable":true,"href":"https:\/\/roveyayinevi.com.tr\/index.php\/wp-json\/wp\/v2\/product_cat?post=702981"},{"taxonomy":"product_tag","embeddable":true,"href":"https:\/\/roveyayinevi.com.tr\/index.php\/wp-json\/wp\/v2\/product_tag?post=702981"}],"curies":[{"name":"wp","href":"https:\/\/api.w.org\/{rel}","templated":true}]}}