{"id":702975,"date":"2025-08-27T15:20:46","date_gmt":"2025-08-27T12:20:46","guid":{"rendered":"https:\/\/roveyayinevi.com.tr\/index.php\/urun\/mahallenin-madonnalari\/"},"modified":"2026-04-16T02:12:27","modified_gmt":"2026-04-15T23:12:27","slug":"mahallenin-madonnalari","status":"publish","type":"product","link":"https:\/\/roveyayinevi.com.tr\/index.php\/urun\/mahallenin-madonnalari\/","title":{"rendered":"Mahallenin Madonnalar\u0131"},"content":{"rendered":"<p>\u201cBu \u00fclkeye, bir zamanlar bizim olan topraklara, t\u0131pk\u0131 h\u0131rs\u0131zlar gibi sessizce girdik\u2026\u201dMahallenin Madonnalar\u0131, Los Angeles\u2019\u0131n y\u0131llar i\u00e7inde de\u011fi\u015fime u\u011frayan bir mahallesindeki Meksika k\u00f6kenli sakinlerin hayatlar\u0131n\u0131 aktar\u0131rken, bir yandan da Amerika ve Meksika k\u00fclt\u00fcrlerinin yak\u0131nla\u015f\u0131p uzakla\u015ft\u0131\u011f\u0131 noktalara dikkat \u00e7ekiyor. Bir temizlik\u00e7i olan Felicia ve k\u0131z\u0131 Aurora, dans etmeye gittikleri mutlu bir g\u00fcn\u00fcn, bir \u00e7ete sava\u015f\u0131n\u0131n kur\u015funlar\u0131yla sona ermesinin ard\u0131ndan, ne kadar u\u011fra\u015f\u0131rlarsa u\u011fra\u015fs\u0131nlar bir daha asla eskisi gibi olamayacaklard\u0131. Aurora\u2019n\u0131n uzaklardaki babas\u0131 Hector bir cinayete tan\u0131k olacak, birdenbire s\u0131n\u0131r d\u0131\u015f\u0131 edilmek ve katillerle su\u00e7 ortakl\u0131\u011f\u0131 yapmak aras\u0131nda bir se\u00e7ime zorlanacakt\u0131. Aurora\u2019n\u0131n eski s\u0131n\u0131f arkada\u015flar\u0131 Duchess ve Angie, Amerikan k\u00fclt\u00fcr\u00fcyle b\u00fcy\u00fcm\u00fc\u015f olsalar da, se\u00e7imleri onlar\u0131 bir daha asla kesi\u015fmeyecek yollara s\u00fcr\u00fckleyecekti. Hayatlar\u0131 \u00e7e\u015fitli tesad\u00fcflerle kesi\u015fip ayr\u0131l\u0131rken, ya\u015famlar\u0131n\u0131n en \u00f6nemli noktas\u0131n\u0131n ne oldu\u011funu anlamak i\u00e7in her biri birer f\u0131rsat yakalayacakt\u0131. <\/p>\n","protected":false},"excerpt":{"rendered":"<p>\u201cBu \u00fclkeye, bir zamanlar bizim olan topraklara, t\u0131pk\u0131 h\u0131rs\u0131zlar gibi sessizce girdik\u2026\u201dMahallenin Madonnalar\u0131, Los Angeles\u2019\u0131n y\u0131llar i\u00e7inde de\u011fi\u015fime u\u011frayan bir mahallesindeki Meksika k\u00f6kenli sakinlerin hayatlar\u0131n\u0131 aktar\u0131rken,<span class=\"excerpt-hellip\"> [\u2026]<\/span><\/p>\n","protected":false},"featured_media":0,"template":"","meta":{"_monsterinsights_skip_tracking":false,"_monsterinsights_sitenote_active":false,"_monsterinsights_sitenote_note":"","_monsterinsights_sitenote_category":0},"product_brand":[],"product_cat":[12291,12711],"product_tag":[],"class_list":{"0":"post-702975","1":"product","2":"type-product","3":"status-publish","5":"product_cat-edebiyat","6":"product_cat-roman-oyku","7":"pa_cilt-ciltsiz","8":"pa_tur-kitap","9":"pa_yayinevi-epsilon-yayinlari","10":"pa_yazar-brando-skyhorse","12":"first","13":"instock","14":"sale","15":"shipping-taxable","16":"purchasable","17":"product-type-simple"},"_links":{"self":[{"href":"https:\/\/roveyayinevi.com.tr\/index.php\/wp-json\/wp\/v2\/product\/702975","targetHints":{"allow":["GET"]}}],"collection":[{"href":"https:\/\/roveyayinevi.com.tr\/index.php\/wp-json\/wp\/v2\/product"}],"about":[{"href":"https:\/\/roveyayinevi.com.tr\/index.php\/wp-json\/wp\/v2\/types\/product"}],"wp:attachment":[{"href":"https:\/\/roveyayinevi.com.tr\/index.php\/wp-json\/wp\/v2\/media?parent=702975"}],"wp:term":[{"taxonomy":"product_brand","embeddable":true,"href":"https:\/\/roveyayinevi.com.tr\/index.php\/wp-json\/wp\/v2\/product_brand?post=702975"},{"taxonomy":"product_cat","embeddable":true,"href":"https:\/\/roveyayinevi.com.tr\/index.php\/wp-json\/wp\/v2\/product_cat?post=702975"},{"taxonomy":"product_tag","embeddable":true,"href":"https:\/\/roveyayinevi.com.tr\/index.php\/wp-json\/wp\/v2\/product_tag?post=702975"}],"curies":[{"name":"wp","href":"https:\/\/api.w.org\/{rel}","templated":true}]}}