{"id":702951,"date":"2025-08-27T15:20:38","date_gmt":"2025-08-27T12:20:38","guid":{"rendered":"https:\/\/roveyayinevi.com.tr\/index.php\/urun\/egitim-psikolojisi\/"},"modified":"2026-04-16T02:11:56","modified_gmt":"2026-04-15T23:11:56","slug":"egitim-psikolojisi","status":"publish","type":"product","link":"https:\/\/roveyayinevi.com.tr\/index.php\/urun\/egitim-psikolojisi\/","title":{"rendered":"E\u011fitim Psikolojisi"},"content":{"rendered":"<p>Bu kitap \u00f6\u011fretmen adaylar\u0131na, e\u011fitim psikoloiisinin bulgu ve y\u00f6ntemlerinden yararlanarak \u00f6\u011frencilerin t\u00fcm y\u00f6nleriyle sa\u011fl\u0131kl\u0131 geli\u015febilmelerine ve onlar\u0131n geli\u015fim ve \u00f6\u011frenme ilkelerine uygun \u00f6\u011frenme ya\u015fant\u0131lar\u0131 kazanmalar\u0131na yard\u0131mc\u0131 olmalar\u0131n\u0131 sa\u011flamak amac\u0131yla haz\u0131rlanm\u0131\u015ft\u0131r. Ayr\u0131ca bu kitab\u0131n \u00e7ocu\u011fun geli\u015fim ve \u00f6\u011frenme s\u00fcrecini tan\u0131yarak onunla bilin\u00e7li bir etkile\u015fim kurmak isteyen anne ve babalara ve kendi geli\u015fim ve \u00f6\u011frenme s\u00fcrecini \u00f6\u011frenerek bilin\u00e7li ve kaliteli bir ya\u015fam s\u00fcrd\u00fcrmeyi hedefleyen t\u00fcm bireylere katk\u0131 sa\u011flamas\u0131 ama\u00e7lanmaktad\u0131r. Kitab\u0131n tasarlanmas\u0131nda \u00d6\u011fretmenlik Meslek Bilgisi program\u0131ndaki di\u011fer derslerle ili\u015fkisine, \u00f6\u011frencilerin haz\u0131r bulunu\u015fluk d\u00fczeylerine, farkl\u0131 e\u011fitim kademelerinde ve farkl\u0131 \u00f6\u011fretmenlik programlarmdaki \u00f6\u011fretmen adaylar\u0131n\u0131n gereksinimlerini kar\u015f\u0131layabilmesine, \u00f6\u011frendiklerini mesleklerine kolayl\u0131kla aktarabilmelerine ve \u00f6\u011frencilerin zevkle okuyabilecekleri bir kaynak olmas\u0131na \u00f6zen g\u00f6sterilmi\u015ftir. <\/p>\n","protected":false},"excerpt":{"rendered":"<p>Bu kitap \u00f6\u011fretmen adaylar\u0131na, e\u011fitim psikoloiisinin bulgu ve y\u00f6ntemlerinden yararlanarak \u00f6\u011frencilerin t\u00fcm y\u00f6nleriyle sa\u011fl\u0131kl\u0131 geli\u015febilmelerine ve onlar\u0131n geli\u015fim ve \u00f6\u011frenme ilkelerine uygun \u00f6\u011frenme ya\u015fant\u0131lar\u0131 kazanmalar\u0131na yard\u0131mc\u0131<span class=\"excerpt-hellip\"> [\u2026]<\/span><\/p>\n","protected":false},"featured_media":0,"template":"","meta":{"_monsterinsights_skip_tracking":false,"_monsterinsights_sitenote_active":false,"_monsterinsights_sitenote_note":"","_monsterinsights_sitenote_category":0},"product_brand":[],"product_cat":[25175,12357],"product_tag":[],"class_list":{"0":"post-702951","1":"product","2":"type-product","3":"status-publish","5":"product_cat-egitim-psikolojisi","6":"product_cat-psikoloji","7":"pa_cilt-ciltsiz","8":"pa_tur-kitap","9":"pa_yayinevi-ani-yayincilik","10":"pa_yazar-ayten-ulusoy","12":"first","13":"instock","14":"sale","15":"shipping-taxable","16":"purchasable","17":"product-type-simple"},"_links":{"self":[{"href":"https:\/\/roveyayinevi.com.tr\/index.php\/wp-json\/wp\/v2\/product\/702951","targetHints":{"allow":["GET"]}}],"collection":[{"href":"https:\/\/roveyayinevi.com.tr\/index.php\/wp-json\/wp\/v2\/product"}],"about":[{"href":"https:\/\/roveyayinevi.com.tr\/index.php\/wp-json\/wp\/v2\/types\/product"}],"wp:attachment":[{"href":"https:\/\/roveyayinevi.com.tr\/index.php\/wp-json\/wp\/v2\/media?parent=702951"}],"wp:term":[{"taxonomy":"product_brand","embeddable":true,"href":"https:\/\/roveyayinevi.com.tr\/index.php\/wp-json\/wp\/v2\/product_brand?post=702951"},{"taxonomy":"product_cat","embeddable":true,"href":"https:\/\/roveyayinevi.com.tr\/index.php\/wp-json\/wp\/v2\/product_cat?post=702951"},{"taxonomy":"product_tag","embeddable":true,"href":"https:\/\/roveyayinevi.com.tr\/index.php\/wp-json\/wp\/v2\/product_tag?post=702951"}],"curies":[{"name":"wp","href":"https:\/\/api.w.org\/{rel}","templated":true}]}}