{"id":702927,"date":"2025-08-27T15:20:29","date_gmt":"2025-08-27T12:20:29","guid":{"rendered":"https:\/\/roveyayinevi.com.tr\/index.php\/urun\/imparatorluktan-cumhuriyete-2-1919-baslangic\/"},"modified":"2026-04-16T02:11:55","modified_gmt":"2026-04-15T23:11:55","slug":"imparatorluktan-cumhuriyete-2-1919-baslangic","status":"publish","type":"product","link":"https:\/\/roveyayinevi.com.tr\/index.php\/urun\/imparatorluktan-cumhuriyete-2-1919-baslangic\/","title":{"rendered":"\u0130mparatorluk\u2019tan Cumhuriyet\u2019e 2 \/ 1919 Ba\u015flang\u0131\u00e7"},"content":{"rendered":"<p>\u00c7anakkale ge\u00e7ilememi\u015fti\u2026 Fakat Mondros M\u00fctarekesi&#8217;yle yedi d\u00fcvel Anadolu&#8217;yu i\u015fgal etmi\u015fti. Milletin derhal gaflet uykusundan uyan\u0131p harekete ge\u00e7mesi ve vatan\u0131 i\u015fgalci devletlerden kurtarmas\u0131 gerekiyordu. Ama nas\u0131l? \u0130\u015fgalciler i\u00e7in   Geldikleri gibi giderler   demi\u015fti Mustafa Kemal Pa\u015fa. Vatan\u0131 i\u015fgalcilerden temizlemek i\u00e7in halk\u0131n \u00f6rg\u00fctlenmesi ve milli g\u00fc\u00e7lerin tek \u00e7at\u0131 alt\u0131nda toplanmas\u0131 gerekiyordu. Anadolu&#8217;nun kaderini belirleyecek yeni bir ba\u015flang\u0131ca ihtiya\u00e7 vard\u0131. <\/p>\n","protected":false},"excerpt":{"rendered":"<p>\u00c7anakkale ge\u00e7ilememi\u015fti\u2026 Fakat Mondros M\u00fctarekesi&#8217;yle yedi d\u00fcvel Anadolu&#8217;yu i\u015fgal etmi\u015fti. Milletin derhal gaflet uykusundan uyan\u0131p harekete ge\u00e7mesi ve vatan\u0131 i\u015fgalci devletlerden kurtarmas\u0131 gerekiyordu. Ama nas\u0131l? \u0130\u015fgalciler<span class=\"excerpt-hellip\"> [\u2026]<\/span><\/p>\n","protected":false},"featured_media":0,"template":"","meta":{"_monsterinsights_skip_tracking":false,"_monsterinsights_sitenote_active":false,"_monsterinsights_sitenote_note":"","_monsterinsights_sitenote_category":0},"product_brand":[],"product_cat":[12304,13493],"product_tag":[],"class_list":{"0":"post-702927","1":"product","2":"type-product","3":"status-publish","5":"product_cat-tarih","6":"product_cat-turkiye-ve-cumhuriyet-tarihi","7":"pa_tur-kitap","8":"pa_yayinevi-kaynak-yayinlari","9":"pa_yazar-orhan-cekic","11":"first","12":"instock","13":"sale","14":"shipping-taxable","15":"purchasable","16":"product-type-simple"},"_links":{"self":[{"href":"https:\/\/roveyayinevi.com.tr\/index.php\/wp-json\/wp\/v2\/product\/702927","targetHints":{"allow":["GET"]}}],"collection":[{"href":"https:\/\/roveyayinevi.com.tr\/index.php\/wp-json\/wp\/v2\/product"}],"about":[{"href":"https:\/\/roveyayinevi.com.tr\/index.php\/wp-json\/wp\/v2\/types\/product"}],"wp:attachment":[{"href":"https:\/\/roveyayinevi.com.tr\/index.php\/wp-json\/wp\/v2\/media?parent=702927"}],"wp:term":[{"taxonomy":"product_brand","embeddable":true,"href":"https:\/\/roveyayinevi.com.tr\/index.php\/wp-json\/wp\/v2\/product_brand?post=702927"},{"taxonomy":"product_cat","embeddable":true,"href":"https:\/\/roveyayinevi.com.tr\/index.php\/wp-json\/wp\/v2\/product_cat?post=702927"},{"taxonomy":"product_tag","embeddable":true,"href":"https:\/\/roveyayinevi.com.tr\/index.php\/wp-json\/wp\/v2\/product_tag?post=702927"}],"curies":[{"name":"wp","href":"https:\/\/api.w.org\/{rel}","templated":true}]}}

İmparatorluk’tan Cumhuriyet’e 2 / 1919 Başlangıç

<p>Çanakkale geçilememişti… Fakat Mondros Mütarekesi&#8217;yle yedi düvel Anadolu&#8217;yu işgal etmişti. Milletin derhal gaflet uykusundan uyanıp harekete geçmesi ve vatanı işgalci devletlerden kurtarması gerekiyordu. Ama nasıl? İşgalciler için   Geldikleri gibi giderler   demişti Mustafa Kemal Paşa. Vatanı işgalcilerden temizlemek için halkın örgütlenmesi ve milli güçlerin tek çatı altında toplanması gerekiyordu. Anadolu&#8217;nun kaderini belirleyecek yeni bir başlangıca ihtiyaç vardı. </p>

<p>Çanakkale geçilememişti… Fakat Mondros Mütarekesi&#8217;yle yedi düvel Anadolu&#8217;yu işgal etmişti. Milletin derhal gaflet uykusundan uyanıp harekete geçmesi ve vatanı işgalci devletlerden kurtarması gerekiyordu. Ama nasıl? İşgalciler<span class="excerpt-hellip"> […]</span></p>
