{"id":702926,"date":"2025-08-27T15:20:29","date_gmt":"2025-08-27T12:20:29","guid":{"rendered":"https:\/\/roveyayinevi.com.tr\/index.php\/urun\/yasayani-onarmak\/"},"modified":"2026-04-16T02:11:55","modified_gmt":"2026-04-15T23:11:55","slug":"yasayani-onarmak","status":"publish","type":"product","link":"https:\/\/roveyayinevi.com.tr\/index.php\/urun\/yasayani-onarmak\/","title":{"rendered":"Ya\u015fayan\u0131 Onarmak"},"content":{"rendered":"<p>\u201cBu kadar etkileyicisini okumam\u0131\u015ft\u0131m&#8230; \u00d6yle ki kitap bitti\u011finde insan yoksunluk hissediyor.\u201d \u2013 Lydia Kiesling, Guardian   NOTRE DAME DE SION EDEB\u0130YAT \u00d6D\u00dcL\u00dc   SIMON LIMBRES\u2019\u0130N KALB\u0130 Y\u0130RM\u0130 D\u00d6RT SAAT SONRA CLAIRE MEJAN\u2019IN BEDEN\u0130NDE ATACAK. O G\u00dcN YA\u015eAM, SIMON\u2019UN \u00d6L\u00dcM\u00dcNDEN \u0130BARET OLACAK. Simon\u2019un s\u00f6rf yapmak i\u00e7in uyand\u0131\u011f\u0131 g\u00fcn\u00fcn \u00f6yk\u00fcs\u00fc bu. Sonras\u0131nda geri d\u00f6n\u00fc\u015fs\u00fcz komaya girece\u011fi, ailesinin organ naklini kabul etmenin y\u00fck\u00fcn\u00fc omuzlayaca\u011f\u0131, doktorlar\u0131n bir \u00f6l\u00fcm \u00fcst\u00fcnden ba\u015fka hayatlar\u0131 \u015fekillendirece\u011fi, y\u0131k\u0131mla umudun kol kola gezdi\u011fi bir g\u00fcn\u00fcn \u00f6yk\u00fcs\u00fc. Bi\u00e7imsel olarak c\u00fcretk\u00e2r oldu\u011fu kadar duygusal olarak da etkileyici olan Ya\u015fayan\u0131 Onarmak yay\u0131mland\u0131\u011f\u0131 y\u0131l Fransa\u2019n\u0131n prestijli edebiyat \u00f6d\u00fcllerinin neredeyse t\u00fcm\u00fcn\u00fc kazand\u0131 ve ard\u0131ndan Uluslararas\u0131 Man Booker \u00d6d\u00fcl\u00fc\u2019ne aday oldu. Maylis de Kerangal, benzersiz anlat\u0131m\u0131yla her bir karakterin zihnine girmemizi, ya\u015fama \u2013ve \u00f6l\u00fcme\u2013 hi\u00e7 bakmad\u0131\u011f\u0131m\u0131z bir yerden, hi\u00e7 s\u0131nanmad\u0131\u011f\u0131m\u0131z bir andan bakmam\u0131z\u0131 sa\u011fl\u0131yor. \u201cMuhte\u015fem.\u201d \u2013LE MONDE \u201cBu bir yarat\u0131l\u0131\u015f ilahisi.\u201d \u2013LE FIGARO \u201cEn yak\u0131n dostlar\u0131ma verdi\u011fim kitap\u2026\u201d \u2013DANIEL PENNAC \u201cBir antik tragedya kadar etkileyici.\u201d \u2013L\u2019EXPRESS \u201cZaman zaman isyan ettirse de Ya\u015fayan\u0131 Onarmak umuda boyanm\u0131\u015f bir kitap.\u201d \u2013LA PRESSE <\/p>\n","protected":false},"excerpt":{"rendered":"<p>\u201cBu kadar etkileyicisini okumam\u0131\u015ft\u0131m&#8230; \u00d6yle ki kitap bitti\u011finde insan yoksunluk hissediyor.\u201d \u2013 Lydia Kiesling, Guardian NOTRE DAME DE SION EDEB\u0130YAT \u00d6D\u00dcL\u00dc SIMON LIMBRES\u2019\u0130N KALB\u0130 Y\u0130RM\u0130 D\u00d6RT<span class=\"excerpt-hellip\"> [\u2026]<\/span><\/p>\n","protected":false},"featured_media":0,"template":"","meta":{"_monsterinsights_skip_tracking":false,"_monsterinsights_sitenote_active":false,"_monsterinsights_sitenote_note":"","_monsterinsights_sitenote_category":0},"product_brand":[],"product_cat":[12718,18102,12719],"product_tag":[],"class_list":{"0":"post-702926","1":"product","2":"type-product","3":"status-publish","5":"product_cat-din","6":"product_cat-edebiyat-roman","7":"product_cat-islam","8":"pa_cilt-ciltsiz","9":"pa_tur-kitap","10":"pa_yayinevi-domingo-yayinevi","11":"pa_yazar-maylis-de-kerangal","13":"first","14":"instock","15":"sale","16":"shipping-taxable","17":"purchasable","18":"product-type-simple"},"_links":{"self":[{"href":"https:\/\/roveyayinevi.com.tr\/index.php\/wp-json\/wp\/v2\/product\/702926","targetHints":{"allow":["GET"]}}],"collection":[{"href":"https:\/\/roveyayinevi.com.tr\/index.php\/wp-json\/wp\/v2\/product"}],"about":[{"href":"https:\/\/roveyayinevi.com.tr\/index.php\/wp-json\/wp\/v2\/types\/product"}],"wp:attachment":[{"href":"https:\/\/roveyayinevi.com.tr\/index.php\/wp-json\/wp\/v2\/media?parent=702926"}],"wp:term":[{"taxonomy":"product_brand","embeddable":true,"href":"https:\/\/roveyayinevi.com.tr\/index.php\/wp-json\/wp\/v2\/product_brand?post=702926"},{"taxonomy":"product_cat","embeddable":true,"href":"https:\/\/roveyayinevi.com.tr\/index.php\/wp-json\/wp\/v2\/product_cat?post=702926"},{"taxonomy":"product_tag","embeddable":true,"href":"https:\/\/roveyayinevi.com.tr\/index.php\/wp-json\/wp\/v2\/product_tag?post=702926"}],"curies":[{"name":"wp","href":"https:\/\/api.w.org\/{rel}","templated":true}]}}