{"id":702919,"date":"2025-08-27T15:20:27","date_gmt":"2025-08-27T12:20:27","guid":{"rendered":"https:\/\/roveyayinevi.com.tr\/index.php\/urun\/hariciler-outsiders\/"},"modified":"2026-04-16T02:11:55","modified_gmt":"2026-04-15T23:11:55","slug":"hariciler-outsiders","status":"publish","type":"product","link":"https:\/\/roveyayinevi.com.tr\/index.php\/urun\/hariciler-outsiders\/","title":{"rendered":"Hariciler (Outsiders)"},"content":{"rendered":"<p>Tarihsel \u00e7\u0131k\u0131\u015f noktas\u0131 itibariyle \u201cnormalin\u201d bilimi, \u201cnormalin tesisinin\u201d bilimi olmu\u015f sosyolojinin uzun zaman bo-yunca ve yer yer h\u00e2len bug\u00fcn de \u201csapma\u201dy\u0131 ve \u201csapan\u201d\u0131, \u201cnormal olan\u201ddan ve \u201cnormal olan\u0131n ihlali\u201dnden hareketletan\u0131mlamaya \u00e7al\u0131\u015fm\u0131\u015f olmas\u0131 bir vakad\u0131r. \u00c7e\u015fitli istatistik\u00ee ara\u00e7larla \u201csu\u00e7lu-sapk\u0131n\u201d profillerinin sosyolojik tetkikisadece \u201csu\u00e7\/sapma sosyolojisi\u201d yaz\u0131n\u0131n \u00f6nemli bir b\u00f6l\u00fcm\u00fcn\u00fc olu\u015fturmam\u0131\u015f, \u015fu temel genel yarg\u0131y\u0131 da peki\u015ftirmi\u015f-tir: Sapk\u0131n \u00f6tekidir (haric\u00eedir); sapk\u0131nl\u0131\u011f\u0131 bir anlamda kendi do\u011fas\u0131ndad\u0131r; yapt\u0131\u011f\u0131 eyleme i\u00e7kindir; yani herkessapk\u0131n olamaz; siz sapk\u0131n de\u011filsiniz!&#8230; Ve devam\u0131 belki de \u015fu \u00f6rt\u00fck \u00f6nermeyle gelir: M\u00fcsterih olunuz; kendileriyleilgileniyoruz! <\/p>\n","protected":false},"excerpt":{"rendered":"<p>Tarihsel \u00e7\u0131k\u0131\u015f noktas\u0131 itibariyle \u201cnormalin\u201d bilimi, \u201cnormalin tesisinin\u201d bilimi olmu\u015f sosyolojinin uzun zaman bo-yunca ve yer yer h\u00e2len bug\u00fcn de \u201csapma\u201dy\u0131 ve \u201csapan\u201d\u0131, \u201cnormal olan\u201ddan ve<span class=\"excerpt-hellip\"> [\u2026]<\/span><\/p>\n","protected":false},"featured_media":0,"template":"","meta":{"_monsterinsights_skip_tracking":false,"_monsterinsights_sitenote_active":false,"_monsterinsights_sitenote_note":"","_monsterinsights_sitenote_category":0},"product_brand":[],"product_cat":[12835,12324],"product_tag":[],"class_list":{"0":"post-702919","1":"product","2":"type-product","3":"status-publish","5":"product_cat-genel-sosyoloji","6":"product_cat-sosyoloji","7":"pa_cilt-ciltsiz","8":"pa_tur-kitap","9":"pa_yayinevi-heretik-yayincilik","10":"pa_yazar-howard-s-becker","12":"first","13":"instock","14":"sale","15":"shipping-taxable","16":"purchasable","17":"product-type-simple"},"_links":{"self":[{"href":"https:\/\/roveyayinevi.com.tr\/index.php\/wp-json\/wp\/v2\/product\/702919","targetHints":{"allow":["GET"]}}],"collection":[{"href":"https:\/\/roveyayinevi.com.tr\/index.php\/wp-json\/wp\/v2\/product"}],"about":[{"href":"https:\/\/roveyayinevi.com.tr\/index.php\/wp-json\/wp\/v2\/types\/product"}],"wp:attachment":[{"href":"https:\/\/roveyayinevi.com.tr\/index.php\/wp-json\/wp\/v2\/media?parent=702919"}],"wp:term":[{"taxonomy":"product_brand","embeddable":true,"href":"https:\/\/roveyayinevi.com.tr\/index.php\/wp-json\/wp\/v2\/product_brand?post=702919"},{"taxonomy":"product_cat","embeddable":true,"href":"https:\/\/roveyayinevi.com.tr\/index.php\/wp-json\/wp\/v2\/product_cat?post=702919"},{"taxonomy":"product_tag","embeddable":true,"href":"https:\/\/roveyayinevi.com.tr\/index.php\/wp-json\/wp\/v2\/product_tag?post=702919"}],"curies":[{"name":"wp","href":"https:\/\/api.w.org\/{rel}","templated":true}]}}