{"id":702904,"date":"2025-08-27T15:20:21","date_gmt":"2025-08-27T12:20:21","guid":{"rendered":"https:\/\/roveyayinevi.com.tr\/index.php\/urun\/anadoluda-amerikan-misyonerligi\/"},"modified":"2026-04-16T02:11:55","modified_gmt":"2026-04-15T23:11:55","slug":"anadoluda-amerikan-misyonerligi","status":"publish","type":"product","link":"https:\/\/roveyayinevi.com.tr\/index.php\/urun\/anadoluda-amerikan-misyonerligi\/","title":{"rendered":"Anadolu&#8217;da Amerikan Misyonerli\u011fi"},"content":{"rendered":"<p>Misyonerlik kurulu\u015flar\u0131 sadece dini amaca hizmet eden kurumlardan olu\u015fmamaktad\u0131r. Son derece sistemli ve uzun vadeli \u00e7al\u0131\u015fan kurumlard\u0131r. Gittikleri \u00fclkeleri a\u011f gibi saran misyonerlik te\u015fkilatlar\u0131 dinin d\u0131\u015f\u0131nda t\u00fcm alanlarda \u00e7al\u0131\u015fma yapm\u0131\u015flar ve faaliyetlerinde emperyalist ama\u00e7lar\u0131 ortaya \u00e7\u0131km\u0131\u015ft\u0131r. Osmanl\u0131 Devleti son y\u00fczy\u0131l\u0131nda misyonerler taraf\u0131ndan istilaya u\u011fram\u0131\u015f, bu s\u0131k\u0131nt\u0131l\u0131 d\u00f6nemleri f\u0131rsat bilen misyonerler Osmanl\u0131 sahas\u0131na h\u0131zl\u0131 bir giri\u015f yapm\u0131\u015ft\u0131r. Gerek Katolik gerekse Protestan misyonerlik te\u015fkilatlar\u0131 kurulu\u015flar\u0131ndan itibaren do\u011frudan ve dolayl\u0131 olarak dini faaliyetlerin d\u0131\u015f\u0131na \u00e7\u0131km\u0131\u015ft\u0131r. Siyasi, sosyal, ekonomik, k\u00fclt\u00fcrel faaliyetlerde bulunarak Osmanl\u0131 Devleti\u2019nin zarar\u0131na uygulamalarda bulunmu\u015flard\u0131r.  Bu kitapta, Amerikan ar\u015fiv belgeleri ve Osmanl\u0131 ar\u015fiv belgeleri sentezlenerek Anadolu\u2019da Amerikan misyoner faaliyetleri hakk\u0131nda bilgi verilmeye \u00e7al\u0131\u015f\u0131lm\u0131\u015ft\u0131r.  Eser, do\u011frudan misyoner ar\u015fiv belgelerinden yola \u00e7\u0131karak haz\u0131rland\u0131\u011f\u0131 i\u00e7in bir\u00e7ok ara\u015ft\u0131rmac\u0131ya kaynak ve konuyla ilgilenen okuyuculara da yeni bir bak\u0131\u015f a\u00e7\u0131s\u0131 kazand\u0131rma gayesindedir. <\/p>\n","protected":false},"excerpt":{"rendered":"<p>Misyonerlik kurulu\u015flar\u0131 sadece dini amaca hizmet eden kurumlardan olu\u015fmamaktad\u0131r. Son derece sistemli ve uzun vadeli \u00e7al\u0131\u015fan kurumlard\u0131r. Gittikleri \u00fclkeleri a\u011f gibi saran misyonerlik te\u015fkilatlar\u0131 dinin d\u0131\u015f\u0131nda<span class=\"excerpt-hellip\"> [\u2026]<\/span><\/p>\n","protected":false},"featured_media":0,"template":"","meta":{"_monsterinsights_skip_tracking":false,"_monsterinsights_sitenote_active":false,"_monsterinsights_sitenote_note":"","_monsterinsights_sitenote_category":0},"product_brand":[],"product_cat":[12370,12304],"product_tag":[],"class_list":{"0":"post-702904","1":"product","2":"type-product","3":"status-publish","5":"product_cat-arastirma-inceleme","6":"product_cat-tarih","7":"pa_tur-kitap","8":"pa_yayinevi-yeditepe-yayinevi","9":"pa_yazar-ozgur-yildiz","11":"first","12":"instock","13":"sale","14":"shipping-taxable","15":"purchasable","16":"product-type-simple"},"_links":{"self":[{"href":"https:\/\/roveyayinevi.com.tr\/index.php\/wp-json\/wp\/v2\/product\/702904","targetHints":{"allow":["GET"]}}],"collection":[{"href":"https:\/\/roveyayinevi.com.tr\/index.php\/wp-json\/wp\/v2\/product"}],"about":[{"href":"https:\/\/roveyayinevi.com.tr\/index.php\/wp-json\/wp\/v2\/types\/product"}],"wp:attachment":[{"href":"https:\/\/roveyayinevi.com.tr\/index.php\/wp-json\/wp\/v2\/media?parent=702904"}],"wp:term":[{"taxonomy":"product_brand","embeddable":true,"href":"https:\/\/roveyayinevi.com.tr\/index.php\/wp-json\/wp\/v2\/product_brand?post=702904"},{"taxonomy":"product_cat","embeddable":true,"href":"https:\/\/roveyayinevi.com.tr\/index.php\/wp-json\/wp\/v2\/product_cat?post=702904"},{"taxonomy":"product_tag","embeddable":true,"href":"https:\/\/roveyayinevi.com.tr\/index.php\/wp-json\/wp\/v2\/product_tag?post=702904"}],"curies":[{"name":"wp","href":"https:\/\/api.w.org\/{rel}","templated":true}]}}