{"id":702868,"date":"2025-08-27T15:20:09","date_gmt":"2025-08-27T12:20:09","guid":{"rendered":"https:\/\/roveyayinevi.com.tr\/index.php\/urun\/19-yuzyil-sonlarinda-turkiyede-gunluk-yasam\/"},"modified":"2026-04-16T02:11:54","modified_gmt":"2026-04-15T23:11:54","slug":"19-yuzyil-sonlarinda-turkiyede-gunluk-yasam","status":"publish","type":"product","link":"https:\/\/roveyayinevi.com.tr\/index.php\/urun\/19-yuzyil-sonlarinda-turkiyede-gunluk-yasam\/","title":{"rendered":"19. Y\u00fczy\u0131l Sonlar\u0131nda T\u00fcrkiye&#8217;de G\u00fcnl\u00fck Ya\u015fam"},"content":{"rendered":"<p>\u0130stanbul, \u0130zmir, Mersin ve Selanik gibi \u015fehirlerin sakinlerinin \u00fczerine konu\u015fmayaca\u011f\u0131m. \u00c7\u00fcnk\u00fc b\u00fcy\u00fck liman kentlerindeki hemen t\u00fcm halk\u0131n ya\u015fam\u0131 az ya da \u00e7ok Bat\u0131 uygarl\u0131\u011f\u0131 etkisindedir. Niyetim, \u00fclkenin i\u00e7 k\u0131s\u0131mlar\u0131ndaki \u015fehir, k\u00f6y ve denizden uzak beldelerde ya\u015fayan insanlar hakk\u0131nda konu\u015fmakt\u0131r.\u201d <\/p>\n","protected":false},"excerpt":{"rendered":"<p>\u0130stanbul, \u0130zmir, Mersin ve Selanik gibi \u015fehirlerin sakinlerinin \u00fczerine konu\u015fmayaca\u011f\u0131m. \u00c7\u00fcnk\u00fc b\u00fcy\u00fck liman kentlerindeki hemen t\u00fcm halk\u0131n ya\u015fam\u0131 az ya da \u00e7ok Bat\u0131 uygarl\u0131\u011f\u0131 etkisindedir. Niyetim,<span class=\"excerpt-hellip\"> [\u2026]<\/span><\/p>\n","protected":false},"featured_media":0,"template":"","meta":{"_monsterinsights_skip_tracking":false,"_monsterinsights_sitenote_active":false,"_monsterinsights_sitenote_note":"","_monsterinsights_sitenote_category":0},"product_brand":[],"product_cat":[13055,13054],"product_tag":[],"class_list":{"0":"post-702868","1":"product","2":"type-product","3":"status-publish","5":"product_cat-gezi-rehberi","6":"product_cat-gezi-ve-rehber-kitaplari","7":"pa_cilt-ciltsiz","8":"pa_tur-kitap","9":"pa_yayinevi-say-yayinlari","10":"pa_yazar-agnes-dick-ramsay","12":"first","13":"instock","14":"sale","15":"shipping-taxable","16":"purchasable","17":"product-type-simple"},"_links":{"self":[{"href":"https:\/\/roveyayinevi.com.tr\/index.php\/wp-json\/wp\/v2\/product\/702868","targetHints":{"allow":["GET"]}}],"collection":[{"href":"https:\/\/roveyayinevi.com.tr\/index.php\/wp-json\/wp\/v2\/product"}],"about":[{"href":"https:\/\/roveyayinevi.com.tr\/index.php\/wp-json\/wp\/v2\/types\/product"}],"wp:attachment":[{"href":"https:\/\/roveyayinevi.com.tr\/index.php\/wp-json\/wp\/v2\/media?parent=702868"}],"wp:term":[{"taxonomy":"product_brand","embeddable":true,"href":"https:\/\/roveyayinevi.com.tr\/index.php\/wp-json\/wp\/v2\/product_brand?post=702868"},{"taxonomy":"product_cat","embeddable":true,"href":"https:\/\/roveyayinevi.com.tr\/index.php\/wp-json\/wp\/v2\/product_cat?post=702868"},{"taxonomy":"product_tag","embeddable":true,"href":"https:\/\/roveyayinevi.com.tr\/index.php\/wp-json\/wp\/v2\/product_tag?post=702868"}],"curies":[{"name":"wp","href":"https:\/\/api.w.org\/{rel}","templated":true}]}}