{"id":702830,"date":"2025-08-27T15:19:15","date_gmt":"2025-08-27T12:19:15","guid":{"rendered":"https:\/\/roveyayinevi.com.tr\/index.php\/urun\/domuz-gribi\/"},"modified":"2026-04-16T02:11:53","modified_gmt":"2026-04-15T23:11:53","slug":"domuz-gribi","status":"publish","type":"product","link":"https:\/\/roveyayinevi.com.tr\/index.php\/urun\/domuz-gribi\/","title":{"rendered":"Domuz Gribi"},"content":{"rendered":"<p>\u0130nsan sa\u011fl\u0131\u011f\u0131n\u0131n b\u00fcy\u00fck riskler ta\u015f\u0131d\u0131\u011f\u0131 d\u00fcnyam\u0131zda, bizi tehdit eden sa\u011fl\u0131k problemlerine her ge\u00e7en g\u00fcn bir yenisi eklenmektedir. Ba\u015f\u0131m\u0131za geldikten sonra \u015fikayet etmenin hi\u00e7 bir faydas\u0131 olmad\u0131\u011f\u0131 gibi as\u0131l \u00f6nemli olan ba\u015f\u0131m\u0131za gelmeden \u00f6nce nas\u0131l \u00f6nlem alaca\u011f\u0131m\u0131zla ilgilidir. Bug\u00fcnlerde herkesin ayn\u0131 derecede risk unsuru ta\u015f\u0131d\u0131\u011f\u0131 ve gittik\u00e7e yayg\u0131nla\u015fan domuz gribi tehlikesi etraf\u0131m\u0131z\u0131 sarm\u0131\u015f durumdad\u0131r. 2009\u2019da ortaya \u00e7\u0131kan ve pek \u00e7ok insan\u0131n ne yaz\u0131k ki \u00f6l\u00fcm\u00fcyle sonu\u00e7lanmas\u0131na neden olan bu vir\u00fcs yeniden g\u00fcndeme gelmi\u015f durumdad\u0131r ve hepimizi \u00f6nemli \u00f6l\u00e7\u00fcde tehdit etmektedir. Yar\u0131n ba\u015f\u0131m\u0131za ne gelece\u011fini \u00f6nceden kestiremedi\u011fimiz i\u00e7in ba\u015fkalar\u0131n\u0131n ba\u015f\u0131na gelen k\u00f6t\u00fc olaylardan ders alarak gelecekte neler yapmam\u0131z gerekti\u011finin fark\u0131na vararak, bunu daha az zararla atlatm\u0131\u015f oluruz. Bu kitap size ne gibi \u00f6nlemler alman\u0131z gerekti\u011fi konusunda rehberlik edecek ve yan\u0131n\u0131zdan ay\u0131rmak istemeyece\u011finiz bir ba\u015fucu kitab\u0131 olacakt\u0131r. <\/p>\n","protected":false},"excerpt":{"rendered":"<p>\u0130nsan sa\u011fl\u0131\u011f\u0131n\u0131n b\u00fcy\u00fck riskler ta\u015f\u0131d\u0131\u011f\u0131 d\u00fcnyam\u0131zda, bizi tehdit eden sa\u011fl\u0131k problemlerine her ge\u00e7en g\u00fcn bir yenisi eklenmektedir. Ba\u015f\u0131m\u0131za geldikten sonra \u015fikayet etmenin hi\u00e7 bir faydas\u0131 olmad\u0131\u011f\u0131<span class=\"excerpt-hellip\"> [\u2026]<\/span><\/p>\n","protected":false},"featured_media":0,"template":"","meta":{"_monsterinsights_skip_tracking":false,"_monsterinsights_sitenote_active":false,"_monsterinsights_sitenote_note":"","_monsterinsights_sitenote_category":0},"product_brand":[],"product_cat":[13366,13365],"product_tag":[],"class_list":{"0":"post-702830","1":"product","2":"type-product","3":"status-publish","5":"product_cat-diger-saglik","6":"product_cat-saglik","7":"pa_tur-kitap","8":"pa_yayinevi-efil-yayinevi","9":"pa_yazar-dilek-arman","11":"first","12":"instock","13":"sale","14":"shipping-taxable","15":"purchasable","16":"product-type-simple"},"_links":{"self":[{"href":"https:\/\/roveyayinevi.com.tr\/index.php\/wp-json\/wp\/v2\/product\/702830","targetHints":{"allow":["GET"]}}],"collection":[{"href":"https:\/\/roveyayinevi.com.tr\/index.php\/wp-json\/wp\/v2\/product"}],"about":[{"href":"https:\/\/roveyayinevi.com.tr\/index.php\/wp-json\/wp\/v2\/types\/product"}],"wp:attachment":[{"href":"https:\/\/roveyayinevi.com.tr\/index.php\/wp-json\/wp\/v2\/media?parent=702830"}],"wp:term":[{"taxonomy":"product_brand","embeddable":true,"href":"https:\/\/roveyayinevi.com.tr\/index.php\/wp-json\/wp\/v2\/product_brand?post=702830"},{"taxonomy":"product_cat","embeddable":true,"href":"https:\/\/roveyayinevi.com.tr\/index.php\/wp-json\/wp\/v2\/product_cat?post=702830"},{"taxonomy":"product_tag","embeddable":true,"href":"https:\/\/roveyayinevi.com.tr\/index.php\/wp-json\/wp\/v2\/product_tag?post=702830"}],"curies":[{"name":"wp","href":"https:\/\/api.w.org\/{rel}","templated":true}]}}