{"id":702812,"date":"2025-08-27T15:19:05","date_gmt":"2025-08-27T12:19:05","guid":{"rendered":"https:\/\/roveyayinevi.com.tr\/index.php\/urun\/canavar-pesinde-serisi-29-olumun-golgesi-topragin-efendisi-trema\/"},"modified":"2026-04-13T02:14:39","modified_gmt":"2026-04-12T23:14:39","slug":"canavar-pesinde-serisi-29-olumun-golgesi-topragin-efendisi-trema","status":"publish","type":"product","link":"https:\/\/roveyayinevi.com.tr\/index.php\/urun\/canavar-pesinde-serisi-29-olumun-golgesi-topragin-efendisi-trema\/","title":{"rendered":"Canavar Pe\u015finde Serisi 29 &#8211; \u00d6l\u00fcm\u00fcn G\u00f6lgesi (Topra\u011f\u0131n Efendisi Trema)"},"content":{"rendered":"<p>Yepyeni Canavar Pe\u015finde maceras\u0131na ho\u015f geldiniz: \u00d6l\u00fcm\u00fcn G\u00f6lgesiTom\u2019u hi\u00e7 bilmedi\u011fi bir krall\u0131kta yeni bir G\u00f6rev bekliyor. Gwildor\u2019un Canavar Ustas\u0131 Freya, k\u00f6t\u00fc b\u00fcy\u00fcc\u00fc Velmal\u2019in etkisi alt\u0131nda. Canavarlar\u0131, t\u00fcm krall\u0131kta deh\u015fet sa\u00e7\u0131yor. \u00dcstelik bir zamanlar iyi olan bu Canavarlar, Avantia&#8217;dakilerden \u00e7ok daha ac\u0131mas\u0131zlar. Kaybedecek vakit yok. E\u011fer k\u00f6t\u00fcl\u00fc\u011f\u00fcn Gwildor\u2019u ele ge\u00e7irmesine izin verirlerse, s\u0131ra Avantia\u2019ya da gelecek.Tom ve dostlar\u0131, k\u00f6t\u00fc b\u00fcy\u00fcc\u00fc Velmal y\u00fcz\u00fcnden sald\u0131rganla\u015fan iyi canavarlarla kar\u015f\u0131la\u015fmaya devam ediyor. Bu kez, yer alt\u0131nda ya\u015fayan \u00fcrk\u00fct\u00fcc\u00fc canavar Trema ile sava\u015fmak zorundalar. Tom, eli giderek k\u00f6t\u00fcle\u015fmesine ra\u011fmen canavar\u0131 yenip Freya\u2019n\u0131n \u00fczerindeki laneti kald\u0131rmal\u0131. Bunun tek bir yolu var: Topra\u011f\u0131n alt\u0131ndaki karanl\u0131k t\u00fcnellere girmek.Ama Tom\u2019u, yery\u00fcz\u00fcnde korkun\u00e7 bir s\u00fcrpriz bekliyor\u2026<\/p>\n","protected":false},"excerpt":{"rendered":"<p>Yepyeni Canavar Pe\u015finde maceras\u0131na ho\u015f geldiniz: \u00d6l\u00fcm\u00fcn G\u00f6lgesiTom\u2019u hi\u00e7 bilmedi\u011fi bir krall\u0131kta yeni bir G\u00f6rev bekliyor. Gwildor\u2019un Canavar Ustas\u0131 Freya, k\u00f6t\u00fc b\u00fcy\u00fcc\u00fc Velmal\u2019in etkisi alt\u0131nda. Canavarlar\u0131,<span class=\"excerpt-hellip\"> [\u2026]<\/span><\/p>\n","protected":false},"featured_media":0,"template":"","meta":{"_monsterinsights_skip_tracking":false,"_monsterinsights_sitenote_active":false,"_monsterinsights_sitenote_note":"","_monsterinsights_sitenote_category":0},"product_brand":[],"product_cat":[12274,12284],"product_tag":[],"class_list":{"0":"post-702812","1":"product","2":"type-product","3":"status-publish","5":"product_cat-cocuk-ve-genclik-kitaplari","6":"product_cat-hikayeler","7":"pa_cilt-ciltsiz","8":"pa_tur-kitap","9":"pa_yayinevi-beyaz-balina-yayinlari","10":"pa_yazar-adam-blade","12":"first","13":"instock","14":"sale","15":"shipping-taxable","16":"purchasable","17":"product-type-simple"},"_links":{"self":[{"href":"https:\/\/roveyayinevi.com.tr\/index.php\/wp-json\/wp\/v2\/product\/702812","targetHints":{"allow":["GET"]}}],"collection":[{"href":"https:\/\/roveyayinevi.com.tr\/index.php\/wp-json\/wp\/v2\/product"}],"about":[{"href":"https:\/\/roveyayinevi.com.tr\/index.php\/wp-json\/wp\/v2\/types\/product"}],"wp:attachment":[{"href":"https:\/\/roveyayinevi.com.tr\/index.php\/wp-json\/wp\/v2\/media?parent=702812"}],"wp:term":[{"taxonomy":"product_brand","embeddable":true,"href":"https:\/\/roveyayinevi.com.tr\/index.php\/wp-json\/wp\/v2\/product_brand?post=702812"},{"taxonomy":"product_cat","embeddable":true,"href":"https:\/\/roveyayinevi.com.tr\/index.php\/wp-json\/wp\/v2\/product_cat?post=702812"},{"taxonomy":"product_tag","embeddable":true,"href":"https:\/\/roveyayinevi.com.tr\/index.php\/wp-json\/wp\/v2\/product_tag?post=702812"}],"curies":[{"name":"wp","href":"https:\/\/api.w.org\/{rel}","templated":true}]}}