{"id":702786,"date":"2025-08-27T15:18:54","date_gmt":"2025-08-27T12:18:54","guid":{"rendered":"https:\/\/roveyayinevi.com.tr\/index.php\/urun\/bilim-adamlarimiz-serisi-farabi\/"},"modified":"2026-04-16T02:11:51","modified_gmt":"2026-04-15T23:11:51","slug":"bilim-adamlarimiz-serisi-farabi","status":"publish","type":"product","link":"https:\/\/roveyayinevi.com.tr\/index.php\/urun\/bilim-adamlarimiz-serisi-farabi\/","title":{"rendered":"Bilim Adamlar\u0131m\u0131z Serisi : Farabi"},"content":{"rendered":"<p>\u0130slam d\u00fcnyas\u0131n\u0131n en b\u00fcy\u00fck felsefecilerindendir. Fizikle de u\u011fra\u015fm\u0131\u015f, ses olay\u0131na a\u00e7\u0131kl\u0131k getirmi\u015ftir. Felsefedeki \u015f\u00f6hreti Aristo&#8217;ya yak\u0131nd\u0131r. Baz\u0131 bilginler Aristo&#8217;yu, baz\u0131 bilginler Farab\u0130&#8217;yi \u201cd\u00fcnyan\u0131n en b\u00fcy\u00fck filozofu\u201d sayar. As\u0131l ad\u0131 Ebu Nasr Muhammed bin Muhammed bin Tarhan bin Uzlu\u011f&#8217;dur. T\u00fcrkistan&#8217;\u0131n Farab \u015fehrinde d\u00fcnyaya gelen Farabi, ilk\u00f6\u011frenimini memleketinde yapt\u0131, \u0130ran&#8217;da Fars\u00e7ay\u0131, Ba\u011fdat&#8217;ta Arap\u00e7ay\u0131 \u00f6\u011frendi. Daha sonra Latin ve Yunan dillerini kavrad\u0131. Devrinin en b\u00fcy\u00fck alimlerinden dersler ald\u0131. \ufffcTan\u0131t\u0131m Metni<\/p>\n","protected":false},"excerpt":{"rendered":"<p>\u0130slam d\u00fcnyas\u0131n\u0131n en b\u00fcy\u00fck felsefecilerindendir. Fizikle de u\u011fra\u015fm\u0131\u015f, ses olay\u0131na a\u00e7\u0131kl\u0131k getirmi\u015ftir. Felsefedeki \u015f\u00f6hreti Aristo&#8217;ya yak\u0131nd\u0131r. Baz\u0131 bilginler Aristo&#8217;yu, baz\u0131 bilginler Farab\u0130&#8217;yi \u201cd\u00fcnyan\u0131n en b\u00fcy\u00fck filozofu\u201d<span class=\"excerpt-hellip\"> [\u2026]<\/span><\/p>\n","protected":false},"featured_media":0,"template":"","meta":{"_monsterinsights_skip_tracking":false,"_monsterinsights_sitenote_active":false,"_monsterinsights_sitenote_note":"","_monsterinsights_sitenote_category":0},"product_brand":[],"product_cat":[12370,12304],"product_tag":[],"class_list":{"0":"post-702786","1":"product","2":"type-product","3":"status-publish","5":"product_cat-arastirma-inceleme","6":"product_cat-tarih","7":"pa_tur-kitap","8":"pa_yayinevi-parola-yayinlari","9":"pa_yazar-ali-kuzu","11":"first","12":"instock","13":"sale","14":"shipping-taxable","15":"purchasable","16":"product-type-simple"},"_links":{"self":[{"href":"https:\/\/roveyayinevi.com.tr\/index.php\/wp-json\/wp\/v2\/product\/702786","targetHints":{"allow":["GET"]}}],"collection":[{"href":"https:\/\/roveyayinevi.com.tr\/index.php\/wp-json\/wp\/v2\/product"}],"about":[{"href":"https:\/\/roveyayinevi.com.tr\/index.php\/wp-json\/wp\/v2\/types\/product"}],"wp:attachment":[{"href":"https:\/\/roveyayinevi.com.tr\/index.php\/wp-json\/wp\/v2\/media?parent=702786"}],"wp:term":[{"taxonomy":"product_brand","embeddable":true,"href":"https:\/\/roveyayinevi.com.tr\/index.php\/wp-json\/wp\/v2\/product_brand?post=702786"},{"taxonomy":"product_cat","embeddable":true,"href":"https:\/\/roveyayinevi.com.tr\/index.php\/wp-json\/wp\/v2\/product_cat?post=702786"},{"taxonomy":"product_tag","embeddable":true,"href":"https:\/\/roveyayinevi.com.tr\/index.php\/wp-json\/wp\/v2\/product_tag?post=702786"}],"curies":[{"name":"wp","href":"https:\/\/api.w.org\/{rel}","templated":true}]}}

Bilim Adamlarımız Serisi : Farabi

<p>İslam dünyasının en büyük felsefecilerindendir. Fizikle de uğraşmış, ses olayına açıklık getirmiştir. Felsefedeki şöhreti Aristo&#8217;ya yakındır. Bazı bilginler Aristo&#8217;yu, bazı bilginler Farabİ&#8217;yi “dünyanın en büyük filozofu” sayar. Asıl adı Ebu Nasr Muhammed bin Muhammed bin Tarhan bin Uzluğ&#8217;dur. Türkistan&#8217;ın Farab şehrinde dünyaya gelen Farabi, ilköğrenimini memleketinde yaptı, İran&#8217;da Farsçayı, Bağdat&#8217;ta Arapçayı öğrendi. Daha sonra Latin ve Yunan dillerini kavradı. Devrinin en büyük alimlerinden dersler aldı. ￼Tanıtım Metni</p>

<p>İslam dünyasının en büyük felsefecilerindendir. Fizikle de uğraşmış, ses olayına açıklık getirmiştir. Felsefedeki şöhreti Aristo&#8217;ya yakındır. Bazı bilginler Aristo&#8217;yu, bazı bilginler Farabİ&#8217;yi “dünyanın en büyük filozofu”<span class="excerpt-hellip"> […]</span></p>
