{"id":702772,"date":"2025-08-27T15:18:49","date_gmt":"2025-08-27T12:18:49","guid":{"rendered":"https:\/\/roveyayinevi.com.tr\/index.php\/urun\/karsit-hayat\/"},"modified":"2026-04-16T02:11:51","modified_gmt":"2026-04-15T23:11:51","slug":"karsit-hayat","status":"publish","type":"product","link":"https:\/\/roveyayinevi.com.tr\/index.php\/urun\/karsit-hayat\/","title":{"rendered":"Kar\u015f\u0131t Hayat"},"content":{"rendered":"<p>Philip Roth\u2019un alter ego\u2019su Nathan Zuckerman\u2019\u0131n maceralar\u0131 Kar\u015f\u0131t Hayat\u2019ta \u00e7atallanarak devam ediyor. Kendilerini hayati d\u00f6n\u00fcm noktalar\u0131nda (riskli bir kalp ameliyat\u0131, yeni bir ili\u015fki u\u011fruna eskisini sonland\u0131rmak, al\u0131\u015f\u0131k oldu\u011fundan bamba\u015fka bir toplumsal gruba kat\u0131lmak) bulan karakterlerin tutabilece\u011fi yollar\u0131 yazar Nathan ve di\u015f hekimi karde\u015fi Henry\u2019nin ya\u015fad\u0131klar\u0131 \u00fcst\u00fcnden tekrar tekrar kurgulayan Roth, roman\u0131n\u0131n merkezine bireyin talihini de\u011fi\u015ftirmek u\u011fruna verdi\u011fi m\u00fccadeleyi yerle\u015ftiriyor. Bazen New Jersey\u2019de bir di\u015f\u00e7i muayenehanesi oluyor bu kavgan\u0131n sahnesi, bazen geleneksel bir \u0130ngiliz k\u00f6y\u00fc veya Londra\u2019da bir kilise, bazen de Bat\u0131 \u015eeria\u2019da k\u00fc\u00e7\u00fck bir yerle\u015fim b\u00f6lgesi. Roth\u2019un yazma eylemine ili\u015fkin yorumu olarak da nitelendirilebilecek Kar\u015f\u0131t Hayat\u2019\u0131n birbirini imk\u00e2ns\u0131z k\u0131lan her bir b\u00f6l\u00fcm\u00fc, bir yazar\u0131n eserini kurgularken ne \u00e7ok fikri eleyerek yol ald\u0131\u011f\u0131n\u0131 da g\u00f6steriyor okura.Ya\u015famlar\u0131n\u0131 ne pahas\u0131na olursa olsun yenilemeye soyunanlar\u0131n roman\u0131 Kar\u015f\u0131t Hayat, kurmaca ile ger\u00e7e\u011fin s\u0131n\u0131r\u0131nda b\u0131\u00e7ak s\u0131rt\u0131 bir performans.Postmodern roman\u0131n ba\u015fyap\u0131tlar\u0131ndan biri. Martin Amis Belki de Philip Roth\u2019un en b\u00fcy\u00fck roman\u0131. James Wood<\/p>\n","protected":false},"excerpt":{"rendered":"<p>Philip Roth\u2019un alter ego\u2019su Nathan Zuckerman\u2019\u0131n maceralar\u0131 Kar\u015f\u0131t Hayat\u2019ta \u00e7atallanarak devam ediyor. Kendilerini hayati d\u00f6n\u00fcm noktalar\u0131nda (riskli bir kalp ameliyat\u0131, yeni bir ili\u015fki u\u011fruna eskisini sonland\u0131rmak,<span class=\"excerpt-hellip\"> [\u2026]<\/span><\/p>\n","protected":false},"featured_media":0,"template":"","meta":{"_monsterinsights_skip_tracking":false,"_monsterinsights_sitenote_active":false,"_monsterinsights_sitenote_note":"","_monsterinsights_sitenote_category":0},"product_brand":[],"product_cat":[12291,12711],"product_tag":[],"class_list":{"0":"post-702772","1":"product","2":"type-product","3":"status-publish","5":"product_cat-edebiyat","6":"product_cat-roman-oyku","7":"pa_cilt-ciltsiz","8":"pa_tur-kitap","9":"pa_yayinevi-yapi-kredi-yayinlari","10":"pa_yazar-philip-roth","12":"first","13":"instock","14":"sale","15":"shipping-taxable","16":"purchasable","17":"product-type-simple"},"_links":{"self":[{"href":"https:\/\/roveyayinevi.com.tr\/index.php\/wp-json\/wp\/v2\/product\/702772","targetHints":{"allow":["GET"]}}],"collection":[{"href":"https:\/\/roveyayinevi.com.tr\/index.php\/wp-json\/wp\/v2\/product"}],"about":[{"href":"https:\/\/roveyayinevi.com.tr\/index.php\/wp-json\/wp\/v2\/types\/product"}],"wp:attachment":[{"href":"https:\/\/roveyayinevi.com.tr\/index.php\/wp-json\/wp\/v2\/media?parent=702772"}],"wp:term":[{"taxonomy":"product_brand","embeddable":true,"href":"https:\/\/roveyayinevi.com.tr\/index.php\/wp-json\/wp\/v2\/product_brand?post=702772"},{"taxonomy":"product_cat","embeddable":true,"href":"https:\/\/roveyayinevi.com.tr\/index.php\/wp-json\/wp\/v2\/product_cat?post=702772"},{"taxonomy":"product_tag","embeddable":true,"href":"https:\/\/roveyayinevi.com.tr\/index.php\/wp-json\/wp\/v2\/product_tag?post=702772"}],"curies":[{"name":"wp","href":"https:\/\/api.w.org\/{rel}","templated":true}]}}