{"id":702770,"date":"2025-08-27T15:18:48","date_gmt":"2025-08-27T12:18:48","guid":{"rendered":"https:\/\/roveyayinevi.com.tr\/index.php\/urun\/fizi-k-ve-aynanin-sirri\/"},"modified":"2026-04-16T02:11:51","modified_gmt":"2026-04-15T23:11:51","slug":"fizi-k-ve-aynanin-sirri","status":"publish","type":"product","link":"https:\/\/roveyayinevi.com.tr\/index.php\/urun\/fizi-k-ve-aynanin-sirri\/","title":{"rendered":"Fizi K ve Aynan\u0131n S\u0131rr\u0131"},"content":{"rendered":"<p>Uyan\u0131kken r\u00fcya g\u00f6r\u00fcyor\u00fcm! Bu aynalar beni \u00e7\u0131ld\u0131rtacak! Tahmin etti\u011fimden \u00e7ok daha tuhaflar&#8230;Nas\u0131l bu kadar farkl\u0131 g\u00f6r\u00fcnt\u00fcler yans\u0131tabiliyorlar? Neden bu kadar \u00e7ok \u00e7e\u015fit ayna var? Fizi, aynalar sayesinde, dostu kirpi \u00c7ekirdek&#8217;i yok edebilecek mi? \ufffcTan\u0131t\u0131m Metni<\/p>\n","protected":false},"excerpt":{"rendered":"<p>Uyan\u0131kken r\u00fcya g\u00f6r\u00fcyor\u00fcm! Bu aynalar beni \u00e7\u0131ld\u0131rtacak! Tahmin etti\u011fimden \u00e7ok daha tuhaflar&#8230;Nas\u0131l bu kadar farkl\u0131 g\u00f6r\u00fcnt\u00fcler yans\u0131tabiliyorlar? Neden bu kadar \u00e7ok \u00e7e\u015fit ayna var? Fizi, aynalar<span class=\"excerpt-hellip\"> [\u2026]<\/span><\/p>\n","protected":false},"featured_media":0,"template":"","meta":{"_monsterinsights_skip_tracking":false,"_monsterinsights_sitenote_active":false,"_monsterinsights_sitenote_note":"","_monsterinsights_sitenote_category":0},"product_brand":[],"product_cat":[13829,12274],"product_tag":[],"class_list":{"0":"post-702770","1":"product","2":"type-product","3":"status-publish","5":"product_cat-bilimsel-kitaplar","6":"product_cat-cocuk-ve-genclik-kitaplari","7":"pa_tur-kitap","8":"pa_yayinevi-odtu-gelistirme-vakfi-yayincilik","9":"pa_yazar-virginie-rochetti","11":"first","12":"instock","13":"sale","14":"shipping-taxable","15":"purchasable","16":"product-type-simple"},"_links":{"self":[{"href":"https:\/\/roveyayinevi.com.tr\/index.php\/wp-json\/wp\/v2\/product\/702770","targetHints":{"allow":["GET"]}}],"collection":[{"href":"https:\/\/roveyayinevi.com.tr\/index.php\/wp-json\/wp\/v2\/product"}],"about":[{"href":"https:\/\/roveyayinevi.com.tr\/index.php\/wp-json\/wp\/v2\/types\/product"}],"wp:attachment":[{"href":"https:\/\/roveyayinevi.com.tr\/index.php\/wp-json\/wp\/v2\/media?parent=702770"}],"wp:term":[{"taxonomy":"product_brand","embeddable":true,"href":"https:\/\/roveyayinevi.com.tr\/index.php\/wp-json\/wp\/v2\/product_brand?post=702770"},{"taxonomy":"product_cat","embeddable":true,"href":"https:\/\/roveyayinevi.com.tr\/index.php\/wp-json\/wp\/v2\/product_cat?post=702770"},{"taxonomy":"product_tag","embeddable":true,"href":"https:\/\/roveyayinevi.com.tr\/index.php\/wp-json\/wp\/v2\/product_tag?post=702770"}],"curies":[{"name":"wp","href":"https:\/\/api.w.org\/{rel}","templated":true}]}}