{"id":702749,"date":"2025-08-27T15:18:40","date_gmt":"2025-08-27T12:18:40","guid":{"rendered":"https:\/\/roveyayinevi.com.tr\/index.php\/urun\/mahrem-gizli-belgelerde-turkiyenin-sirlari\/"},"modified":"2026-04-16T02:11:51","modified_gmt":"2026-04-15T23:11:51","slug":"mahrem-gizli-belgelerde-turkiyenin-sirlari","status":"publish","type":"product","link":"https:\/\/roveyayinevi.com.tr\/index.php\/urun\/mahrem-gizli-belgelerde-turkiyenin-sirlari\/","title":{"rendered":"Mahrem &#8211; Gizli Belgelerde T\u00fcrkiye&#8217;nin S\u0131rlar\u0131"},"content":{"rendered":"<p>&#8211; AKP-Cemaat ortakl\u0131\u011f\u0131, bir k\u0131z \u00e7ocu\u011funa tecav\u00fcz dosyas\u0131n\u0131 neden ve nas\u0131l kapatt\u0131? &#8211; F ethullah G\u00fclen\u2019in Pensilvanya\u2019daki evini kimler, neden bast\u0131? &#8211; Emniyet \u0130stihbarat, ABD B\u00fcy\u00fckel\u00e7ili\u011fi\u2019ne Erdo\u011fan\u2019a dair ne s\u00f6yledi? &#8211; Cemaat\u2019in \u0130mam\u0131, hakk\u0131ndaki iddialar\u0131 ilk kez nas\u0131l yan\u0131tlad\u0131? &#8211; Hangi AKP milletvekillerinin \u00f6zel hayatlar\u0131 Washington\u2019a not edildi? &#8211; Erdo\u011fan\u2019a, hangi AKP\u2019lilerin \u201ccinsel kabahatleri\u201dne kar\u015f\u0131 harekete ge\u00e7mesi i\u00e7in bask\u0131 uyguland\u0131? &#8211; Emine Erdo\u011fan\u2019\u0131n Mustafa Sar\u0131g\u00fcl\u2019e vefas\u0131n\u0131n alt\u0131nda ne vard\u0131? &#8211; Hangi Zaman gazetesi yazar\u0131, kar\u0131s\u0131n\u0131 ABD Ba\u015fkonsolosu\u2019na \u015fik\u00e2yet etti? &#8211; ABD hangi konuda Hakan Fidan\u2019\u0131 esefle kar\u015f\u0131lad\u0131\u011f\u0131n\u0131 s\u00f6yledi? &#8211; G\u00fclenciler TSK\u2019daki havuz partilerinde neden bikini giyiyor? &#8211; M\u0130T\u2019in istihbarat\u00e7\u0131 adaylar\u0131na okuttu\u011fu ders kitab\u0131nda neler yaz\u0131yor? &#8211; Hangi \u00fcnl\u00fc gazetecilerin ge\u00e7mi\u015fi isim isim fi\u015flendi? &#8211; \u2018\u00c7ok e\u015flili\u011fi\u2019 M\u0130T belgesine konu olan muhalif parti lideri kim? &#8211; Hangi \u00fcnl\u00fc i\u015fadam\u0131 ABD\u2019li diplomata kendisini \u201cBen Amerika\u2019n\u0131n avukat\u0131y\u0131m\u201d diye tan\u0131tt\u0131? <\/p>\n","protected":false},"excerpt":{"rendered":"<p>&#8211; AKP-Cemaat ortakl\u0131\u011f\u0131, bir k\u0131z \u00e7ocu\u011funa tecav\u00fcz dosyas\u0131n\u0131 neden ve nas\u0131l kapatt\u0131? &#8211; F ethullah G\u00fclen\u2019in Pensilvanya\u2019daki evini kimler, neden bast\u0131? &#8211; Emniyet \u0130stihbarat, ABD B\u00fcy\u00fckel\u00e7ili\u011fi\u2019ne<span class=\"excerpt-hellip\"> [\u2026]<\/span><\/p>\n","protected":false},"featured_media":0,"template":"","meta":{"_monsterinsights_skip_tracking":false,"_monsterinsights_sitenote_active":false,"_monsterinsights_sitenote_note":"","_monsterinsights_sitenote_category":0},"product_brand":[],"product_cat":[12337,14543],"product_tag":[],"class_list":{"0":"post-702749","1":"product","2":"type-product","3":"status-publish","5":"product_cat-politika-siyaset","6":"product_cat-turkiye-siyaseti-ve-politikasi","7":"pa_cilt-ciltsiz","8":"pa_tur-kitap","9":"pa_yayinevi-kirmizi-kedi-yayinevi","10":"pa_yazar-baris-pehlivan","12":"first","13":"instock","14":"sale","15":"shipping-taxable","16":"purchasable","17":"product-type-simple"},"_links":{"self":[{"href":"https:\/\/roveyayinevi.com.tr\/index.php\/wp-json\/wp\/v2\/product\/702749","targetHints":{"allow":["GET"]}}],"collection":[{"href":"https:\/\/roveyayinevi.com.tr\/index.php\/wp-json\/wp\/v2\/product"}],"about":[{"href":"https:\/\/roveyayinevi.com.tr\/index.php\/wp-json\/wp\/v2\/types\/product"}],"wp:attachment":[{"href":"https:\/\/roveyayinevi.com.tr\/index.php\/wp-json\/wp\/v2\/media?parent=702749"}],"wp:term":[{"taxonomy":"product_brand","embeddable":true,"href":"https:\/\/roveyayinevi.com.tr\/index.php\/wp-json\/wp\/v2\/product_brand?post=702749"},{"taxonomy":"product_cat","embeddable":true,"href":"https:\/\/roveyayinevi.com.tr\/index.php\/wp-json\/wp\/v2\/product_cat?post=702749"},{"taxonomy":"product_tag","embeddable":true,"href":"https:\/\/roveyayinevi.com.tr\/index.php\/wp-json\/wp\/v2\/product_tag?post=702749"}],"curies":[{"name":"wp","href":"https:\/\/api.w.org\/{rel}","templated":true}]}}