{"id":702748,"date":"2025-08-27T15:18:40","date_gmt":"2025-08-27T12:18:40","guid":{"rendered":"https:\/\/roveyayinevi.com.tr\/index.php\/urun\/o-tam-metin\/"},"modified":"2026-04-16T02:11:51","modified_gmt":"2026-04-15T23:11:51","slug":"o-tam-metin","status":"publish","type":"product","link":"https:\/\/roveyayinevi.com.tr\/index.php\/urun\/o-tam-metin\/","title":{"rendered":"O (Tam Metin)"},"content":{"rendered":"<p>K\u00fc\u00e7\u00fck bir Amerikan kasabas\u0131 olan Derry\u2019yi di\u011fer kasabalardan farkl\u0131 k\u0131lan \u015fey, kanalizasyon mazgallar\u0131n\u0131n alt\u0131ndaki dehlizlerde ya\u015fayan, kendini kimi zaman k\u00e2buslarda, kimi zaman da ger\u00e7ek hayatta g\u00f6steren bir yarat\u0131\u011f\u0131n, insanlar\u0131 kendi karanl\u0131k d\u00fcnyas\u0131na \u00e7eken esrarengiz bir g\u00fcc\u00fcn varl\u0131\u011f\u0131d\u0131r. Bu korkun\u00e7 yarat\u0131kla uzun y\u0131llar \u00f6nce sava\u015f\u0131p ard\u0131ndan kasabay\u0131 terk eden ve kendilerine yeni bir hayat kurmu\u015f olan yedi \u00e7ocuk, art\u0131k birer yeti\u015fkin olmu\u015f ve ya\u015fad\u0131klar\u0131 deh\u015fet dolu g\u00fcnleri unutmu\u015flard\u0131r. Ancak, an\u0131lar\u0131n\u0131n derinliklerine g\u00f6m\u00fclen yarat\u0131k y\u0131llar sonra yeniden harekete ge\u00e7ince, onunla bir kez daha hesapla\u015fmak zorunda kal\u0131rlar. Ge\u00e7mi\u015fte kalan k\u00e2buslar, \u015fimdiki zamanda korkun\u00e7 bir ger\u00e7e\u011fe d\u00f6n\u00fc\u015fm\u00fc\u015ft\u00fcr art\u0131k.Stephen King\u2019in yaz\u0131m\u0131n\u0131 d\u00f6rt y\u0131lda tamamlad\u0131\u011f\u0131 \u00f6l\u00fcms\u00fcz ba\u015fyap\u0131t\u0131n\u0131n sans\u00fcrs\u00fcz ve eksiksiz metnini okurken tam da Daily Express\u2019in tarif etti\u011fi gibi, kendinizi O\u2019nun karanl\u0131k d\u00fcnyas\u0131nda hissedeceksiniz. <\/p>\n","protected":false},"excerpt":{"rendered":"<p>K\u00fc\u00e7\u00fck bir Amerikan kasabas\u0131 olan Derry\u2019yi di\u011fer kasabalardan farkl\u0131 k\u0131lan \u015fey, kanalizasyon mazgallar\u0131n\u0131n alt\u0131ndaki dehlizlerde ya\u015fayan, kendini kimi zaman k\u00e2buslarda, kimi zaman da ger\u00e7ek hayatta g\u00f6steren<span class=\"excerpt-hellip\"> [\u2026]<\/span><\/p>\n","protected":false},"featured_media":0,"template":"","meta":{"_monsterinsights_skip_tracking":false,"_monsterinsights_sitenote_active":false,"_monsterinsights_sitenote_note":"","_monsterinsights_sitenote_category":0},"product_brand":[],"product_cat":[12291,17033],"product_tag":[],"class_list":{"0":"post-702748","1":"product","2":"type-product","3":"status-publish","5":"product_cat-edebiyat","6":"product_cat-korku-gerilim","7":"pa_cilt-ciltsiz","8":"pa_tur-kitap","9":"pa_yayinevi-altin-kitaplar","10":"pa_yazar-stephen-king","12":"first","13":"instock","14":"sale","15":"shipping-taxable","16":"purchasable","17":"product-type-simple"},"_links":{"self":[{"href":"https:\/\/roveyayinevi.com.tr\/index.php\/wp-json\/wp\/v2\/product\/702748","targetHints":{"allow":["GET"]}}],"collection":[{"href":"https:\/\/roveyayinevi.com.tr\/index.php\/wp-json\/wp\/v2\/product"}],"about":[{"href":"https:\/\/roveyayinevi.com.tr\/index.php\/wp-json\/wp\/v2\/types\/product"}],"wp:attachment":[{"href":"https:\/\/roveyayinevi.com.tr\/index.php\/wp-json\/wp\/v2\/media?parent=702748"}],"wp:term":[{"taxonomy":"product_brand","embeddable":true,"href":"https:\/\/roveyayinevi.com.tr\/index.php\/wp-json\/wp\/v2\/product_brand?post=702748"},{"taxonomy":"product_cat","embeddable":true,"href":"https:\/\/roveyayinevi.com.tr\/index.php\/wp-json\/wp\/v2\/product_cat?post=702748"},{"taxonomy":"product_tag","embeddable":true,"href":"https:\/\/roveyayinevi.com.tr\/index.php\/wp-json\/wp\/v2\/product_tag?post=702748"}],"curies":[{"name":"wp","href":"https:\/\/api.w.org\/{rel}","templated":true}]}}