{"id":702747,"date":"2025-08-27T15:18:39","date_gmt":"2025-08-27T12:18:39","guid":{"rendered":"https:\/\/roveyayinevi.com.tr\/index.php\/urun\/bnin-kelimeleri\/"},"modified":"2026-04-16T02:11:51","modified_gmt":"2026-04-15T23:11:51","slug":"bnin-kelimeleri","status":"publish","type":"product","link":"https:\/\/roveyayinevi.com.tr\/index.php\/urun\/bnin-kelimeleri\/","title":{"rendered":"B&#8217;nin Kelimeleri"},"content":{"rendered":"<p>Herkese merhaba! Ben kelimeler \u00fczerine d\u00fc\u015f\u00fcnmeyi ve onlar\u0131n bana neler hissettirdiklerini yazmay\u0131 \u00e7ok seviyorum.Hatta en b\u00fcy\u00fck hayalim, sadece kendi se\u00e7ti\u011fim kelimelerden olu\u015fan bir s\u00f6zl\u00fck yazmak. Ama kimse bu s\u00f6zl\u00fc\u011f\u00fc benim yazd\u0131\u011f\u0131m\u0131 anlamas\u0131n diye kapa\u011f\u0131nda ismim yaln\u0131zca \u201cB\u201d olarak ge\u00e7ecek! Elbette \u00f6nce annemle babam\u0131n verdi\u011fi habere al\u0131\u015fmam ve s\u0131n\u0131f\u0131m\u0131za yeni gelen k\u0131z y\u00fcz\u00fcnden kar\u0131\u015fan akl\u0131m\u0131 toplamam gerek! <\/p>\n","protected":false},"excerpt":{"rendered":"<p>Herkese merhaba! Ben kelimeler \u00fczerine d\u00fc\u015f\u00fcnmeyi ve onlar\u0131n bana neler hissettirdiklerini yazmay\u0131 \u00e7ok seviyorum.Hatta en b\u00fcy\u00fck hayalim, sadece kendi se\u00e7ti\u011fim kelimelerden olu\u015fan bir s\u00f6zl\u00fck yazmak. Ama<span class=\"excerpt-hellip\"> [\u2026]<\/span><\/p>\n","protected":false},"featured_media":0,"template":"","meta":{"_monsterinsights_skip_tracking":false,"_monsterinsights_sitenote_active":false,"_monsterinsights_sitenote_note":"","_monsterinsights_sitenote_category":0},"product_brand":[],"product_cat":[12275,12274],"product_tag":[],"class_list":{"0":"post-702747","1":"product","2":"type-product","3":"status-publish","5":"product_cat-6-12-yas-kitaplari","6":"product_cat-cocuk-ve-genclik-kitaplari","7":"pa_cilt-ciltsiz","8":"pa_tur-kitap","9":"pa_yayinevi-kirmizi-kedi-yayinevi","10":"pa_yazar-nazli-deniz-guler","12":"first","13":"instock","14":"sale","15":"shipping-taxable","16":"purchasable","17":"product-type-simple"},"_links":{"self":[{"href":"https:\/\/roveyayinevi.com.tr\/index.php\/wp-json\/wp\/v2\/product\/702747","targetHints":{"allow":["GET"]}}],"collection":[{"href":"https:\/\/roveyayinevi.com.tr\/index.php\/wp-json\/wp\/v2\/product"}],"about":[{"href":"https:\/\/roveyayinevi.com.tr\/index.php\/wp-json\/wp\/v2\/types\/product"}],"wp:attachment":[{"href":"https:\/\/roveyayinevi.com.tr\/index.php\/wp-json\/wp\/v2\/media?parent=702747"}],"wp:term":[{"taxonomy":"product_brand","embeddable":true,"href":"https:\/\/roveyayinevi.com.tr\/index.php\/wp-json\/wp\/v2\/product_brand?post=702747"},{"taxonomy":"product_cat","embeddable":true,"href":"https:\/\/roveyayinevi.com.tr\/index.php\/wp-json\/wp\/v2\/product_cat?post=702747"},{"taxonomy":"product_tag","embeddable":true,"href":"https:\/\/roveyayinevi.com.tr\/index.php\/wp-json\/wp\/v2\/product_tag?post=702747"}],"curies":[{"name":"wp","href":"https:\/\/api.w.org\/{rel}","templated":true}]}}