{"id":702697,"date":"2025-08-27T15:18:19","date_gmt":"2025-08-27T12:18:19","guid":{"rendered":"https:\/\/roveyayinevi.com.tr\/index.php\/urun\/ustun-zekali-ve-yetenekli-ogrencilerin-bulundugu-siniflarda-karma-ogretim\/"},"modified":"2026-04-16T02:11:49","modified_gmt":"2026-04-15T23:11:49","slug":"ustun-zekali-ve-yetenekli-ogrencilerin-bulundugu-siniflarda-karma-ogretim","status":"publish","type":"product","link":"https:\/\/roveyayinevi.com.tr\/index.php\/urun\/ustun-zekali-ve-yetenekli-ogrencilerin-bulundugu-siniflarda-karma-ogretim\/","title":{"rendered":"\u00dcst\u00fcn Zekal\u0131 Ve Yetenekli \u00d6\u011frencilerin Bulundu\u011fu S\u0131n\u0131flarda Karma \u00d6\u011fretim"},"content":{"rendered":"<p>\u00d6\u011frencilerin farkl\u0131 h\u0131zlarda \u00f6\u011frendi\u011fini, kompleks ve soyut kavramlar\u0131 anlamada farkl\u0131 yeteneklere sahip olduklar\u0131n\u0131 bilmek, onlar\u0131n ayn\u0131 ya\u015fta ayn\u0131 boyda olamayacaklar\u0131n\u0131 bilmek gibi bir ger\u00e7ekliktir. Bu ger\u00e7ekli\u011fi sa\u011flamak i\u00e7in \u00f6\u011frenciler, farkl\u0131 \u00f6\u011frenci ihtiya\u00e7lar\u0131na g\u00f6re, kullan\u0131c\u0131 dostu bir ortam yaratabilirler. Bu arada her \u00f6\u011frencinin g\u00f6revi rekabet etmek ve geli\u015fmek,\u00f6\u011fretmenin g\u00f6revi de bu rekabeti ve gelil\u015fmeyi tan\u0131mlamakt\u0131r. <\/p>\n","protected":false},"excerpt":{"rendered":"<p>\u00d6\u011frencilerin farkl\u0131 h\u0131zlarda \u00f6\u011frendi\u011fini, kompleks ve soyut kavramlar\u0131 anlamada farkl\u0131 yeteneklere sahip olduklar\u0131n\u0131 bilmek, onlar\u0131n ayn\u0131 ya\u015fta ayn\u0131 boyda olamayacaklar\u0131n\u0131 bilmek gibi bir ger\u00e7ekliktir. Bu ger\u00e7ekli\u011fi<span class=\"excerpt-hellip\"> [\u2026]<\/span><\/p>\n","protected":false},"featured_media":0,"template":"","meta":{"_monsterinsights_skip_tracking":false,"_monsterinsights_sitenote_active":false,"_monsterinsights_sitenote_note":"","_monsterinsights_sitenote_category":0},"product_brand":[],"product_cat":[12312,12304],"product_tag":[],"class_list":{"0":"post-702697","1":"product","2":"type-product","3":"status-publish","5":"product_cat-diger","6":"product_cat-tarih","7":"pa_cilt-ciltsiz","8":"pa_tur-kitap","9":"pa_yayinevi-ani-yayincilik","10":"pa_yazar-caroll-ann-tomlinson","12":"first","13":"instock","14":"sale","15":"shipping-taxable","16":"purchasable","17":"product-type-simple"},"_links":{"self":[{"href":"https:\/\/roveyayinevi.com.tr\/index.php\/wp-json\/wp\/v2\/product\/702697","targetHints":{"allow":["GET"]}}],"collection":[{"href":"https:\/\/roveyayinevi.com.tr\/index.php\/wp-json\/wp\/v2\/product"}],"about":[{"href":"https:\/\/roveyayinevi.com.tr\/index.php\/wp-json\/wp\/v2\/types\/product"}],"wp:attachment":[{"href":"https:\/\/roveyayinevi.com.tr\/index.php\/wp-json\/wp\/v2\/media?parent=702697"}],"wp:term":[{"taxonomy":"product_brand","embeddable":true,"href":"https:\/\/roveyayinevi.com.tr\/index.php\/wp-json\/wp\/v2\/product_brand?post=702697"},{"taxonomy":"product_cat","embeddable":true,"href":"https:\/\/roveyayinevi.com.tr\/index.php\/wp-json\/wp\/v2\/product_cat?post=702697"},{"taxonomy":"product_tag","embeddable":true,"href":"https:\/\/roveyayinevi.com.tr\/index.php\/wp-json\/wp\/v2\/product_tag?post=702697"}],"curies":[{"name":"wp","href":"https:\/\/api.w.org\/{rel}","templated":true}]}}