{"id":702679,"date":"2025-08-27T15:18:12","date_gmt":"2025-08-27T12:18:12","guid":{"rendered":"https:\/\/roveyayinevi.com.tr\/index.php\/urun\/assassins-creed-5-cilt-el-cakr\/"},"modified":"2026-04-16T02:11:49","modified_gmt":"2026-04-15T23:11:49","slug":"assassins-creed-5-cilt-el-cakr","status":"publish","type":"product","link":"https:\/\/roveyayinevi.com.tr\/index.php\/urun\/assassins-creed-5-cilt-el-cakr\/","title":{"rendered":"Assassin\u2019s Creed 5. Cilt: El Cakr"},"content":{"rendered":"<p>G\u00f6revi Desmond Miles\u2019dan devralan Jonathan Hawk, suikast\u00e7\u0131lar\u0131n i\u00e7ine s\u0131zm\u0131\u015f olan casusun kimli\u011fini a\u00e7\u0131\u011fa \u00e7\u0131kar\u0131nca, Hawk\u2019\u0131n ge\u00e7mi\u015f ki\u015fili\u011fi El Cakr da \u0130sis\u2019in Asas\u0131\u2019n\u0131 ele ge\u00e7irmek i\u00e7in Tap\u0131nak\u00e7\u0131larla amans\u0131z bir m\u00fccadeleye giri\u015fiyor. Kendisine sahip olana inan\u0131lmaz g\u00fc\u00e7ler bah\u015feden bu kutsal asa, Sultan An Nas\u0131r Muhammed\u2019in \u00f6ld\u00fcr\u00fclmesiyle karma\u015faya s\u00fcr\u00fcklenen M\u0131s\u0131r\u2019da d\u00fczen ve bar\u0131\u015f\u0131n tekrar h\u00fck\u00fcm s\u00fcrmesini sa\u011flayabilecek yegane \u015fey\u2026 <\/p>\n","protected":false},"excerpt":{"rendered":"<p>G\u00f6revi Desmond Miles\u2019dan devralan Jonathan Hawk, suikast\u00e7\u0131lar\u0131n i\u00e7ine s\u0131zm\u0131\u015f olan casusun kimli\u011fini a\u00e7\u0131\u011fa \u00e7\u0131kar\u0131nca, Hawk\u2019\u0131n ge\u00e7mi\u015f ki\u015fili\u011fi El Cakr da \u0130sis\u2019in Asas\u0131\u2019n\u0131 ele ge\u00e7irmek i\u00e7in Tap\u0131nak\u00e7\u0131larla<span class=\"excerpt-hellip\"> [\u2026]<\/span><\/p>\n","protected":false},"featured_media":0,"template":"","meta":{"_monsterinsights_skip_tracking":false,"_monsterinsights_sitenote_active":false,"_monsterinsights_sitenote_note":"","_monsterinsights_sitenote_category":0},"product_brand":[],"product_cat":[12416,12291],"product_tag":[],"class_list":{"0":"post-702679","1":"product","2":"type-product","3":"status-publish","5":"product_cat-cizgi-roman","6":"product_cat-edebiyat","7":"pa_tur-kitap","8":"pa_yayinevi-akil-celen-kitaplar","9":"pa_yazar-eric-corbeyran","11":"first","12":"instock","13":"sale","14":"shipping-taxable","15":"purchasable","16":"product-type-simple"},"_links":{"self":[{"href":"https:\/\/roveyayinevi.com.tr\/index.php\/wp-json\/wp\/v2\/product\/702679","targetHints":{"allow":["GET"]}}],"collection":[{"href":"https:\/\/roveyayinevi.com.tr\/index.php\/wp-json\/wp\/v2\/product"}],"about":[{"href":"https:\/\/roveyayinevi.com.tr\/index.php\/wp-json\/wp\/v2\/types\/product"}],"wp:attachment":[{"href":"https:\/\/roveyayinevi.com.tr\/index.php\/wp-json\/wp\/v2\/media?parent=702679"}],"wp:term":[{"taxonomy":"product_brand","embeddable":true,"href":"https:\/\/roveyayinevi.com.tr\/index.php\/wp-json\/wp\/v2\/product_brand?post=702679"},{"taxonomy":"product_cat","embeddable":true,"href":"https:\/\/roveyayinevi.com.tr\/index.php\/wp-json\/wp\/v2\/product_cat?post=702679"},{"taxonomy":"product_tag","embeddable":true,"href":"https:\/\/roveyayinevi.com.tr\/index.php\/wp-json\/wp\/v2\/product_tag?post=702679"}],"curies":[{"name":"wp","href":"https:\/\/api.w.org\/{rel}","templated":true}]}}