{"id":702659,"date":"2025-08-27T15:18:05","date_gmt":"2025-08-27T12:18:05","guid":{"rendered":"https:\/\/roveyayinevi.com.tr\/index.php\/urun\/dehset-hikayeleri-uclemesi\/"},"modified":"2026-04-08T02:15:12","modified_gmt":"2026-04-07T23:15:12","slug":"dehset-hikayeleri-uclemesi","status":"publish","type":"product","link":"https:\/\/roveyayinevi.com.tr\/index.php\/urun\/dehset-hikayeleri-uclemesi\/","title":{"rendered":"Deh\u015fet Hikayeleri \u00dc\u00e7lemesi"},"content":{"rendered":"<p>Korku edebiyat\u0131na gotik \u00f6\u011felerle bezeli \u00e7ada\u015f bir yorum kazand\u0131ran Chris Priestley&#8217;in, d\u00fcnya \u00e7ap\u0131nda b\u00fcy\u00fck ilgi g\u00f6ren Montague Amca&#8217;n\u0131n Deh\u015fet Hikayeleri, Kara Gemi&#8217;den Deh\u015fet Hikayeleri ve T\u00fcnelin A\u011fz\u0131ndan Deh\u015fet Hikayeleri \u00fc\u00e7lemesi, indirimli fiyat avantaj\u0131 ve \u00f6zel saklama kutusuyla set halinde sat\u0131\u015fa sunuluyor. <\/p>\n","protected":false},"excerpt":{"rendered":"<p>Korku edebiyat\u0131na gotik \u00f6\u011felerle bezeli \u00e7ada\u015f bir yorum kazand\u0131ran Chris Priestley&#8217;in, d\u00fcnya \u00e7ap\u0131nda b\u00fcy\u00fck ilgi g\u00f6ren Montague Amca&#8217;n\u0131n Deh\u015fet Hikayeleri, Kara Gemi&#8217;den Deh\u015fet Hikayeleri ve T\u00fcnelin<span class=\"excerpt-hellip\"> [\u2026]<\/span><\/p>\n","protected":false},"featured_media":0,"template":"","meta":{"_monsterinsights_skip_tracking":false,"_monsterinsights_sitenote_active":false,"_monsterinsights_sitenote_note":"","_monsterinsights_sitenote_category":0},"product_brand":[],"product_cat":[12291,12711],"product_tag":[],"class_list":{"0":"post-702659","1":"product","2":"type-product","3":"status-publish","5":"product_cat-edebiyat","6":"product_cat-roman-oyku","7":"pa_tur-kitap","8":"pa_yayinevi-tudem-yayinlari","9":"pa_yazar-chris-priestley","11":"first","12":"instock","13":"sale","14":"shipping-taxable","15":"purchasable","16":"product-type-simple"},"_links":{"self":[{"href":"https:\/\/roveyayinevi.com.tr\/index.php\/wp-json\/wp\/v2\/product\/702659","targetHints":{"allow":["GET"]}}],"collection":[{"href":"https:\/\/roveyayinevi.com.tr\/index.php\/wp-json\/wp\/v2\/product"}],"about":[{"href":"https:\/\/roveyayinevi.com.tr\/index.php\/wp-json\/wp\/v2\/types\/product"}],"wp:attachment":[{"href":"https:\/\/roveyayinevi.com.tr\/index.php\/wp-json\/wp\/v2\/media?parent=702659"}],"wp:term":[{"taxonomy":"product_brand","embeddable":true,"href":"https:\/\/roveyayinevi.com.tr\/index.php\/wp-json\/wp\/v2\/product_brand?post=702659"},{"taxonomy":"product_cat","embeddable":true,"href":"https:\/\/roveyayinevi.com.tr\/index.php\/wp-json\/wp\/v2\/product_cat?post=702659"},{"taxonomy":"product_tag","embeddable":true,"href":"https:\/\/roveyayinevi.com.tr\/index.php\/wp-json\/wp\/v2\/product_tag?post=702659"}],"curies":[{"name":"wp","href":"https:\/\/api.w.org\/{rel}","templated":true}]}}