{"id":702647,"date":"2025-08-27T15:18:00","date_gmt":"2025-08-27T12:18:00","guid":{"rendered":"https:\/\/roveyayinevi.com.tr\/index.php\/urun\/buyuk-sozcuk-fabrikasi\/"},"modified":"2026-04-16T02:11:48","modified_gmt":"2026-04-15T23:11:48","slug":"buyuk-sozcuk-fabrikasi","status":"publish","type":"product","link":"https:\/\/roveyayinevi.com.tr\/index.php\/urun\/buyuk-sozcuk-fabrikasi\/","title":{"rendered":"B\u00fcy\u00fck S\u00f6zc\u00fck Fabrikas\u0131"},"content":{"rendered":"<p>Bir \u00fclke vard\u0131 ki orada ya\u015fayan insanlar neredeyse hi\u00e7 konu\u015fmazlard\u0131. Bu b\u00fcy\u00fck s\u00f6zc\u00fck fabrikas\u0131n\u0131n \u00fclkesidir. Bu garip \u00fclkede s\u00f6zc\u00fckleri s\u00f6yleyebilmek i\u00e7in onlar\u0131 sat\u0131n almak gerekirmi\u015f.   Kalbini g\u00fczel Cemile\u2019ye a\u00e7abilmesi i\u00e7in k\u00fc\u00e7\u00fck \u00d6zg\u00fcr\u2019e s\u00f6zc\u00fckler gerekiyor. Ama nas\u0131l? \u00c7\u00fcnk\u00fc s\u00f6ylemek istediklerinin t\u00fcm\u00fc bir servet de\u011ferinde\u2026 <\/p>\n","protected":false},"excerpt":{"rendered":"<p>Bir \u00fclke vard\u0131 ki orada ya\u015fayan insanlar neredeyse hi\u00e7 konu\u015fmazlard\u0131. Bu b\u00fcy\u00fck s\u00f6zc\u00fck fabrikas\u0131n\u0131n \u00fclkesidir. Bu garip \u00fclkede s\u00f6zc\u00fckleri s\u00f6yleyebilmek i\u00e7in onlar\u0131 sat\u0131n almak gerekirmi\u015f. Kalbini<span class=\"excerpt-hellip\"> [\u2026]<\/span><\/p>\n","protected":false},"featured_media":0,"template":"","meta":{"_monsterinsights_skip_tracking":false,"_monsterinsights_sitenote_active":false,"_monsterinsights_sitenote_note":"","_monsterinsights_sitenote_category":0},"product_brand":[],"product_cat":[12274,12523],"product_tag":[],"class_list":{"0":"post-702647","1":"product","2":"type-product","3":"status-publish","5":"product_cat-cocuk-ve-genclik-kitaplari","6":"product_cat-masallar","7":"pa_cilt-ciltsiz","8":"pa_tur-kitap","9":"pa_yayinevi-aylak-kitap","10":"pa_yazar-agnes-de-lestrade","12":"first","13":"instock","14":"sale","15":"shipping-taxable","16":"purchasable","17":"product-type-simple"},"_links":{"self":[{"href":"https:\/\/roveyayinevi.com.tr\/index.php\/wp-json\/wp\/v2\/product\/702647","targetHints":{"allow":["GET"]}}],"collection":[{"href":"https:\/\/roveyayinevi.com.tr\/index.php\/wp-json\/wp\/v2\/product"}],"about":[{"href":"https:\/\/roveyayinevi.com.tr\/index.php\/wp-json\/wp\/v2\/types\/product"}],"wp:attachment":[{"href":"https:\/\/roveyayinevi.com.tr\/index.php\/wp-json\/wp\/v2\/media?parent=702647"}],"wp:term":[{"taxonomy":"product_brand","embeddable":true,"href":"https:\/\/roveyayinevi.com.tr\/index.php\/wp-json\/wp\/v2\/product_brand?post=702647"},{"taxonomy":"product_cat","embeddable":true,"href":"https:\/\/roveyayinevi.com.tr\/index.php\/wp-json\/wp\/v2\/product_cat?post=702647"},{"taxonomy":"product_tag","embeddable":true,"href":"https:\/\/roveyayinevi.com.tr\/index.php\/wp-json\/wp\/v2\/product_tag?post=702647"}],"curies":[{"name":"wp","href":"https:\/\/api.w.org\/{rel}","templated":true}]}}